{"id":894,"date":"2013-09-20T02:17:45","date_gmt":"2013-09-20T00:17:45","guid":{"rendered":"http:\/\/www.augen-blicke-afrika.de\/blog\/?page_id=894"},"modified":"2025-11-06T11:13:49","modified_gmt":"2025-11-06T10:13:49","slug":"best-african-shorts","status":"publish","type":"page","link":"https:\/\/www.augen-blicke-afrika.de\/blog\/archiv\/archiv-2013\/filme-2013\/best-african-shorts\/","title":{"rendered":"The Best African Shorts"},"content":{"rendered":"<style> .entry-title {display: block; margin: 0 0 -3% -6%;}<\/style>\n<p>In diesem Block zeigen wir einige der besten Kurzfilme vom afrikanischen Kontinent, die alle preisgekr\u00f6nt wurden. Es sind filmische Meisterwerke, die sich durch poetische Bilder, exzellente Kameraf\u00fchrung und gekonnte Montage auszeichnen.<\/p>\n<p><strong>Garagouz <\/strong><\/p>\n<p><em>Algerien&nbsp;2010, R.: Abdnour Zahzah,<\/em><br \/>\n<em> Kurzfilm, 24 Min., OF m. engl. UT<\/em><\/p>\n<p>Die gesellschaftskritische Parabel erz\u00e4hlt die Geschichte des Puppenspielers Mokhtar und seines Sohns Nabil, die mit ihrem alten Minibus in abgelegene Schulen in den algerischen Bergen fahren. Auf ihrer Reise begegnen sie gastfreundlichen Menschen, aber auch korrupten Polizisten und religi\u00f6sen Fanatikern, die durch ihr jeweiliges Verhalten den Zustand der algerischen Gesellschaft charakterisieren.<\/p>\n<p>Beim FESPACO 2011 als bester Kurzfilm ausgezeichnet.<\/p>\n<p><strong><br \/>\nSabbat El A\u00efd &#8211; My shoes<\/strong><\/p>\n<p><em>Tunesien 2012, R.: Anis Lasoued,<\/em><br \/>\n<em> Kurzfilm, 30 Min., OF m. engl. UT<\/em><\/p>\n<p>Der neunj\u00e4hrige Ahmed lebt auf dem Land und ist ein begeisterter Anh\u00e4nger von Wettl\u00e4ufen. Kurz vor dem Fest Ramadan sieht er Schuhe, mit denen er sich vorstellt, noch viel schneller laufen zu k\u00f6nnen. Doch der Vater kann ihm diesen Wunsch nicht erf\u00fcllen.<\/p>\n<p><strong><\/strong>Anis Lasoued gewinnt beim FESPACO 2013 den ersten Preis f\u00fcr Kurzfilme.<\/p>\n<p><strong><br \/>\nQuand ils dorment<\/strong><\/p>\n<p><em>Marokko 2012, R.: Maryam Touzani,<\/em><br \/>\n<em> Kurzfilm, 18 Min., OF m. engl. UT<\/em><\/p>\n<p>Die 8-j\u00e4hrige Sara liebt ihren Gro\u00dfvater. Als er unerwartet stirbt, sucht sie einen Weg, sich trotz religi\u00f6ser Konventionen von ihm zu verabschieden. Der Film greift ein universelles Thema in einer uns fremden Kultur auf.<\/p>\n<p>Pr\u00e4dikat der \u00d6kumenischen Jury f\u00fcr diesen Film im Internationalen Kinder- und Jugendfilmwettbewerb<\/p>\n<p><strong>Dankumba<\/strong><\/p>\n<p><em>Frankreich \/ Mali 2011, R.: Bakary Diallo,<br \/>\nKurzfilm, 12 Min., OF Bambara<\/em><\/p>\n<p>Dankumba bezeichnet ein bestimmtes Ritual, aber auch einen \u00f6ffentlichen Platz f\u00fcr Opfergaben. Der Film zeigt in humorvoller Weise und fast ohne Worte den Einfluss von Religion und Aberglaube auf den Alltag.<\/p>\n<p>\u201eDakumba\u201c lief auf zahlreichen Kurzfilmfestivals.<\/p>\n<p><a href=\"javascript:history.back();\">Zur\u00fcck<\/a><\/p>\n","protected":false},"excerpt":{"rendered":"<p>In diesem Block zeigen wir einige der besten Kurzfilme vom afrikanischen Kontinent, die alle preisgekr\u00f6nt wurden. Es sind filmische Meisterwerke, die sich durch poetische Bilder, exzellente Kameraf\u00fchrung und gekonnte Montage auszeichnen. Garagouz Algerien&nbsp;2010, R.: Abdnour Zahzah, Kurzfilm, 24 Min., OF &hellip; <a href=\"https:\/\/www.augen-blicke-afrika.de\/blog\/archiv\/archiv-2013\/filme-2013\/best-african-shorts\/\">Weiterlesen <span class=\"meta-nav\">&rarr;<\/span><\/a><\/p>\n","protected":false},"author":1,"featured_media":800,"parent":737,"menu_order":0,"comment_status":"closed","ping_status":"closed","template":"afrika2013.php","meta":{"footnotes":""},"class_list":["post-894","page","type-page","status-publish","has-post-thumbnail","hentry"],"_links":{"self":[{"href":"https:\/\/www.augen-blicke-afrika.de\/blog\/wp-json\/wp\/v2\/pages\/894","targetHints":{"allow":["GET"]}}],"collection":[{"href":"https:\/\/www.augen-blicke-afrika.de\/blog\/wp-json\/wp\/v2\/pages"}],"about":[{"href":"https:\/\/www.augen-blicke-afrika.de\/blog\/wp-json\/wp\/v2\/types\/page"}],"author":[{"embeddable":true,"href":"https:\/\/www.augen-blicke-afrika.de\/blog\/wp-json\/wp\/v2\/users\/1"}],"replies":[{"embeddable":true,"href":"https:\/\/www.augen-blicke-afrika.de\/blog\/wp-json\/wp\/v2\/comments?post=894"}],"version-history":[{"count":9,"href":"https:\/\/www.augen-blicke-afrika.de\/blog\/wp-json\/wp\/v2\/pages\/894\/revisions"}],"predecessor-version":[{"id":12695,"href":"https:\/\/www.augen-blicke-afrika.de\/blog\/wp-json\/wp\/v2\/pages\/894\/revisions\/12695"}],"up":[{"embeddable":true,"href":"https:\/\/www.augen-blicke-afrika.de\/blog\/wp-json\/wp\/v2\/pages\/737"}],"wp:featuredmedia":[{"embeddable":true,"href":"https:\/\/www.augen-blicke-afrika.de\/blog\/wp-json\/wp\/v2\/media\/800"}],"wp:attachment":[{"href":"https:\/\/www.augen-blicke-afrika.de\/blog\/wp-json\/wp\/v2\/media?parent=894"}],"curies":[{"name":"wp","href":"https:\/\/api.w.org\/{rel}","templated":true}]}}