{"id":8626,"date":"2024-11-12T10:40:42","date_gmt":"2024-11-12T09:40:42","guid":{"rendered":"https:\/\/www.augen-blicke-afrika.de\/blog\/?page_id=8626"},"modified":"2024-11-13T09:45:40","modified_gmt":"2024-11-13T08:45:40","slug":"restaurant","status":"publish","type":"page","link":"https:\/\/www.augen-blicke-afrika.de\/blog\/restaurant\/","title":{"rendered":"Restaurant"},"content":{"rendered":"\n<div class=\"wp-block-cover\" style=\"min-height:294px;aspect-ratio:unset;\"><span aria-hidden=\"true\" class=\"wp-block-cover__background has-background-dim-20 has-background-dim\"><\/span><img loading=\"lazy\" decoding=\"async\" width=\"1193\" height=\"537\" class=\"wp-block-cover__image-background wp-image-8672\" alt=\"\" src=\"http:\/\/www.augen-blicke-afrika.de\/blog\/wp-content\/uploads\/2024\/11\/Gaeste-01.jpg\" style=\"object-position:98% 51%\" data-object-fit=\"cover\" data-object-position=\"98% 51%\" srcset=\"https:\/\/www.augen-blicke-afrika.de\/blog\/wp-content\/uploads\/2024\/11\/Gaeste-01.jpg 1193w, https:\/\/www.augen-blicke-afrika.de\/blog\/wp-content\/uploads\/2024\/11\/Gaeste-01-300x135.jpg 300w, https:\/\/www.augen-blicke-afrika.de\/blog\/wp-content\/uploads\/2024\/11\/Gaeste-01-1024x461.jpg 1024w, https:\/\/www.augen-blicke-afrika.de\/blog\/wp-content\/uploads\/2024\/11\/Gaeste-01-768x346.jpg 768w, https:\/\/www.augen-blicke-afrika.de\/blog\/wp-content\/uploads\/2024\/11\/Gaeste-01-500x225.jpg 500w\" sizes=\"auto, (max-width: 1193px) 100vw, 1193px\" \/><div class=\"wp-block-cover__inner-container is-layout-constrained wp-block-cover-is-layout-constrained\">\n<p class=\"has-text-align-center has-large-font-size\"><br>&nbsp;<br>&nbsp;<br>Restaurant<br><strong>Gekreuzte M\u00f6hrchen<\/strong><\/p>\n<\/div><\/div>\n\n\n\n<p><\/p>\n\n\n\n<p class=\"just\"><br>W\u00e4hrend des Filmfestivals bieten wir euch nicht nur diverse Filme, sondern auch afrikansiche Gerichte und Getr\u00e4nke. Neben dem Studio Kino k\u00f6nnt ihr im Restaurant&nbsp;<em>Gekreuzte M\u00f6hrchen<\/em>&nbsp;vor oder nach dem Film z.B. Couscous mit Erdnussso\u00dfe, Kochbananen und Bohnen essen. Es gibt verschiedene Gerichte mit Gem\u00fcse, Fisch oder Fleisch. Dazu diverse Biersorten aus Namibia, Angola, Ghana, Nigeria etc. und leckere Saftschorlen. Wir freuen uns auf euren Besuch!<br>&nbsp;<\/p>\n\n\n\n<figure class=\"wp-block-gallery has-nested-images columns-default is-cropped wp-block-gallery-1 is-layout-flex wp-block-gallery-is-layout-flex\">\n<figure class=\"wp-block-image size-large\"><a href=\"https:\/\/www.augen-blicke-afrika.de\/blog\/wp-content\/uploads\/2024\/11\/Koechinnen.jpeg\"><img loading=\"lazy\" decoding=\"async\" width=\"768\" height=\"1024\" data-id=\"8637\" src=\"https:\/\/www.augen-blicke-afrika.de\/blog\/wp-content\/uploads\/2024\/11\/Koechinnen-768x1024.jpeg\" alt=\"\" class=\"wp-image-8637\" srcset=\"https:\/\/www.augen-blicke-afrika.de\/blog\/wp-content\/uploads\/2024\/11\/Koechinnen-768x1024.jpeg 768w, https:\/\/www.augen-blicke-afrika.de\/blog\/wp-content\/uploads\/2024\/11\/Koechinnen-225x300.jpeg 225w, https:\/\/www.augen-blicke-afrika.de\/blog\/wp-content\/uploads\/2024\/11\/Koechinnen-1152x1536.jpeg 1152w, https:\/\/www.augen-blicke-afrika.de\/blog\/wp-content\/uploads\/2024\/11\/Koechinnen.jpeg 1200w\" sizes=\"auto, (max-width: 768px) 100vw, 768px\" \/><\/a><\/figure>\n\n\n\n<figure class=\"wp-block-image size-large\"><a href=\"https:\/\/www.augen-blicke-afrika.de\/blog\/wp-content\/uploads\/2024\/11\/Koechin.jpg\"><img loading=\"lazy\" decoding=\"async\" width=\"1024\" height=\"768\" data-id=\"8636\" src=\"https:\/\/www.augen-blicke-afrika.de\/blog\/wp-content\/uploads\/2024\/11\/Koechin-1024x768.jpg\" alt=\"\" class=\"wp-image-8636\" srcset=\"https:\/\/www.augen-blicke-afrika.de\/blog\/wp-content\/uploads\/2024\/11\/Koechin-1024x768.jpg 1024w, https:\/\/www.augen-blicke-afrika.de\/blog\/wp-content\/uploads\/2024\/11\/Koechin-300x225.jpg 300w, https:\/\/www.augen-blicke-afrika.de\/blog\/wp-content\/uploads\/2024\/11\/Koechin-768x576.jpg 768w, https:\/\/www.augen-blicke-afrika.de\/blog\/wp-content\/uploads\/2024\/11\/Koechin-1536x1152.jpg 1536w, https:\/\/www.augen-blicke-afrika.de\/blog\/wp-content\/uploads\/2024\/11\/Koechin-400x300.jpg 400w, https:\/\/www.augen-blicke-afrika.de\/blog\/wp-content\/uploads\/2024\/11\/Koechin.jpg 1600w\" sizes=\"auto, (max-width: 1024px) 100vw, 1024px\" \/><\/a><\/figure>\n\n\n\n<figure class=\"wp-block-image size-large\"><a href=\"https:\/\/www.augen-blicke-afrika.de\/blog\/wp-content\/uploads\/2024\/11\/kochen.jpeg\"><img loading=\"lazy\" decoding=\"async\" width=\"768\" height=\"1024\" data-id=\"8635\" src=\"https:\/\/www.augen-blicke-afrika.de\/blog\/wp-content\/uploads\/2024\/11\/kochen-768x1024.jpeg\" alt=\"\" class=\"wp-image-8635\" srcset=\"https:\/\/www.augen-blicke-afrika.de\/blog\/wp-content\/uploads\/2024\/11\/kochen-768x1024.jpeg 768w, https:\/\/www.augen-blicke-afrika.de\/blog\/wp-content\/uploads\/2024\/11\/kochen-225x300.jpeg 225w, https:\/\/www.augen-blicke-afrika.de\/blog\/wp-content\/uploads\/2024\/11\/kochen-1152x1536.jpeg 1152w, https:\/\/www.augen-blicke-afrika.de\/blog\/wp-content\/uploads\/2024\/11\/kochen.jpeg 1200w\" sizes=\"auto, (max-width: 768px) 100vw, 768px\" \/><\/a><\/figure>\n\n\n\n<figure class=\"wp-block-image size-large\"><a href=\"https:\/\/www.augen-blicke-afrika.de\/blog\/wp-content\/uploads\/2024\/11\/Kochbananen.jpeg\"><img loading=\"lazy\" decoding=\"async\" width=\"768\" height=\"1024\" data-id=\"8634\" src=\"https:\/\/www.augen-blicke-afrika.de\/blog\/wp-content\/uploads\/2024\/11\/Kochbananen-768x1024.jpeg\" alt=\"\" class=\"wp-image-8634\" srcset=\"https:\/\/www.augen-blicke-afrika.de\/blog\/wp-content\/uploads\/2024\/11\/Kochbananen-768x1024.jpeg 768w, https:\/\/www.augen-blicke-afrika.de\/blog\/wp-content\/uploads\/2024\/11\/Kochbananen-225x300.jpeg 225w, https:\/\/www.augen-blicke-afrika.de\/blog\/wp-content\/uploads\/2024\/11\/Kochbananen-1152x1536.jpeg 1152w, https:\/\/www.augen-blicke-afrika.de\/blog\/wp-content\/uploads\/2024\/11\/Kochbananen.jpeg 1200w\" sizes=\"auto, (max-width: 768px) 100vw, 768px\" \/><\/a><\/figure>\n\n\n\n<figure class=\"wp-block-image size-large\"><a href=\"https:\/\/www.augen-blicke-afrika.de\/blog\/wp-content\/uploads\/2024\/11\/Getraenke.jpg\"><img loading=\"lazy\" decoding=\"async\" width=\"1024\" height=\"346\" data-id=\"8633\" src=\"https:\/\/www.augen-blicke-afrika.de\/blog\/wp-content\/uploads\/2024\/11\/Getraenke-1024x346.jpg\" alt=\"\" class=\"wp-image-8633\" srcset=\"https:\/\/www.augen-blicke-afrika.de\/blog\/wp-content\/uploads\/2024\/11\/Getraenke-1024x346.jpg 1024w, https:\/\/www.augen-blicke-afrika.de\/blog\/wp-content\/uploads\/2024\/11\/Getraenke-300x101.jpg 300w, https:\/\/www.augen-blicke-afrika.de\/blog\/wp-content\/uploads\/2024\/11\/Getraenke-768x259.jpg 768w, https:\/\/www.augen-blicke-afrika.de\/blog\/wp-content\/uploads\/2024\/11\/Getraenke-500x169.jpg 500w, https:\/\/www.augen-blicke-afrika.de\/blog\/wp-content\/uploads\/2024\/11\/Getraenke.jpg 1368w\" sizes=\"auto, (max-width: 1024px) 100vw, 1024px\" \/><\/a><\/figure>\n\n\n\n<figure class=\"wp-block-image size-large\"><a href=\"https:\/\/www.augen-blicke-afrika.de\/blog\/wp-content\/uploads\/2024\/11\/Gericht.jpeg\"><img loading=\"lazy\" decoding=\"async\" width=\"768\" height=\"1024\" data-id=\"8632\" src=\"https:\/\/www.augen-blicke-afrika.de\/blog\/wp-content\/uploads\/2024\/11\/Gericht-768x1024.jpeg\" alt=\"\" class=\"wp-image-8632\" srcset=\"https:\/\/www.augen-blicke-afrika.de\/blog\/wp-content\/uploads\/2024\/11\/Gericht-768x1024.jpeg 768w, https:\/\/www.augen-blicke-afrika.de\/blog\/wp-content\/uploads\/2024\/11\/Gericht-225x300.jpeg 225w, https:\/\/www.augen-blicke-afrika.de\/blog\/wp-content\/uploads\/2024\/11\/Gericht-1152x1536.jpeg 1152w, https:\/\/www.augen-blicke-afrika.de\/blog\/wp-content\/uploads\/2024\/11\/Gericht.jpeg 1200w\" sizes=\"auto, (max-width: 768px) 100vw, 768px\" \/><\/a><\/figure>\n<\/figure>\n\n\n\n<p>Freitag bis Sonntag, 16 Uhr bis 23 Uhr&nbsp;<br>Gekreuzte M\u00f6hrchen, Bernstorffstra\u00dfe 89<\/p>\n","protected":false},"excerpt":{"rendered":"<p>W\u00e4hrend des Filmfestivals bieten wir euch nicht nur diverse Filme, sondern auch afrikansiche Gerichte und Getr\u00e4nke. Neben dem Studio Kino k\u00f6nnt ihr im Restaurant&nbsp;Gekreuzte M\u00f6hrchen&nbsp;vor oder nach dem Film z.B. Couscous mit Erdnussso\u00dfe, Kochbananen und Bohnen essen. Es gibt verschiedene &hellip; <a href=\"https:\/\/www.augen-blicke-afrika.de\/blog\/restaurant\/\">Weiterlesen <span class=\"meta-nav\">&rarr;<\/span><\/a><\/p>\n","protected":false},"author":3,"featured_media":0,"parent":0,"menu_order":0,"comment_status":"closed","ping_status":"closed","template":"afrika2024.php","meta":{"footnotes":""},"class_list":["post-8626","page","type-page","status-publish","hentry"],"_links":{"self":[{"href":"https:\/\/www.augen-blicke-afrika.de\/blog\/wp-json\/wp\/v2\/pages\/8626","targetHints":{"allow":["GET"]}}],"collection":[{"href":"https:\/\/www.augen-blicke-afrika.de\/blog\/wp-json\/wp\/v2\/pages"}],"about":[{"href":"https:\/\/www.augen-blicke-afrika.de\/blog\/wp-json\/wp\/v2\/types\/page"}],"author":[{"embeddable":true,"href":"https:\/\/www.augen-blicke-afrika.de\/blog\/wp-json\/wp\/v2\/users\/3"}],"replies":[{"embeddable":true,"href":"https:\/\/www.augen-blicke-afrika.de\/blog\/wp-json\/wp\/v2\/comments?post=8626"}],"version-history":[{"count":41,"href":"https:\/\/www.augen-blicke-afrika.de\/blog\/wp-json\/wp\/v2\/pages\/8626\/revisions"}],"predecessor-version":[{"id":8698,"href":"https:\/\/www.augen-blicke-afrika.de\/blog\/wp-json\/wp\/v2\/pages\/8626\/revisions\/8698"}],"wp:attachment":[{"href":"https:\/\/www.augen-blicke-afrika.de\/blog\/wp-json\/wp\/v2\/media?parent=8626"}],"curies":[{"name":"wp","href":"https:\/\/api.w.org\/{rel}","templated":true}]}}