{"id":7846,"date":"2023-10-03T15:14:17","date_gmt":"2023-10-03T13:14:17","guid":{"rendered":"http:\/\/www.augen-blicke-afrika.de\/blog\/?page_id=7846"},"modified":"2023-10-27T15:32:23","modified_gmt":"2023-10-27T13:32:23","slug":"vr-2023","status":"publish","type":"page","link":"https:\/\/www.augen-blicke-afrika.de\/blog\/vr-2023\/","title":{"rendered":"VR 2023"},"content":{"rendered":"\n<h1 class=\"wp-block-heading\"><strong>Virtual Reality Film<\/strong><\/h1>\n\n\n<p>Am <strong>14.11. <\/strong>und<strong> 15.11.2023<\/strong> pr\u00e4sentieren wir im Rahmen unseres Filmfestivals in Kooperation mit der <strong>Zentralbibliothek Hamburg<\/strong> (H\u00fchnerposten 1, 20097 Hamburg, Telefon: 040 \/ 42 60 60) eine Reihe von Virtual Reality (VR)-Filmen von S\u00e9lim Harbi: Auf den Spuren der drei gro\u00dfen Sklaverei-Routen. Virtual Reality (VR) ist eine Technologie, die sich zwischen Film, bildender Kunst, Gaming und anderen \u00adDisziplinen bewegt.<br \/><strong>Der Eintritt ist frei.<\/strong><\/p>\n<p class=\"hide-if-no-js\"><a href=\"http:\/\/www.augen-blicke-afrika.de\/blog\/wp-content\/uploads\/2023\/09\/93221b_f0583e56bed64632bc3b8a7cf9e921aamv2.jpg\"><img decoding=\"async\" class=\"alignnone wp-image-4817 size-full\" src=\"http:\/\/www.augen-blicke-afrika.de\/blog\/wp-content\/uploads\/2023\/09\/93221b_f0583e56bed64632bc3b8a7cf9e921aamv2.jpg\" \/><\/a><\/p>\n<h1><strong>AFROROUTES<\/strong><\/h1>\n<h3>VR, Virtual Reality, Deutschland 2021, R.: S\u00e9lim Harbi, Production Company: INVR.SPACE, <br \/>drei 360\u00b0- Videos, jeweils ca. 15 Min.<\/h3>\n<p>Von Salvador de Bahia (Brasilien) \u00fcber Gujarat (Indien) bis Tanger (Marokko): \u00adAfroroutes bewegt sich auf den Spuren der drei gro\u00dfen Sklaverei-Routen \u2013 der trans-saharischen, der trans-atlantischen und der trans-pazifischen \u2013 und stellt dabei Fragen nach afrodiasporischer Identi\u00e4t: Was geschah mit den Millionen vertriebener afrikanischer M\u00e4nner und Frauen? Wo leben ihre Nachkommen heute? Sind ihre urspr\u00fcnglichen Kulturen und Sprachen verschwunden? Wie hat ihr Erbe zum Aufbau ihrer neuen L\u00e4nder beigetragen?<br \/>Das Projekt macht diese Fragen anhand dreier unterschiedlicher musik- und klangbasierter Rituale und Zeremonien in 360\u00b0-Videos erfahrbar. Als gelebte kulturelle Erinnerungen sind sie Zeugnisse kultureller Resilienz und transzendentales Erbe: In Zeremonien des Candombl\u00e9, einer afro-brasilianischen Religion aus Bahia, dem Zentrum schwarzer Kultur in Brasilien und einer zentralen Achse f\u00fcr die Entwicklung der afro-brasilianischen Identit\u00e4t; in Dhamal-Ritualen der African Sidi Community, die in der Region Gujarat in Nordindien praktiziert werden, sowie in \u00adRitualen der Gnawa, einer ethnischen Minderheit in Marokko, mit Bezugnahme auf subsaharische Mythen, Farbcodes und Heilpraktiken.<a href=\"http:\/\/www.augen-blicke-afrika.de\/blog\/wp-content\/uploads\/2023\/09\/8537f-affiche.jpg\"><img loading=\"lazy\" decoding=\"async\" class=\"wp-image-8134 size-medium alignleft\" src=\"http:\/\/www.augen-blicke-afrika.de\/blog\/wp-content\/uploads\/2023\/10\/202311-virtual-reality-afroroutes-a-173x300.jpg\" alt=\"\" width=\"173\" height=\"300\" srcset=\"https:\/\/www.augen-blicke-afrika.de\/blog\/wp-content\/uploads\/2023\/10\/202311-virtual-reality-afroroutes-a-173x300.jpg 173w, https:\/\/www.augen-blicke-afrika.de\/blog\/wp-content\/uploads\/2023\/10\/202311-virtual-reality-afroroutes-a.jpg 248w\" sizes=\"auto, (max-width: 173px) 100vw, 173px\" \/><\/a><\/p>\n<p><strong>S\u00e9lim Harbi<\/strong>, geb. 1982 in Tunis, ist Multimedia-Autor, Regisseur und Produzent. Er studierte Audiovisuelle Medien an der Fachhochschule Beuth in Berlin und \u00adarbeitete u.a. als Regieassistent, sammelte journalistische VR-\u00adErfahrungen in Westafrika und gab regelm\u00e4\u00dfig Workshops in Media und Storytelling. Zudem war er Multimedia-Stipendiat von World Press Photo mit Schwerpunkt auf aktuellen Fragen der afrikanischen Diaspora. Harbi entwickelt und produziert Mixed-Media-Konzepte. Er lebt und arbeitet in Berlin.<\/p>\n<p><!-- \/wp:post-content --><\/p>","protected":false},"excerpt":{"rendered":"<p>Virtual Reality Film Am 14.11. und 15.11.2023 pr\u00e4sentieren wir im Rahmen unseres Filmfestivals in Kooperation mit der Zentralbibliothek Hamburg (H\u00fchnerposten 1, 20097 Hamburg, Telefon: 040 \/ 42 60 60) eine Reihe von Virtual Reality (VR)-Filmen von S\u00e9lim Harbi: Auf den &hellip; <a href=\"https:\/\/www.augen-blicke-afrika.de\/blog\/vr-2023\/\">Weiterlesen <span class=\"meta-nav\">&rarr;<\/span><\/a><\/p>\n","protected":false},"author":3,"featured_media":0,"parent":0,"menu_order":0,"comment_status":"closed","ping_status":"closed","template":"afrika2023.php","meta":{"footnotes":""},"class_list":["post-7846","page","type-page","status-publish","hentry"],"_links":{"self":[{"href":"https:\/\/www.augen-blicke-afrika.de\/blog\/wp-json\/wp\/v2\/pages\/7846","targetHints":{"allow":["GET"]}}],"collection":[{"href":"https:\/\/www.augen-blicke-afrika.de\/blog\/wp-json\/wp\/v2\/pages"}],"about":[{"href":"https:\/\/www.augen-blicke-afrika.de\/blog\/wp-json\/wp\/v2\/types\/page"}],"author":[{"embeddable":true,"href":"https:\/\/www.augen-blicke-afrika.de\/blog\/wp-json\/wp\/v2\/users\/3"}],"replies":[{"embeddable":true,"href":"https:\/\/www.augen-blicke-afrika.de\/blog\/wp-json\/wp\/v2\/comments?post=7846"}],"version-history":[{"count":14,"href":"https:\/\/www.augen-blicke-afrika.de\/blog\/wp-json\/wp\/v2\/pages\/7846\/revisions"}],"predecessor-version":[{"id":8142,"href":"https:\/\/www.augen-blicke-afrika.de\/blog\/wp-json\/wp\/v2\/pages\/7846\/revisions\/8142"}],"wp:attachment":[{"href":"https:\/\/www.augen-blicke-afrika.de\/blog\/wp-json\/wp\/v2\/media?parent=7846"}],"curies":[{"name":"wp","href":"https:\/\/api.w.org\/{rel}","templated":true}]}}