{"id":7743,"date":"2023-10-02T18:17:49","date_gmt":"2023-10-02T16:17:49","guid":{"rendered":"http:\/\/www.augen-blicke-afrika.de\/blog\/?page_id=7743"},"modified":"2023-10-15T11:45:42","modified_gmt":"2023-10-15T09:45:42","slug":"foerderer-2023","status":"publish","type":"page","link":"https:\/\/www.augen-blicke-afrika.de\/blog\/foerderer-2023\/","title":{"rendered":"F\u00f6rderer 2023"},"content":{"rendered":"<h2><strong>VERANSTALTER<\/strong><\/h2>\n<table style=\"border: 0;\">\n<tbody>\n<tr style=\"height: 32px;\">\n<td style=\"border: 0px none; height: 32px; width: 1148px;\" colspan=\"2\">Augen Blicke Afrika e.V. in Kooperation mit dem Studio-Kino Hamburg.<\/td>\n<\/tr>\n<tr style=\"height: 116px;\">\n<td style=\"border: 0px none; height: 116px; width: 1148px;\" colspan=\"2\"><img loading=\"lazy\" decoding=\"async\" class=\"wp-image-3621 alignleft\" style=\"border: 0;\" src=\"http:\/\/www.augen-blicke-afrika.de\/blog\/wp-content\/uploads\/2017\/09\/ABA-logo-300x202.png\" alt=\"ABA logo\" width=\"125\" height=\"88\" \/><img loading=\"lazy\" decoding=\"async\" class=\" wp-image-1794 alignleft\" style=\"border: 0;\" src=\"http:\/\/www.augen-blicke-afrika.de\/blog\/wp-content\/uploads\/2013\/09\/Studio-Kino72649_Kopi211122.png\" alt=\"Studio Kino72649_Kopi211122\" width=\"128\" height=\"88\" \/><\/td>\n<\/tr>\n<tr style=\"height: 17px;\">\n<td style=\"border: 0px none; height: 17px; width: 574px;\">\n<h2><strong>KOOPERATIONEN<\/strong><\/h2>\n<\/td>\n<\/tr>\n<tr style=\"height: 20px;\">\n<td style=\"border: 0px none; height: 20px; width: 1148px;\" colspan=\"2\">Einzelne Veranstaltungen in Kooperation mit den \u00ad\u00d6ffentlichen B\u00fccherhallen Hamburg und \u00adAmnesty \u00adInternational Berlin, Koordinationsgruppe Nigeria, Baalsaal und Afrotopia.<\/td>\n<\/tr>\n<tr style=\"height: 116px;\">\n<td style=\"border: 0px none; height: 116px; width: 1148px;\" colspan=\"2\"><a href=\"http:\/\/www.augen-blicke-afrika.de\/blog\/wp-content\/uploads\/2019\/10\/1280px-Hamburger_O\u0308ffentliche_Bu\u0308cherhallen_logo.svg-a.png\"><img loading=\"lazy\" decoding=\"async\" class=\"alignnone wp-image-5072 \" style=\"border: 0;\" src=\"http:\/\/www.augen-blicke-afrika.de\/blog\/wp-content\/uploads\/2019\/10\/1280px-Hamburger_O\u0308ffentliche_Bu\u0308cherhallen_logo.svg-a-300x229.png\" width=\"87\" height=\"69\" \/> \u00a0\u00a0<\/a> <a href=\"http:\/\/www.augen-blicke-afrika.de\/blog\/wp-content\/uploads\/2014\/10\/AILogo_Kombi_S_HG2070712513.jpg\"><img loading=\"lazy\" decoding=\"async\" class=\"alignnone wp-image-1825 size-full\" style=\"border: 0;\" src=\"http:\/\/www.augen-blicke-afrika.de\/blog\/wp-content\/uploads\/2014\/10\/AILogo_Kombi_S_HG2070712513.jpg\" alt=\"\" width=\"189\" height=\"69\" \/><\/a><a href=\"http:\/\/www.augen-blicke-afrika.de\/blog\/wp-content\/uploads\/2014\/10\/AILogo_Kombi_S_HG2070712513.jpg\"> \u00a0\u00a0 <img loading=\"lazy\" decoding=\"async\" style=\"border: 0;\" src=\"http:\/\/www.augen-blicke-afrika.de\/blog\/wp-content\/uploads\/2023\/10\/baalsaal-club-hamburg-xceed-logo-7c6d-e1697361765476-300x126.png\" alt=\"\" width=\"164\" height=\"69\" \/><\/a><a href=\"http:\/\/www.augen-blicke-afrika.de\/blog\/wp-content\/uploads\/2014\/10\/AILogo_Kombi_S_HG2070712513.jpg\"> \u00a0\u00a0 <\/a><a href=\"http:\/\/www.augen-blicke-afrika.de\/blog\/wp-content\/uploads\/2014\/10\/AILogo_Kombi_S_HG2070712513.jpg\"><img loading=\"lazy\" decoding=\"async\" class=\"alignnone\" style=\"border: 0;\" src=\"http:\/\/www.augen-blicke-afrika.de\/blog\/wp-content\/uploads\/2023\/10\/Afrotopia-Logo-e1697362806729.jpg\" alt=\"\" width=\"107\" height=\"69\" \/><\/a><\/td>\n<\/tr>\n<tr style=\"height: 17px;\">\n<td style=\"border: 0px none; height: 17px; width: 574px;\">\n<h2><strong>F\u00d6RDERUNG<\/strong><\/h2>\n<\/td>\n<\/tr>\n<tr style=\"height: 90px;\">\n<td style=\"border: 0px none; height: 90px; width: 1148px;\" colspan=\"2\">Aktion Selbstbesteuerung, Stiftung umverteilen, Norddeutsche Stiftung f\u00fcr Umwelt und \u00adEntwicklung (NUE), Katholischer Fonds, \u00adBezirksamt Altona, Kulturbeh\u00f6rde Hamburg, Sozialbeh\u00f6rde Hamburg, Landeszentrale f\u00fcr politische \u00adBildung Hamburg, KED, MOIN Filmf\u00f6rderung Hamburg Schleswig-Holstein<\/td>\n<\/tr>\n<tr style=\"height: 92px;\">\n<td style=\"border: 0px none; height: 92px; width: 1148px;\" colspan=\"2\"><img loading=\"lazy\" decoding=\"async\" class=\"wp-image-158 alignnone\" style=\"border: 0;\" src=\"http:\/\/www.augen-blicke-afrika.de\/blog\/wp-content\/uploads\/2012\/09\/katholischer-fonds.png\" alt=\"Katholischer Fonds\" width=\"96\" height=\"63\" \/>\u00a0 <a href=\"http:\/\/www.augen-blicke-afrika.de\/blog\/wp-content\/uploads\/2020\/09\/IMG_2353.jpg\"><img loading=\"lazy\" decoding=\"async\" class=\"alignnone wp-image-5911 \" style=\"border: 0;\" src=\"http:\/\/www.augen-blicke-afrika.de\/blog\/wp-content\/uploads\/2020\/09\/IMG_2353-e1601375549973.jpg\" alt=\"\" width=\"109\" height=\"63\" \/><\/a> \u00a0 <img loading=\"lazy\" decoding=\"async\" class=\"wp-image-155 alignnone\" style=\"border: 0;\" title=\"NUE-Norddeutsche Stiftung f\u00fcr Umwelt und Entwicklung\" src=\"http:\/\/www.augen-blicke-afrika.de\/blog\/wp-content\/uploads\/2012\/09\/nue.gif\" alt=\"NUE-Norddeutsche Stiftung f\u00fcr Umwelt und Entwicklung\" width=\"176\" height=\"66\" \/> <a href=\"http:\/\/www.augen-blicke-afrika.de\/blog\/wp-content\/uploads\/2020\/09\/PHG-Logo2.jpeg\">\u00a0 <\/a><a href=\"http:\/\/www.augen-blicke-afrika.de\/blog\/wp-content\/uploads\/2021\/09\/Rudolf-Augstein-Stifung.jpg\"><img loading=\"lazy\" decoding=\"async\" class=\"alignnone  wp-image-6283\" style=\"border: 0;\" src=\"http:\/\/www.augen-blicke-afrika.de\/blog\/wp-content\/uploads\/2021\/09\/Rudolf-Augstein-Stifung.jpg\" alt=\"\" width=\"59\" height=\"59\" \/><\/a><\/td>\n<\/tr>\n<tr style=\"height: 108px;\">\n<td style=\"border: 0px none; height: 108px; width: 1148px;\" colspan=\"2\">\n<h3><img loading=\"lazy\" decoding=\"async\" class=\" wp-image-154 alignnone\" style=\"border: 0;\" src=\"http:\/\/www.augen-blicke-afrika.de\/blog\/wp-content\/uploads\/2012\/09\/bingohh.png\" alt=\"Lotterie BINGO! Die Umweltlotterie\" width=\"63\" height=\"59\" \/> \u00a0 <a href=\"http:\/\/www.augen-blicke-afrika.de\/blog\/wp-content\/uploads\/2012\/09\/umverteilen.png\"><img loading=\"lazy\" decoding=\"async\" class=\"alignnone wp-image-168\" style=\"border: 0;\" src=\"http:\/\/www.augen-blicke-afrika.de\/blog\/wp-content\/uploads\/2012\/09\/umverteilen.png\" alt=\"Umverteilen! \u2013 Stiftung f\u00fcr eine, solidarische Welt\" width=\"122\" height=\"65\" \/><\/a><a href=\"http:\/\/www.augen-blicke-afrika.de\/blog\/wp-content\/uploads\/2018\/10\/PHG-Logo.jpg\">\u00a0\u00a0<\/a><a href=\"http:\/\/www.augen-blicke-afrika.de\/blog\/wp-content\/uploads\/2018\/10\/asb-logo_trans.png\">\u00a0 <img loading=\"lazy\" decoding=\"async\" class=\"alignnone wp-image-4281\" style=\"border: 0;\" src=\"http:\/\/www.augen-blicke-afrika.de\/blog\/wp-content\/uploads\/2018\/10\/asb-logo_trans-300x143.png\" alt=\"asb-logo_trans\" width=\"90\" height=\"47\" \/><\/a><a href=\"http:\/\/www.augen-blicke-afrika.de\/blog\/wp-content\/uploads\/2019\/10\/lz_logo_pos_medium_sw.jpg\">\u00a0\u00a0 <\/a><a href=\"http:\/\/www.augen-blicke-afrika.de\/blog\/wp-content\/uploads\/2020\/09\/lz_logo_pos_small_sw.jpg\"><img loading=\"lazy\" decoding=\"async\" class=\"alignnone wp-image-5940 \" style=\"border: 0;\" src=\"http:\/\/www.augen-blicke-afrika.de\/blog\/wp-content\/uploads\/2020\/09\/lz_logo_pos_small_sw.jpg\" alt=\"\" width=\"112\" height=\"63\" \/><\/a><\/h3>\n<\/td>\n<\/tr>\n<tr style=\"height: 84px;\">\n<td style=\"border: 0px none; height: 84px; width: 1148px;\" colspan=\"2\"><a href=\"http:\/\/www.augen-blicke-afrika.de\/blog\/wp-content\/uploads\/2018\/10\/ba-altona.png\">\u00a0<img loading=\"lazy\" decoding=\"async\" class=\"alignnone wp-image-4279 \" style=\"border: 0;\" src=\"http:\/\/www.augen-blicke-afrika.de\/blog\/wp-content\/uploads\/2018\/10\/ba-altona-e1539352367821-300x108.png\" alt=\"ba-altona\" width=\"153\" height=\"62\" \/><\/a><a href=\"http:\/\/www.augen-blicke-afrika.de\/blog\/wp-content\/uploads\/2018\/10\/Behoerde_KuM.png\">\u00a0 <img loading=\"lazy\" decoding=\"async\" class=\"alignnone wp-image-4280 \" style=\"border: 0;\" src=\"http:\/\/www.augen-blicke-afrika.de\/blog\/wp-content\/uploads\/2018\/10\/Behoerde_KuM-e1539352409406-300x98.png\" alt=\"Behoerde_KuM\" width=\"169\" height=\"63\" \/>\u00a0<\/a><a href=\"http:\/\/www.augen-blicke-afrika.de\/blog\/wp-content\/uploads\/2020\/09\/BASFI_2354.jpg\">\u00a0<\/a><\/td>\n<\/tr>\n<tr style=\"height: 84px;\">\n<td style=\"border: 0px none; height: 84px; width: 1148px;\"><img loading=\"lazy\" decoding=\"async\" class=\"alignnone wp-image-6282 \" style=\"border: 0;\" src=\"http:\/\/www.augen-blicke-afrika.de\/blog\/wp-content\/uploads\/2021\/09\/sozialbeh_5934.jpg\" alt=\"\" width=\"160\" height=\"65\" \/>\u00a0 <a href=\"http:\/\/www.augen-blicke-afrika.de\/blog\/wp-content\/uploads\/2022\/09\/Moin-Logo-rgb-bea.jpg\"><img loading=\"lazy\" decoding=\"async\" class=\"alignnone wp-image-6608 \" style=\"border: 0;\" src=\"http:\/\/www.augen-blicke-afrika.de\/blog\/wp-content\/uploads\/2022\/09\/Moin-Logo-rgb-bea-300x90.jpg\" alt=\"\" width=\"178\" height=\"63\" \/><\/a><\/td>\n<\/tr>\n<tr style=\"height: 32px;\">\n<td style=\"border: 0px none; height: 32px; width: 1148px;\" colspan=\"2\" valign=\"middle\"><\/td>\n<\/tr>\n<tr style=\"height: 32px;\">\n<td style=\"border: 0px none; height: 32px; width: 1148px;\" colspan=\"2\">\n<h2><strong>ANZEIGENKUNDEN<\/strong><\/h2>\n<p><strong><a href=\"http:\/\/www.medibuero-hamburg.org\/\">Medi\u00fcro Hamburg<\/a><\/strong><br \/>\n<strong><a href=\"https:\/\/www.schanzenbuch.com\/\">Buchhandlung im Schanzenviertel<\/a><\/strong><br \/>\n<a href=\"https:\/\/weltlaeden.de\/ottensen\/\"><strong>Weltladen Ottensen<\/strong><\/a><\/td>\n<td style=\"width: 14px; height: 32px;\"><\/td>\n<td style=\"border: 0px none; height: 32px; width: 20px;\" colspan=\"2\"><\/td>\n<\/tr>\n<tr style=\"height: 120px;\">\n<td style=\"border: 0px none; width: 588px; height: 120px;\" colspan=\"2\"><\/td>\n<td style=\"border: 0px none; width: 10px; height: 120px;\"><\/td>\n<td style=\"border: 0px none; width: 10px; height: 120px;\"><\/td>\n<\/tr>\n<\/tbody>\n<\/table>\n","protected":false},"excerpt":{"rendered":"<p>VERANSTALTER Augen Blicke Afrika e.V. in Kooperation mit dem Studio-Kino Hamburg. KOOPERATIONEN Einzelne Veranstaltungen in Kooperation mit den \u00ad\u00d6ffentlichen B\u00fccherhallen Hamburg und \u00adAmnesty \u00adInternational Berlin, Koordinationsgruppe Nigeria, Baalsaal und Afrotopia. \u00a0\u00a0 \u00a0\u00a0 \u00a0\u00a0 F\u00d6RDERUNG Aktion Selbstbesteuerung, Stiftung umverteilen, Norddeutsche Stiftung &hellip; <a href=\"https:\/\/www.augen-blicke-afrika.de\/blog\/foerderer-2023\/\">Weiterlesen <span class=\"meta-nav\">&rarr;<\/span><\/a><\/p>\n","protected":false},"author":3,"featured_media":0,"parent":0,"menu_order":0,"comment_status":"closed","ping_status":"closed","template":"afrika2023.php","meta":{"footnotes":""},"class_list":["post-7743","page","type-page","status-publish","hentry"],"_links":{"self":[{"href":"https:\/\/www.augen-blicke-afrika.de\/blog\/wp-json\/wp\/v2\/pages\/7743","targetHints":{"allow":["GET"]}}],"collection":[{"href":"https:\/\/www.augen-blicke-afrika.de\/blog\/wp-json\/wp\/v2\/pages"}],"about":[{"href":"https:\/\/www.augen-blicke-afrika.de\/blog\/wp-json\/wp\/v2\/types\/page"}],"author":[{"embeddable":true,"href":"https:\/\/www.augen-blicke-afrika.de\/blog\/wp-json\/wp\/v2\/users\/3"}],"replies":[{"embeddable":true,"href":"https:\/\/www.augen-blicke-afrika.de\/blog\/wp-json\/wp\/v2\/comments?post=7743"}],"version-history":[{"count":30,"href":"https:\/\/www.augen-blicke-afrika.de\/blog\/wp-json\/wp\/v2\/pages\/7743\/revisions"}],"predecessor-version":[{"id":8475,"href":"https:\/\/www.augen-blicke-afrika.de\/blog\/wp-json\/wp\/v2\/pages\/7743\/revisions\/8475"}],"wp:attachment":[{"href":"https:\/\/www.augen-blicke-afrika.de\/blog\/wp-json\/wp\/v2\/media?parent=7743"}],"curies":[{"name":"wp","href":"https:\/\/api.w.org\/{rel}","templated":true}]}}

Förderer 2023

<h2><strong>VERANSTALTER</strong></h2>
<table style="border: 0;">
<tbody>
<tr style="height: 32px;">
<td style="border: 0px none; height: 32px; width: 1148px;" colspan="2">Augen Blicke Afrika e.V. in Kooperation mit dem Studio-Kino Hamburg.</td>
</tr>
<tr style="height: 116px;">
<td style="border: 0px none; height: 116px; width: 1148px;" colspan="2"><img loading="lazy" decoding="async" class="wp-image-3621 alignleft" style="border: 0;" src="http://www.augen-blicke-afrika.de/blog/wp-content/uploads/2017/09/ABA-logo-300x202.png" alt="ABA logo" width="125" height="88" /><img loading="lazy" decoding="async" class=" wp-image-1794 alignleft" style="border: 0;" src="http://www.augen-blicke-afrika.de/blog/wp-content/uploads/2013/09/Studio-Kino72649_Kopi211122.png" alt="Studio Kino72649_Kopi211122" width="128" height="88" /></td>
</tr>
<tr style="height: 17px;">
<td style="border: 0px none; height: 17px; width: 574px;">
<h2><strong>KOOPERATIONEN</strong></h2>
</td>
</tr>
<tr style="height: 20px;">
<td style="border: 0px none; height: 20px; width: 1148px;" colspan="2">Einzelne Veranstaltungen in Kooperation mit den ­Öffentlichen Bücherhallen Hamburg und ­Amnesty ­International Berlin, Koordinationsgruppe Nigeria, Baalsaal und Afrotopia.</td>
</tr>
<tr style="height: 116px;">
<td style="border: 0px none; height: 116px; width: 1148px;" colspan="2"><a href="http://www.augen-blicke-afrika.de/blog/wp-content/uploads/2019/10/1280px-Hamburger_Öffentliche_Bücherhallen_logo.svg-a.png"><img loading="lazy" decoding="async" class="alignnone wp-image-5072 " style="border: 0;" src="http://www.augen-blicke-afrika.de/blog/wp-content/uploads/2019/10/1280px-Hamburger_Öffentliche_Bücherhallen_logo.svg-a-300x229.png" width="87" height="69" />   </a> <a href="http://www.augen-blicke-afrika.de/blog/wp-content/uploads/2014/10/AILogo_Kombi_S_HG2070712513.jpg"><img loading="lazy" decoding="async" class="alignnone wp-image-1825 size-full" style="border: 0;" src="http://www.augen-blicke-afrika.de/blog/wp-content/uploads/2014/10/AILogo_Kombi_S_HG2070712513.jpg" alt="" width="189" height="69" /></a><a href="http://www.augen-blicke-afrika.de/blog/wp-content/uploads/2014/10/AILogo_Kombi_S_HG2070712513.jpg">    <img loading="lazy" decoding="async" style="border: 0;" src="http://www.augen-blicke-afrika.de/blog/wp-content/uploads/2023/10/baalsaal-club-hamburg-xceed-logo-7c6d-e1697361765476-300x126.png" alt="" width="164" height="69" /></a><a href="http://www.augen-blicke-afrika.de/blog/wp-content/uploads/2014/10/AILogo_Kombi_S_HG2070712513.jpg">    </a><a href="http://www.augen-blicke-afrika.de/blog/wp-content/uploads/2014/10/AILogo_Kombi_S_HG2070712513.jpg"><img loading="lazy" decoding="async" class="alignnone" style="border: 0;" src="http://www.augen-blicke-afrika.de/blog/wp-content/uploads/2023/10/Afrotopia-Logo-e1697362806729.jpg" alt="" width="107" height="69" /></a></td>
</tr>
<tr style="height: 17px;">
<td style="border: 0px none; height: 17px; width: 574px;">
<h2><strong>FÖRDERUNG</strong></h2>
</td>
</tr>
<tr style="height: 90px;">
<td style="border: 0px none; height: 90px; width: 1148px;" colspan="2">Aktion Selbstbesteuerung, Stiftung umverteilen, Norddeutsche Stiftung für Umwelt und ­Entwicklung (NUE), Katholischer Fonds, ­Bezirksamt Altona, Kulturbehörde Hamburg, Sozialbehörde Hamburg, Landeszentrale für politische ­Bildung Hamburg, KED, MOIN Filmförderung Hamburg Schleswig-Holstein</td>
</tr>
<tr style="height: 92px;">
<td style="border: 0px none; height: 92px; width: 1148px;" colspan="2"><img loading="lazy" decoding="async" class="wp-image-158 alignnone" style="border: 0;" src="http://www.augen-blicke-afrika.de/blog/wp-content/uploads/2012/09/katholischer-fonds.png" alt="Katholischer Fonds" width="96" height="63" />  <a href="http://www.augen-blicke-afrika.de/blog/wp-content/uploads/2020/09/IMG_2353.jpg"><img loading="lazy" decoding="async" class="alignnone wp-image-5911 " style="border: 0;" src="http://www.augen-blicke-afrika.de/blog/wp-content/uploads/2020/09/IMG_2353-e1601375549973.jpg" alt="" width="109" height="63" /></a>   <img loading="lazy" decoding="async" class="wp-image-155 alignnone" style="border: 0;" title="NUE-Norddeutsche Stiftung für Umwelt und Entwicklung" src="http://www.augen-blicke-afrika.de/blog/wp-content/uploads/2012/09/nue.gif" alt="NUE-Norddeutsche Stiftung für Umwelt und Entwicklung" width="176" height="66" /> <a href="http://www.augen-blicke-afrika.de/blog/wp-content/uploads/2020/09/PHG-Logo2.jpeg">  </a><a href="http://www.augen-blicke-afrika.de/blog/wp-content/uploads/2021/09/Rudolf-Augstein-Stifung.jpg"><img loading="lazy" decoding="async" class="alignnone  wp-image-6283" style="border: 0;" src="http://www.augen-blicke-afrika.de/blog/wp-content/uploads/2021/09/Rudolf-Augstein-Stifung.jpg" alt="" width="59" height="59" /></a></td>
</tr>
<tr style="height: 108px;">
<td style="border: 0px none; height: 108px; width: 1148px;" colspan="2">
<h3><img loading="lazy" decoding="async" class=" wp-image-154 alignnone" style="border: 0;" src="http://www.augen-blicke-afrika.de/blog/wp-content/uploads/2012/09/bingohh.png" alt="Lotterie BINGO! Die Umweltlotterie" width="63" height="59" />   <a href="http://www.augen-blicke-afrika.de/blog/wp-content/uploads/2012/09/umverteilen.png"><img loading="lazy" decoding="async" class="alignnone wp-image-168" style="border: 0;" src="http://www.augen-blicke-afrika.de/blog/wp-content/uploads/2012/09/umverteilen.png" alt="Umverteilen! – Stiftung für eine, solidarische Welt" width="122" height="65" /></a><a href="http://www.augen-blicke-afrika.de/blog/wp-content/uploads/2018/10/PHG-Logo.jpg">  </a><a href="http://www.augen-blicke-afrika.de/blog/wp-content/uploads/2018/10/asb-logo_trans.png">  <img loading="lazy" decoding="async" class="alignnone wp-image-4281" style="border: 0;" src="http://www.augen-blicke-afrika.de/blog/wp-content/uploads/2018/10/asb-logo_trans-300x143.png" alt="asb-logo_trans" width="90" height="47" /></a><a href="http://www.augen-blicke-afrika.de/blog/wp-content/uploads/2019/10/lz_logo_pos_medium_sw.jpg">   </a><a href="http://www.augen-blicke-afrika.de/blog/wp-content/uploads/2020/09/lz_logo_pos_small_sw.jpg"><img loading="lazy" decoding="async" class="alignnone wp-image-5940 " style="border: 0;" src="http://www.augen-blicke-afrika.de/blog/wp-content/uploads/2020/09/lz_logo_pos_small_sw.jpg" alt="" width="112" height="63" /></a></h3>
</td>
</tr>
<tr style="height: 84px;">
<td style="border: 0px none; height: 84px; width: 1148px;" colspan="2"><a href="http://www.augen-blicke-afrika.de/blog/wp-content/uploads/2018/10/ba-altona.png"> <img loading="lazy" decoding="async" class="alignnone wp-image-4279 " style="border: 0;" src="http://www.augen-blicke-afrika.de/blog/wp-content/uploads/2018/10/ba-altona-e1539352367821-300x108.png" alt="ba-altona" width="153" height="62" /></a><a href="http://www.augen-blicke-afrika.de/blog/wp-content/uploads/2018/10/Behoerde_KuM.png">  <img loading="lazy" decoding="async" class="alignnone wp-image-4280 " style="border: 0;" src="http://www.augen-blicke-afrika.de/blog/wp-content/uploads/2018/10/Behoerde_KuM-e1539352409406-300x98.png" alt="Behoerde_KuM" width="169" height="63" /> </a><a href="http://www.augen-blicke-afrika.de/blog/wp-content/uploads/2020/09/BASFI_2354.jpg"> </a></td>
</tr>
<tr style="height: 84px;">
<td style="border: 0px none; height: 84px; width: 1148px;"><img loading="lazy" decoding="async" class="alignnone wp-image-6282 " style="border: 0;" src="http://www.augen-blicke-afrika.de/blog/wp-content/uploads/2021/09/sozialbeh_5934.jpg" alt="" width="160" height="65" />  <a href="http://www.augen-blicke-afrika.de/blog/wp-content/uploads/2022/09/Moin-Logo-rgb-bea.jpg"><img loading="lazy" decoding="async" class="alignnone wp-image-6608 " style="border: 0;" src="http://www.augen-blicke-afrika.de/blog/wp-content/uploads/2022/09/Moin-Logo-rgb-bea-300x90.jpg" alt="" width="178" height="63" /></a></td>
</tr>
<tr style="height: 32px;">
<td style="border: 0px none; height: 32px; width: 1148px;" colspan="2" valign="middle"></td>
</tr>
<tr style="height: 32px;">
<td style="border: 0px none; height: 32px; width: 1148px;" colspan="2">
<h2><strong>ANZEIGENKUNDEN</strong></h2>
<p><strong><a href="http://www.medibuero-hamburg.org/">Mediüro Hamburg</a></strong><br />
<strong><a href="https://www.schanzenbuch.com/">Buchhandlung im Schanzenviertel</a></strong><br />
<a href="https://weltlaeden.de/ottensen/"><strong>Weltladen Ottensen</strong></a></td>
<td style="width: 14px; height: 32px;"></td>
<td style="border: 0px none; height: 32px; width: 20px;" colspan="2"></td>
</tr>
<tr style="height: 120px;">
<td style="border: 0px none; width: 588px; height: 120px;" colspan="2"></td>
<td style="border: 0px none; width: 10px; height: 120px;"></td>
<td style="border: 0px none; width: 10px; height: 120px;"></td>
</tr>
</tbody>
</table>

<p>VERANSTALTER Augen Blicke Afrika e.V. in Kooperation mit dem Studio-Kino Hamburg. KOOPERATIONEN Einzelne Veranstaltungen in Kooperation mit den ­Öffentlichen Bücherhallen Hamburg und ­Amnesty ­International Berlin, Koordinationsgruppe Nigeria, Baalsaal und Afrotopia.          FÖRDERUNG Aktion Selbstbesteuerung, Stiftung umverteilen, Norddeutsche Stiftung &hellip; <a href="https://www.augen-blicke-afrika.de/blog/foerderer-2023/">Weiterlesen <span class="meta-nav">&rarr;</span></a></p>
