{"id":61,"date":"2012-09-12T02:19:29","date_gmt":"2012-09-12T00:19:29","guid":{"rendered":"http:\/\/www.augen-blicke-afrika.de\/blog\/?page_id=61"},"modified":"2023-09-03T13:26:57","modified_gmt":"2023-09-03T11:26:57","slug":"vorwort","status":"publish","type":"page","link":"https:\/\/www.augen-blicke-afrika.de\/blog\/archiv\/archiv-2012\/vorwort\/","title":{"rendered":"Vorwort 2012"},"content":{"rendered":"<h1>Augen Blicke Afrika 2012<\/h1>\n<p>&nbsp;<\/p>\n<h2><a href=\"#francais\"><img loading=\"lazy\" decoding=\"async\" class=\"alignright  wp-image-576\" style=\"border: 0px none; margin: 0px;\" title=\"version francaise\" src=\"http:\/\/www.augen-blicke-afrika.de\/blog\/wp-content\/uploads\/2012\/09\/france-schrift.gif\" alt=\"franz\u00f6sische Fahne\" width=\"60\" height=\"34\"><\/a><\/h2>\n<p><strong>Wo:<\/strong> Studio-Kino Hamburg, Bernstorffstr. 93-95, Hamburg<br \/>\n<strong>Wann:<\/strong> 18.-28. Oktober 2012<br \/>\n<strong>Was:<\/strong> Zw\u00f6lf Filme afrikanischer Regisseure &#8211; <a title=\"Programm\" href=\"http:\/\/www.augen-blicke-afrika.de\/blog\/programm\/\">Zum Programm<\/a><\/p>\n<div id=\"attachment_540\" style=\"width: 310px\" class=\"wp-caption alignright\"><a href=\"http:\/\/www.augen-blicke-afrika.de\/blog\/wp-content\/uploads\/2012\/09\/peeping-tom.jpg\"><img loading=\"lazy\" decoding=\"async\" aria-describedby=\"caption-attachment-540\" class=\"size-medium wp-image-540 \" title=\"peeping tom\" src=\"http:\/\/www.augen-blicke-afrika.de\/blog\/wp-content\/uploads\/2012\/09\/peeping-tom-300x140.jpg\" alt=\"Das Foto &quot;Peeping Tom&quot; des nigerianischen K\u00fcnstlers Rotimi Fani-Kayode von 1989\" width=\"300\" height=\"140\" srcset=\"https:\/\/www.augen-blicke-afrika.de\/blog\/wp-content\/uploads\/2012\/09\/peeping-tom-300x140.jpg 300w, https:\/\/www.augen-blicke-afrika.de\/blog\/wp-content\/uploads\/2012\/09\/peeping-tom-1024x478.jpg 1024w, https:\/\/www.augen-blicke-afrika.de\/blog\/wp-content\/uploads\/2012\/09\/peeping-tom-500x233.jpg 500w, https:\/\/www.augen-blicke-afrika.de\/blog\/wp-content\/uploads\/2012\/09\/peeping-tom.jpg 1401w\" sizes=\"auto, (max-width: 300px) 100vw, 300px\" \/><\/a><p id=\"caption-attachment-540\" class=\"wp-caption-text\">Das Titelfoto &#8220;Peeping Tom&#8221; des nigerianischen K\u00fcnstlers Rotimi Fani-Kayode von 1989<\/p><\/div>\n<p>Wer den Fernseher anschaltet oder die Zeitungen aufschl\u00e4gt und etwas \u00fcber Afrika erfahren m\u00f6chte, dem schlagen entweder die 3 K\u2019s entgegen (Kriege, Krankheiten und Katastrophen) oder ihm wird ein idyllisches Dorfleben pr\u00e4sentiert, das mit der Lebenswirklichkeit vieler Afrikaner kaum noch etwas zu tun hat. Eine Berichterstattung \u00fcber den Alltag in den Metropolen und D\u00f6rfern afrikanischer L\u00e4nder oder dar\u00fcber, was die Menschen dort wirklich bewegt, sucht man meist vergebens.<\/p>\n<div id=\"attachment_474\" style=\"width: 310px\" class=\"wp-caption alignright\"><img loading=\"lazy\" decoding=\"async\" aria-describedby=\"caption-attachment-474\" class=\"size-medium wp-image-474 \" title=\"Filmszene &quot;Un homme qui crie&quot;\" src=\"http:\/\/www.augen-blicke-afrika.de\/blog\/wp-content\/uploads\/2012\/09\/motorrad-300x170.jpg\" alt=\"Filmszene aus &quot;Un homme qui crie&quot;\" width=\"300\" height=\"170\" srcset=\"https:\/\/www.augen-blicke-afrika.de\/blog\/wp-content\/uploads\/2012\/09\/motorrad-300x170.jpg 300w, https:\/\/www.augen-blicke-afrika.de\/blog\/wp-content\/uploads\/2012\/09\/motorrad.jpg 400w\" sizes=\"auto, (max-width: 300px) 100vw, 300px\" \/><p id=\"caption-attachment-474\" class=\"wp-caption-text\">Filmszene aus &#8220;Un homme qui crie&#8221;<\/p><\/div>\n<p>Mit unserem Filmfestival \u201eAugen Blicke Afrika\u201c m\u00f6chten wir dem etwas entgegensetzen. Im Mittelpunkt der Veranstaltungen im Studio-Kino Hamburg stehen aktuelle afrikanische Filmproduktionen, viele von ihnen vom gr\u00f6\u00dften afrikanischen Filmfestival FESPACO. Sie zeigen die ganze Bandbreite des Filmschaffens auf dem Kontinent: Cineastische Filme, Dokumentationen, Krimis und Spielfilme \u00fcber Themen wie Generationenkonflikt, Missbrauch, Leben zwischen den Kulturen, Umgang mit K\u00f6rperbehinderung, soziale Auseinandersetzungen, Politik und Musik. Neueste Videos junger nordafrikanischer Medienk\u00fcnstler geben einen spannenden Einblick in eine sehr lebendige Szene.<\/p>\n<div id=\"attachment_477\" style=\"width: 160px\" class=\"wp-caption alignleft\"><img loading=\"lazy\" decoding=\"async\" aria-describedby=\"caption-attachment-477\" class=\"size-thumbnail wp-image-477\" title=\"un homme qui crie\" src=\"http:\/\/www.augen-blicke-afrika.de\/blog\/wp-content\/uploads\/2012\/09\/thumb.php_-150x150.jpg\" alt=\"Filmszene aus &quot;Un homme qui crie&quot;\" width=\"150\" height=\"150\"><p id=\"caption-attachment-477\" class=\"wp-caption-text\">Filmszene aus &#8220;Un homme qui crie&#8221;<\/p><\/div>\n<p>Der Blick durch die Augen afrikanischer Filmer er\u00f6ffnet den Europ\u00e4ern ganz neue Perspektiven. Die \u201epost independence generation\u201c afrikanischer Regisseure lebt und arbeitet teilweise in Europa, teils in ihren Herkunftsl\u00e4ndern. So wandelt diese moderne \u201enomadische\u201c Lebens- und Arbeitsweise auch ihr Selbstverst\u00e4ndnis. In ihren Werken entfaltet sich ein vielschichtiges und differenziertes Bild afrikanischer Wirklichkeiten und des Lebens in der Diaspora.<\/p>\n<p>Wer das Thema \u201eafrikanischer Blick\u201c auch theoretisch vertiefen m\u00f6chte, dem bietet sich auf einem Symposium mit Fachleuten am 26.10. dazu Gelegenheit.<\/p>\n<p>Selbstverst\u00e4ndlich kommt auch das Feiern nicht zu kurz und so laden wir alle Freunde afrikanischer Musik ein, mit uns den erfolgreichen Abschluss des Festivals am 29.10. bei einer deutsch-afrikanischen Party in der &#8220;New Essbar&#8221; (Bahrenfelder Str. 221, gegen\u00fcber der Fabrik) ausgelassen zu feiern!<\/p>\n<p>Die Veranstalter<br \/>\n<em>(Doudou Cond\u00e9, Hans-J\u00f6rg Heinrich, Jerome Jossin, Burkhard Leber, Swenja Schiemann und Ingrid Wernich sowie die Vereine Partnerschaft mit Guinea e.V. und W3 \u2013 Werkstatt f\u00fcr internationale Kultur und Politik e.V.)<\/em><br \/>\n<a title=\"Zur Webseite des Vereins &quot;Partnerschaft mit Guinea e.V.&quot;\" href=\"http:\/\/www.augen-blicke-afrika.de\/blog\/filme\/un-hommet\/\" target=\"_blank\" rel=\"noopener\"><img loading=\"lazy\" decoding=\"async\" class=\"alignnone size-full wp-image-277\" title=\"Partnerschaft mit Guinea e.V.\" src=\"http:\/\/www.augen-blicke-afrika.de\/blog\/wp-content\/uploads\/2012\/09\/guinea_vorwort.jpg\" alt=\"Partnerschaft mit Guinea e.V.\" width=\"250\" height=\"250\" srcset=\"https:\/\/www.augen-blicke-afrika.de\/blog\/wp-content\/uploads\/2012\/09\/guinea_vorwort.jpg 250w, https:\/\/www.augen-blicke-afrika.de\/blog\/wp-content\/uploads\/2012\/09\/guinea_vorwort-150x150.jpg 150w\" sizes=\"auto, (max-width: 250px) 100vw, 250px\" \/><\/a><a title=\"Zur Webseite der W3 - Werkstatt f\u00fcr internationale Kultur und Politik e.V.\" href=\"http:\/\/www.werkstatt3.de\/\" target=\"_blank\" rel=\"noopener\"><img loading=\"lazy\" decoding=\"async\" class=\"alignnone size-full wp-image-278\" style=\"margin-left: 10px; margin-right: 10px; vertical-align: top;\" title=\"Werkstatt 3 f\u00fcr internationale Kultur und Politik\" src=\"http:\/\/www.augen-blicke-afrika.de\/blog\/wp-content\/uploads\/2012\/09\/w3_vorwort.jpg\" alt=\"Werkstatt 3 f\u00fcr internationale Kultur und Politik\" width=\"250\" height=\"44\"><\/a><\/p>\n<p><a name=\"francais\"><\/a><\/p>\n<h2>Le pr\u00e9face<\/h2>\n<p><strong>O\u00fa:<\/strong> Studio-Cinema Hamburg, Berstra\u00dfe. 93-95, Hamburg<br \/>\n<strong>Quand:<\/strong> le 18-28. Octobre 2012<br \/>\n<strong>Quoi:<\/strong> Les films de douze metteurs en sc\u00e8ne africains seront project\u00e9s<\/p>\n<p>Lorsqu\u00b4on allume la t\u00e9l\u00e9vision ou qu\u00b4on voudrait apprendre quelque chose sur l\u00b4afrique, souvant on ne nous pr\u00e9sente que le clich\u00e9, parce que l\u00b4image qui est vehicul\u00e9e ici de l\u00b4afrique sugg\u00e8re un charmant village traditionennel et la vie d\u00b4une ydille comme des (guerres, maladies et catastrophes). Ces immages qu\u00b4on voit n\u00b4ont souvant rien avoire avec les realit\u00e9s africaines.<\/p>\n<p>Nous voudrions montrer quelque chose dans notre festival cin\u00e9matographique \u201eUn clin d\u00b4oiel sur l\u00b4afrique\u201c. Au centre de la serie du festival au Studio Hamburg se trouvent la production de films qui ont \u00e9t\u00e9 montr\u00e9es au dernier festival de film Fespaco \u00e0 Ougandougou. Ces films montrent toute la vie dans la Diaspora de la cr\u00e9ation cin\u00e9matographique sur le continent: des sujets comme le conflit de g\u00e9n\u00e9ration, abus, vie culturelles, les d\u00e9bats sociaux, la politique et musique. Les plus nouveaux vid\u00e9os de jeunes artistes de m\u00e9dias nord-africains donnent un aper\u00e7u captivant dans une sc\u00e8ne tr\u00e8s vivante.<\/p>\n<p>Un clin d\u00b4oeil sur l\u00b4afrique ouvre tout \u00e0 fait de nouveaux perpectives aux Europ\u00e9ens. Cette g\u00e9n\u00e9ration apr\u00e8s-independence, des metteurs en sc\u00e8ne africains vit et travaille en partie en Europe, la plupart dans leurs pays d&#8217;origine et est toujours en mouvement comme \u201edes cineastes africains\u201c. Leur souci est de montrer une image complexe et differenci\u00e9e des realit\u00e9s africaines ou de la vie dans la Diaspora.<br \/>\nLes curieux sont invit\u00e9s au colloque qui se tiendra le 26\/10\/. On y discutera de la mani\u00e8re dont les africains voient la nouvelles Afrique. Ensuite, nous invitons tous les amis musicient africains \u00e1 une soir\u00e9 pr\u00e9vue le samedi 27\/10 au New Essbar ( Bahrenfelder Str 221, \u00e1 c\u00f4t\u00e9 de \u201eFabrik\u201c).<\/p>\n","protected":false},"excerpt":{"rendered":"<p>Augen Blicke Afrika 2012 &nbsp; Wo: Studio-Kino Hamburg, Bernstorffstr. 93-95, Hamburg Wann: 18.-28. Oktober 2012 Was: Zw\u00f6lf Filme afrikanischer Regisseure &#8211; Zum Programm Wer den Fernseher anschaltet oder die Zeitungen aufschl\u00e4gt und etwas \u00fcber Afrika erfahren m\u00f6chte, dem schlagen entweder &hellip; <a href=\"https:\/\/www.augen-blicke-afrika.de\/blog\/archiv\/archiv-2012\/vorwort\/\">Weiterlesen <span class=\"meta-nav\">&rarr;<\/span><\/a><\/p>\n","protected":false},"author":1,"featured_media":0,"parent":730,"menu_order":1,"comment_status":"closed","ping_status":"closed","template":"afrika2012.php","meta":{"footnotes":""},"class_list":["post-61","page","type-page","status-publish","hentry"],"_links":{"self":[{"href":"https:\/\/www.augen-blicke-afrika.de\/blog\/wp-json\/wp\/v2\/pages\/61","targetHints":{"allow":["GET"]}}],"collection":[{"href":"https:\/\/www.augen-blicke-afrika.de\/blog\/wp-json\/wp\/v2\/pages"}],"about":[{"href":"https:\/\/www.augen-blicke-afrika.de\/blog\/wp-json\/wp\/v2\/types\/page"}],"author":[{"embeddable":true,"href":"https:\/\/www.augen-blicke-afrika.de\/blog\/wp-json\/wp\/v2\/users\/1"}],"replies":[{"embeddable":true,"href":"https:\/\/www.augen-blicke-afrika.de\/blog\/wp-json\/wp\/v2\/comments?post=61"}],"version-history":[{"count":48,"href":"https:\/\/www.augen-blicke-afrika.de\/blog\/wp-json\/wp\/v2\/pages\/61\/revisions"}],"predecessor-version":[{"id":6787,"href":"https:\/\/www.augen-blicke-afrika.de\/blog\/wp-json\/wp\/v2\/pages\/61\/revisions\/6787"}],"up":[{"embeddable":true,"href":"https:\/\/www.augen-blicke-afrika.de\/blog\/wp-json\/wp\/v2\/pages\/730"}],"wp:attachment":[{"href":"https:\/\/www.augen-blicke-afrika.de\/blog\/wp-json\/wp\/v2\/media?parent=61"}],"curies":[{"name":"wp","href":"https:\/\/api.w.org\/{rel}","templated":true}]}}

<h1>Augen Blicke Afrika 2012</h1>
<p>&nbsp;</p>
<h2><a href="#francais"><img loading="lazy" decoding="async" class="alignright  wp-image-576" style="border: 0px none; margin: 0px;" title="version francaise" src="http://www.augen-blicke-afrika.de/blog/wp-content/uploads/2012/09/france-schrift.gif" alt="französische Fahne" width="60" height="34"></a></h2>
<p><strong>Wo:</strong> Studio-Kino Hamburg, Bernstorffstr. 93-95, Hamburg<br />
<strong>Wann:</strong> 18.-28. Oktober 2012<br />
<strong>Was:</strong> Zwölf Filme afrikanischer Regisseure &#8211; <a title="Programm" href="http://www.augen-blicke-afrika.de/blog/programm/">Zum Programm</a></p>
<div id="attachment_540" style="width: 310px" class="wp-caption alignright"><a href="http://www.augen-blicke-afrika.de/blog/wp-content/uploads/2012/09/peeping-tom.jpg"><img loading="lazy" decoding="async" aria-describedby="caption-attachment-540" class="size-medium wp-image-540 " title="peeping tom" src="http://www.augen-blicke-afrika.de/blog/wp-content/uploads/2012/09/peeping-tom-300x140.jpg" alt="Das Foto &quot;Peeping Tom&quot; des nigerianischen Künstlers Rotimi Fani-Kayode von 1989" width="300" height="140" srcset="https://www.augen-blicke-afrika.de/blog/wp-content/uploads/2012/09/peeping-tom-300x140.jpg 300w, https://www.augen-blicke-afrika.de/blog/wp-content/uploads/2012/09/peeping-tom-1024x478.jpg 1024w, https://www.augen-blicke-afrika.de/blog/wp-content/uploads/2012/09/peeping-tom-500x233.jpg 500w, https://www.augen-blicke-afrika.de/blog/wp-content/uploads/2012/09/peeping-tom.jpg 1401w" sizes="auto, (max-width: 300px) 100vw, 300px" /></a><p id="caption-attachment-540" class="wp-caption-text">Das Titelfoto &#8220;Peeping Tom&#8221; des nigerianischen Künstlers Rotimi Fani-Kayode von 1989</p></div>
<p>Wer den Fernseher anschaltet oder die Zeitungen aufschlägt und etwas über Afrika erfahren möchte, dem schlagen entweder die 3 K’s entgegen (Kriege, Krankheiten und Katastrophen) oder ihm wird ein idyllisches Dorfleben präsentiert, das mit der Lebenswirklichkeit vieler Afrikaner kaum noch etwas zu tun hat. Eine Berichterstattung über den Alltag in den Metropolen und Dörfern afrikanischer Länder oder darüber, was die Menschen dort wirklich bewegt, sucht man meist vergebens.</p>
<div id="attachment_474" style="width: 310px" class="wp-caption alignright"><img loading="lazy" decoding="async" aria-describedby="caption-attachment-474" class="size-medium wp-image-474 " title="Filmszene &quot;Un homme qui crie&quot;" src="http://www.augen-blicke-afrika.de/blog/wp-content/uploads/2012/09/motorrad-300x170.jpg" alt="Filmszene aus &quot;Un homme qui crie&quot;" width="300" height="170" srcset="https://www.augen-blicke-afrika.de/blog/wp-content/uploads/2012/09/motorrad-300x170.jpg 300w, https://www.augen-blicke-afrika.de/blog/wp-content/uploads/2012/09/motorrad.jpg 400w" sizes="auto, (max-width: 300px) 100vw, 300px" /><p id="caption-attachment-474" class="wp-caption-text">Filmszene aus &#8220;Un homme qui crie&#8221;</p></div>
<p>Mit unserem Filmfestival „Augen Blicke Afrika“ möchten wir dem etwas entgegensetzen. Im Mittelpunkt der Veranstaltungen im Studio-Kino Hamburg stehen aktuelle afrikanische Filmproduktionen, viele von ihnen vom größten afrikanischen Filmfestival FESPACO. Sie zeigen die ganze Bandbreite des Filmschaffens auf dem Kontinent: Cineastische Filme, Dokumentationen, Krimis und Spielfilme über Themen wie Generationenkonflikt, Missbrauch, Leben zwischen den Kulturen, Umgang mit Körperbehinderung, soziale Auseinandersetzungen, Politik und Musik. Neueste Videos junger nordafrikanischer Medienkünstler geben einen spannenden Einblick in eine sehr lebendige Szene.</p>
<div id="attachment_477" style="width: 160px" class="wp-caption alignleft"><img loading="lazy" decoding="async" aria-describedby="caption-attachment-477" class="size-thumbnail wp-image-477" title="un homme qui crie" src="http://www.augen-blicke-afrika.de/blog/wp-content/uploads/2012/09/thumb.php_-150x150.jpg" alt="Filmszene aus &quot;Un homme qui crie&quot;" width="150" height="150"><p id="caption-attachment-477" class="wp-caption-text">Filmszene aus &#8220;Un homme qui crie&#8221;</p></div>
<p>Der Blick durch die Augen afrikanischer Filmer eröffnet den Europäern ganz neue Perspektiven. Die „post independence generation“ afrikanischer Regisseure lebt und arbeitet teilweise in Europa, teils in ihren Herkunftsländern. So wandelt diese moderne „nomadische“ Lebens- und Arbeitsweise auch ihr Selbstverständnis. In ihren Werken entfaltet sich ein vielschichtiges und differenziertes Bild afrikanischer Wirklichkeiten und des Lebens in der Diaspora.</p>
<p>Wer das Thema „afrikanischer Blick“ auch theoretisch vertiefen möchte, dem bietet sich auf einem Symposium mit Fachleuten am 26.10. dazu Gelegenheit.</p>
<p>Selbstverständlich kommt auch das Feiern nicht zu kurz und so laden wir alle Freunde afrikanischer Musik ein, mit uns den erfolgreichen Abschluss des Festivals am 29.10. bei einer deutsch-afrikanischen Party in der &#8220;New Essbar&#8221; (Bahrenfelder Str. 221, gegenüber der Fabrik) ausgelassen zu feiern!</p>
<p>Die Veranstalter<br />
<em>(Doudou Condé, Hans-Jörg Heinrich, Jerome Jossin, Burkhard Leber, Swenja Schiemann und Ingrid Wernich sowie die Vereine Partnerschaft mit Guinea e.V. und W3 – Werkstatt für internationale Kultur und Politik e.V.)</em><br />
<a title="Zur Webseite des Vereins &quot;Partnerschaft mit Guinea e.V.&quot;" href="http://www.augen-blicke-afrika.de/blog/filme/un-hommet/" target="_blank" rel="noopener"><img loading="lazy" decoding="async" class="alignnone size-full wp-image-277" title="Partnerschaft mit Guinea e.V." src="http://www.augen-blicke-afrika.de/blog/wp-content/uploads/2012/09/guinea_vorwort.jpg" alt="Partnerschaft mit Guinea e.V." width="250" height="250" srcset="https://www.augen-blicke-afrika.de/blog/wp-content/uploads/2012/09/guinea_vorwort.jpg 250w, https://www.augen-blicke-afrika.de/blog/wp-content/uploads/2012/09/guinea_vorwort-150x150.jpg 150w" sizes="auto, (max-width: 250px) 100vw, 250px" /></a><a title="Zur Webseite der W3 - Werkstatt für internationale Kultur und Politik e.V." href="http://www.werkstatt3.de/" target="_blank" rel="noopener"><img loading="lazy" decoding="async" class="alignnone size-full wp-image-278" style="margin-left: 10px; margin-right: 10px; vertical-align: top;" title="Werkstatt 3 für internationale Kultur und Politik" src="http://www.augen-blicke-afrika.de/blog/wp-content/uploads/2012/09/w3_vorwort.jpg" alt="Werkstatt 3 für internationale Kultur und Politik" width="250" height="44"></a></p>
<p><a name="francais"></a></p>
<h2>Le préface</h2>
<p><strong>Oú:</strong> Studio-Cinema Hamburg, Berstraße. 93-95, Hamburg<br />
<strong>Quand:</strong> le 18-28. Octobre 2012<br />
<strong>Quoi:</strong> Les films de douze metteurs en scène africains seront projectés</p>
<p>Lorsqu´on allume la télévision ou qu´on voudrait apprendre quelque chose sur l´afrique, souvant on ne nous présente que le cliché, parce que l´image qui est vehiculée ici de l´afrique suggère un charmant village traditionennel et la vie d´une ydille comme des (guerres, maladies et catastrophes). Ces immages qu´on voit n´ont souvant rien avoire avec les realités africaines.</p>
<p>Nous voudrions montrer quelque chose dans notre festival cinématographique „Un clin d´oiel sur l´afrique“. Au centre de la serie du festival au Studio Hamburg se trouvent la production de films qui ont été montrées au dernier festival de film Fespaco à Ougandougou. Ces films montrent toute la vie dans la Diaspora de la création cinématographique sur le continent: des sujets comme le conflit de génération, abus, vie culturelles, les débats sociaux, la politique et musique. Les plus nouveaux vidéos de jeunes artistes de médias nord-africains donnent un aperçu captivant dans une scène très vivante.</p>
<p>Un clin d´oeil sur l´afrique ouvre tout à fait de nouveaux perpectives aux Européens. Cette génération après-independence, des metteurs en scène africains vit et travaille en partie en Europe, la plupart dans leurs pays d&#8217;origine et est toujours en mouvement comme „des cineastes africains“. Leur souci est de montrer une image complexe et differenciée des realités africaines ou de la vie dans la Diaspora.<br />
Les curieux sont invités au colloque qui se tiendra le 26/10/. On y discutera de la manière dont les africains voient la nouvelles Afrique. Ensuite, nous invitons tous les amis musicient africains á une soiré prévue le samedi 27/10 au New Essbar ( Bahrenfelder Str 221, á côté de „Fabrik“).</p>

<p>Augen Blicke Afrika 2012 &nbsp; Wo: Studio-Kino Hamburg, Bernstorffstr. 93-95, Hamburg Wann: 18.-28. Oktober 2012 Was: Zwölf Filme afrikanischer Regisseure &#8211; Zum Programm Wer den Fernseher anschaltet oder die Zeitungen aufschlägt und etwas über Afrika erfahren möchte, dem schlagen entweder &hellip; <a href="https://www.augen-blicke-afrika.de/blog/archiv/archiv-2012/vorwort/">Weiterlesen <span class="meta-nav">&rarr;</span></a></p>
