{"id":4218,"date":"2018-10-11T15:29:34","date_gmt":"2018-10-11T13:29:34","guid":{"rendered":"http:\/\/www.augen-blicke-afrika.de\/blog\/?page_id=4218"},"modified":"2023-09-05T20:38:48","modified_gmt":"2023-09-05T18:38:48","slug":"startseite-2018-a","status":"publish","type":"page","link":"https:\/\/www.augen-blicke-afrika.de\/blog\/startseite-2018-a\/","title":{"rendered":"Startseite 2018 a"},"content":{"rendered":"<h1><a title=\"A Breakup Dawn in Africa\" href=\"http:\/\/www.augen-blicke-afrika.de\/blog\/a-breakup-dawn-in-africa\/\"><img loading=\"lazy\" decoding=\"async\" class=\"alignright\" style=\"border: 0px none; margin: 0px;\" title=\"english\" src=\"http:\/\/www.augen-blicke-afrika.de\/blog\/wp-content\/uploads\/2013\/09\/engl-schrift-e1379972389153.gif\" alt=\"english\" width=\"60\" height=\"33\"><\/a><\/h1>\n<p class=\"header large\" style=\"color: #a9313f;\">Aufbruch in Afrika<br \/>\n<span class=\"subtitle\">Afrikanisches Kultur- und Filmfestival vom 15.9. bis 11.11.2018<\/span><\/p>\n<div><img decoding=\"async\" src=\"http:\/\/www.augen-blicke-afrika.de\/blog\/wp-content\/uploads\/2019\/02\/Focus1.jpg\" width=\"700px\"><\/div>\n<p>&nbsp;<\/p>\n<p><strong>Konzerte &#8211; Ausstellungen &#8211; Vortr\u00e4ge &#8211; Diskussionen &#8211; Filmfestival &#8211; Partys<br \/>\nin der Internationale Kulturfabrik Kampnagel, im G\u00e4ngeviertel Hamburg und im Studio-Kino<\/strong><\/p>\n<p>Unter dem Motto <strong>\u201eProtestbewegung in den Kunst- und Kulturszenen afrikanischer Metropolen und die Zukunft Afrikas\u201c<\/strong> werden Musiker, bildende K\u00fcnstler, Filmschaffende und Autoren aus den urbanen Kunstszenen sich und ihre Werke in der Stadt pr\u00e4sentieren. Der <strong>Schwerpunkt<\/strong> des Festivals liegt auf dem <strong>Senegal<\/strong>, wo die meisten eingeladenen K\u00fcnstler auch leben.<\/p>\n<p>Durch \u00f6ffentliche Aktionen, Massenevents, permanente Permormances, Ausstellungen und Stra\u00dfenk\u00fcnste wollen diese K\u00fcnstler in ihren Heimatl\u00e4ndern das Bewusstsein der Bev\u00f6lkerung sch\u00e4rfen und ver\u00e4ndern. Sie wollen ihnen Mut machen, ihre Rechte einzufordern und ihre Lebensperspektiven zu entwickeln. Daraus sind in vielen Metropolen Afrikas gro\u00dfe <strong>Protestbewegungen<\/strong> entstanden. Erkl\u00e4rtes Ziel ist es vor allem, den Stolz der Menschen auf das eigene Land, ihre Kultur und ihre Identit\u00e4t als Afrikaner wieder st\u00e4rker ins Bewusstsein zu bringen. Sie rufen die Menschen dazu auf, sich nicht auf den gef\u00e4hrlichen und langen Weg nach Europa oder den USA zu machen, sondern in ihrem Land, in ihrer Heimat zu bleiben und dort aktiv f\u00fcr bessere Lebensbedingungen zu k\u00e4mpfen<\/p>\n<p>Einige dieser <strong>K\u00fcnstler und Aktivisten<\/strong> stellen wir auf unserem afrikanischen Festival vor. Sie werden in Kooperation mit deutschen K\u00fcnstlern und Jugendlichen Projekte vor Ort erarbeiten, Workshops anbieten und gemeinsam auftreten.<\/p>\n","protected":false},"excerpt":{"rendered":"<p>Aufbruch in Afrika Afrikanisches Kultur- und Filmfestival vom 15.9. bis 11.11.2018 &nbsp; Konzerte &#8211; Ausstellungen &#8211; Vortr\u00e4ge &#8211; Diskussionen &#8211; Filmfestival &#8211; Partys in der Internationale Kulturfabrik Kampnagel, im G\u00e4ngeviertel Hamburg und im Studio-Kino Unter dem Motto \u201eProtestbewegung in den &hellip; <a href=\"https:\/\/www.augen-blicke-afrika.de\/blog\/startseite-2018-a\/\">Weiterlesen <span class=\"meta-nav\">&rarr;<\/span><\/a><\/p>\n","protected":false},"author":3,"featured_media":5126,"parent":0,"menu_order":0,"comment_status":"closed","ping_status":"closed","template":"afrika2018.php","meta":{"footnotes":""},"class_list":["post-4218","page","type-page","status-publish","has-post-thumbnail","hentry"],"_links":{"self":[{"href":"https:\/\/www.augen-blicke-afrika.de\/blog\/wp-json\/wp\/v2\/pages\/4218","targetHints":{"allow":["GET"]}}],"collection":[{"href":"https:\/\/www.augen-blicke-afrika.de\/blog\/wp-json\/wp\/v2\/pages"}],"about":[{"href":"https:\/\/www.augen-blicke-afrika.de\/blog\/wp-json\/wp\/v2\/types\/page"}],"author":[{"embeddable":true,"href":"https:\/\/www.augen-blicke-afrika.de\/blog\/wp-json\/wp\/v2\/users\/3"}],"replies":[{"embeddable":true,"href":"https:\/\/www.augen-blicke-afrika.de\/blog\/wp-json\/wp\/v2\/comments?post=4218"}],"version-history":[{"count":33,"href":"https:\/\/www.augen-blicke-afrika.de\/blog\/wp-json\/wp\/v2\/pages\/4218\/revisions"}],"predecessor-version":[{"id":7004,"href":"https:\/\/www.augen-blicke-afrika.de\/blog\/wp-json\/wp\/v2\/pages\/4218\/revisions\/7004"}],"wp:featuredmedia":[{"embeddable":true,"href":"https:\/\/www.augen-blicke-afrika.de\/blog\/wp-json\/wp\/v2\/media\/5126"}],"wp:attachment":[{"href":"https:\/\/www.augen-blicke-afrika.de\/blog\/wp-json\/wp\/v2\/media?parent=4218"}],"curies":[{"name":"wp","href":"https:\/\/api.w.org\/{rel}","templated":true}]}}