{"id":3405,"date":"2017-10-09T15:40:10","date_gmt":"2017-10-09T13:40:10","guid":{"rendered":"http:\/\/www.augen-blicke-afrika.de\/blog\/?page_id=3405"},"modified":"2025-11-03T02:21:23","modified_gmt":"2025-11-03T01:21:23","slug":"zinnaariya-the-wedding-ring","status":"publish","type":"page","link":"https:\/\/www.augen-blicke-afrika.de\/blog\/archiv\/archiv-2017\/filme-2017\/zinnaariya-the-wedding-ring\/","title":{"rendered":"Zin\u2019naariy\u00e2! \u2013 The Wedding Ring"},"content":{"rendered":"<table style=\"height: 356px;\" width=\"756\">\n<thead>\n<tr>\n<td>\n<p class=\"hide-if-no-js\"><a id=\"set-post-thumbnail\" class=\"thickbox\" title=\"Beitragsbild festlegen\" href=\"http:\/\/www.augen-blicke-afrika.de\/blog\/wp-admin\/media-upload.php?post_id=1368&amp;type=image&amp;TB_iframe=1\"><img loading=\"lazy\" decoding=\"async\" class=\"attachment-post-thumbnail alignnone\" src=\"http:\/\/www.augen-blicke-afrika.de\/blog\/wp-content\/uploads\/2017\/10\/dames-repas.jpg\" alt=\"Zin\u2019naariy\u00e2! \u2013 The Wedding Ring\" width=\"573\" height=\"340\"><\/a><\/p>\n<p>&nbsp;<\/p>\n<h1>Zin\u2019naariy\u00e2! \u2013 The Wedding Ring<\/h1>\n<h3>Niger 2016, R.: Rahmatou Ke\u00efta, 95 Min., Songhoy \/ Zarma \/ Hausa \/ Fulaani OF, engl. UT<\/h3>\n<\/td>\n<\/tr>\n<\/thead>\n<tbody>\n<tr>\n<td>Tiyaa kehrt nach ihrem Studium in Paris in ihr Heimatdorf im Niger zur\u00fcck. Sie wirkt in sich gekehrt und oft traurig. Vor ihren Augen taucht immer wieder ihr Leben in Frankreich auf und ein Mann, den sie hei\u00df und innig liebt. Der ist vor ihr in den Niger zur\u00fcckgekehrt, doch bei ihr gemeldet hat er sich nicht. Tiyaa verbringt viel Zeit mit anderen Frauen, h\u00f6rt sich ihre Geschichten von Liebe, Heirat, von Verlassenwerden und Scheidung an. Ihr wird erz\u00e4hlt, dass Liebe und Heirat in ihrer Gesellschaft zwei verschiedene Dinge sind: Liebe kommt aus dem K\u00f6rper, die Heirat liegt in Gottes Hand. Beides zusammen kann man nicht haben. Doch Tiyaa will das nicht akzeptieren, sie setzt alle Hoffnung in den Neumond \u2026 \u201eThe Wedding Ring\u201c ist ein Liebesfilm, der zugleich die verblassende Welt alter Rituale und Sitten der Sahel-Bewohner im Niger abbildet.<\/td>\n<\/tr>\n<tr>\n<td style=\"border-bottom: none;\">\n<p class=\"hide-if-no-js\"><a id=\"set-post-thumbnail\" class=\"thickbox\" title=\"Beitragsbild festlegen\" href=\"http:\/\/www.augen-blicke-afrika.de\/blog\/wp-admin\/media-upload.php?post_id=1368&amp;type=image&amp;TB_iframe=1\"><img loading=\"lazy\" decoding=\"async\" class=\"attachment-post-thumbnail alignleft\" src=\"http:\/\/www.augen-blicke-afrika.de\/blog\/wp-content\/uploads\/2017\/10\/aarija.jpg\" alt=\"Zin\u2019naariy\u00e2!\" width=\"191\" height=\"136\"><\/a><\/p>\n<p><strong>Rahmatou Ke\u00efta<\/strong> stammt aus einer Fulbe-Songai-Familie im Niger. Sie studierte in Paris Philosophie und Sprachwissenschaften. Sie lebt und arbeitet als Filmregisseurin, Journalistin und Autorin in Frankreich, realisierte aber auch Dokumentarfilme f\u00fcr das Fernsehen im Niger.<\/td>\n<\/tr>\n<\/tbody>\n<\/table>\n<p><iframe loading=\"lazy\" src=\"https:\/\/www.youtube.com\/embed\/iazi8tJVg4M\" allowfullscreen=\"allowfullscreen\" width=\"560\" height=\"315\" frameborder=\"0\"><\/iframe><\/p>\n","protected":false},"excerpt":{"rendered":"<p>&nbsp; Zin\u2019naariy\u00e2! \u2013 The Wedding Ring Niger 2016, R.: Rahmatou Ke\u00efta, 95 Min., Songhoy \/ Zarma \/ Hausa \/ Fulaani OF, engl. UT Tiyaa kehrt nach ihrem Studium in Paris in ihr Heimatdorf im Niger zur\u00fcck. Sie wirkt in sich &hellip; <a href=\"https:\/\/www.augen-blicke-afrika.de\/blog\/archiv\/archiv-2017\/filme-2017\/zinnaariya-the-wedding-ring\/\">Weiterlesen <span class=\"meta-nav\">&rarr;<\/span><\/a><\/p>\n","protected":false},"author":3,"featured_media":5126,"parent":4179,"menu_order":0,"comment_status":"closed","ping_status":"closed","template":"afrika2017.php","meta":{"footnotes":""},"class_list":["post-3405","page","type-page","status-publish","has-post-thumbnail","hentry"],"_links":{"self":[{"href":"https:\/\/www.augen-blicke-afrika.de\/blog\/wp-json\/wp\/v2\/pages\/3405","targetHints":{"allow":["GET"]}}],"collection":[{"href":"https:\/\/www.augen-blicke-afrika.de\/blog\/wp-json\/wp\/v2\/pages"}],"about":[{"href":"https:\/\/www.augen-blicke-afrika.de\/blog\/wp-json\/wp\/v2\/types\/page"}],"author":[{"embeddable":true,"href":"https:\/\/www.augen-blicke-afrika.de\/blog\/wp-json\/wp\/v2\/users\/3"}],"replies":[{"embeddable":true,"href":"https:\/\/www.augen-blicke-afrika.de\/blog\/wp-json\/wp\/v2\/comments?post=3405"}],"version-history":[{"count":8,"href":"https:\/\/www.augen-blicke-afrika.de\/blog\/wp-json\/wp\/v2\/pages\/3405\/revisions"}],"predecessor-version":[{"id":7045,"href":"https:\/\/www.augen-blicke-afrika.de\/blog\/wp-json\/wp\/v2\/pages\/3405\/revisions\/7045"}],"up":[{"embeddable":true,"href":"https:\/\/www.augen-blicke-afrika.de\/blog\/wp-json\/wp\/v2\/pages\/4179"}],"wp:featuredmedia":[{"embeddable":true,"href":"https:\/\/www.augen-blicke-afrika.de\/blog\/wp-json\/wp\/v2\/media\/5126"}],"wp:attachment":[{"href":"https:\/\/www.augen-blicke-afrika.de\/blog\/wp-json\/wp\/v2\/media?parent=3405"}],"curies":[{"name":"wp","href":"https:\/\/api.w.org\/{rel}","templated":true}]}}