{"id":3085,"date":"2016-10-11T13:37:24","date_gmt":"2016-10-11T11:37:24","guid":{"rendered":"http:\/\/www.augen-blicke-afrika.de\/blog\/?page_id=3085"},"modified":"2025-11-05T09:06:01","modified_gmt":"2025-11-05T08:06:01","slug":"ayanda","status":"publish","type":"page","link":"https:\/\/www.augen-blicke-afrika.de\/blog\/archiv\/archiv-2016\/filme-2016\/ayanda\/","title":{"rendered":"Ayanda"},"content":{"rendered":"<h1><strong>Ayanda<\/strong><\/h1>\n<p><span style=\"color: #000000;\"><span style=\"font-family: Arial,serif;\"><span style=\"font-size: large;\"><span lang=\"en-US\">S\u00fcdafrika 2015, <\/span><\/span><\/span><\/span><span style=\"font-family: Arial,serif;\"><span style=\"font-size: large;\"><span lang=\"en-US\">R.:<\/span><\/span><\/span><b> <\/b><span style=\"color: #000000;\"><span style=\"font-family: Arial,serif;\"><span style=\"font-size: large;\"><span lang=\"en-US\">Sara Blecher, 105 Min., OF, dt. UT<\/span><\/span><\/span><\/span><span style=\"color: #000000;\"><span style=\"font-family: Arial,serif;\"><span style=\"font-size: large;\"><a href=\"http:\/\/www.augen-blicke-afrika.de\/blog\/wp-content\/uploads\/2016\/10\/2222.jpg\"><img loading=\"lazy\" decoding=\"async\" class=\"size-medium wp-image-3152 alignright\" src=\"http:\/\/www.augen-blicke-afrika.de\/blog\/wp-content\/uploads\/2016\/10\/2222-300x200.jpg\" alt=\"2222\" width=\"300\" height=\"200\" srcset=\"https:\/\/www.augen-blicke-afrika.de\/blog\/wp-content\/uploads\/2016\/10\/2222-300x200.jpg 300w, https:\/\/www.augen-blicke-afrika.de\/blog\/wp-content\/uploads\/2016\/10\/2222-1024x683.jpg 1024w, https:\/\/www.augen-blicke-afrika.de\/blog\/wp-content\/uploads\/2016\/10\/2222-450x300.jpg 450w, https:\/\/www.augen-blicke-afrika.de\/blog\/wp-content\/uploads\/2016\/10\/2222-900x600.jpg 900w, https:\/\/www.augen-blicke-afrika.de\/blog\/wp-content\/uploads\/2016\/10\/2222.jpg 1200w\" sizes=\"auto, (max-width: 300px) 100vw, 300px\" \/><\/a><\/span><\/span><\/span><\/p>\n<p style=\"text-align: justify;\"><span style=\"font-family: Arial,serif;\"><span style=\"font-size: large;\">Ayandas Vater betreibt eine kleine Autowerkstatt in einem lebhafte<\/span><\/span><span style=\"font-family: Arial,serif;\"><span style=\"font-size: large;\">n Stadtteil von Johannesburg. Nach seinem pl\u00f6tzlichen Tod soll sie verkauft werden. Doch die 21-j\u00e4hrige Ayanda will das Erbe un<\/span><\/span><span style=\"font-family: Arial,serif;\"><span style=\"font-size: large;\">d damit auch die enge Verbundenheit mit ihrem Vater <\/span><\/span><span style=\"font-family: Arial,serif;\"><span style=\"font-size: large;\">nicht so einfach hergeben. Sie ersinnt eine neue Gesch\u00e4ftsidee: Gemeinsam mit dem Automechaniker David aus Nigeria und dem enthusiastischen Zoum will sie Oldtimer sanieren und weiterv<\/span><\/span><span style=\"font-family: Arial,serif;\"><span style=\"font-size: large;\">erkaufen.<\/span><\/span><\/p>\n<p><span style=\"font-family: Arial,serif;\"><span style=\"font-size: large;\">Ayandas Aufbruch ist ein Selbstfindungsprozess, der zugleich f\u00fcr Frauenemanzipation, Kreativit\u00e4t und multikulturelles Miteinander im heutigen S\u00fcdafrika steht, einem Land, <\/span><\/span><span style=\"color: #000000;\"><span style=\"font-family: Arial,serif;\"><span style=\"font-size: large;\">in dem viele Menschen vom afrikanischen Kontinent ein neues Zuhause suchen.<\/span><\/span><\/span><\/p>\n<h4><span style=\"text-decoration: underline;\">Biografie:<\/span><\/h4>\n<h4><span style=\"color: #000000;\"><span style=\"font-family: Arial,serif;\"><span style=\"font-size: large;\"><span lang=\"en-US\"><b>Sara Blecher<\/b><\/span><\/span><\/span><\/span><span style=\"color: #000000;\"><span style=\"font-family: Arial,serif;\"><span style=\"font-size: large;\"><span lang=\"en-US\">, geb. in Johannesburg, Regisseurin und Produzentin. Sie ist Mitbegr\u00fcnderin der s\u00fcdafrikanischen Produktionsfirma Cinga Productions. F\u00fcr ihren Spielfilm \u201cOtelo Burning\u201d 2011 erhielt sie weltweit zahlreiche Preise.<\/span><\/span><\/span><\/span><\/h4>\n<p><span style=\"font-family: Arial,serif;\"><span style=\"font-size: large;\">Fr. 11.11., 18 Uhr <\/span><\/span><\/p>\n<h4><em>Mit Regisseurin Sara Blecher<\/em><\/h4>\n<p><a href=\"https:\/\/www.youtube.com\/watch?v=BVzUMxjbmKk\">Trailer <\/a><\/p>\n","protected":false},"excerpt":{"rendered":"<p>Ayanda S\u00fcdafrika 2015, R.: Sara Blecher, 105 Min., OF, dt. UT Ayandas Vater betreibt eine kleine Autowerkstatt in einem lebhaften Stadtteil von Johannesburg. Nach seinem pl\u00f6tzlichen Tod soll sie verkauft werden. Doch die 21-j\u00e4hrige Ayanda will das Erbe und damit &hellip; <a href=\"https:\/\/www.augen-blicke-afrika.de\/blog\/archiv\/archiv-2016\/filme-2016\/ayanda\/\">Weiterlesen <span class=\"meta-nav\">&rarr;<\/span><\/a><\/p>\n","protected":false},"author":4,"featured_media":0,"parent":4192,"menu_order":0,"comment_status":"closed","ping_status":"closed","template":"afrika2016.php","meta":{"footnotes":""},"class_list":["post-3085","page","type-page","status-publish","hentry"],"_links":{"self":[{"href":"https:\/\/www.augen-blicke-afrika.de\/blog\/wp-json\/wp\/v2\/pages\/3085","targetHints":{"allow":["GET"]}}],"collection":[{"href":"https:\/\/www.augen-blicke-afrika.de\/blog\/wp-json\/wp\/v2\/pages"}],"about":[{"href":"https:\/\/www.augen-blicke-afrika.de\/blog\/wp-json\/wp\/v2\/types\/page"}],"author":[{"embeddable":true,"href":"https:\/\/www.augen-blicke-afrika.de\/blog\/wp-json\/wp\/v2\/users\/4"}],"replies":[{"embeddable":true,"href":"https:\/\/www.augen-blicke-afrika.de\/blog\/wp-json\/wp\/v2\/comments?post=3085"}],"version-history":[{"count":5,"href":"https:\/\/www.augen-blicke-afrika.de\/blog\/wp-json\/wp\/v2\/pages\/3085\/revisions"}],"predecessor-version":[{"id":12196,"href":"https:\/\/www.augen-blicke-afrika.de\/blog\/wp-json\/wp\/v2\/pages\/3085\/revisions\/12196"}],"up":[{"embeddable":true,"href":"https:\/\/www.augen-blicke-afrika.de\/blog\/wp-json\/wp\/v2\/pages\/4192"}],"wp:attachment":[{"href":"https:\/\/www.augen-blicke-afrika.de\/blog\/wp-json\/wp\/v2\/media?parent=3085"}],"curies":[{"name":"wp","href":"https:\/\/api.w.org\/{rel}","templated":true}]}}

<h1><strong>Ayanda</strong></h1>
<p><span style="color: #000000;"><span style="font-family: Arial,serif;"><span style="font-size: large;"><span lang="en-US">Südafrika 2015, </span></span></span></span><span style="font-family: Arial,serif;"><span style="font-size: large;"><span lang="en-US">R.:</span></span></span><b> </b><span style="color: #000000;"><span style="font-family: Arial,serif;"><span style="font-size: large;"><span lang="en-US">Sara Blecher, 105 Min., OF, dt. UT</span></span></span></span><span style="color: #000000;"><span style="font-family: Arial,serif;"><span style="font-size: large;"><a href="http://www.augen-blicke-afrika.de/blog/wp-content/uploads/2016/10/2222.jpg"><img loading="lazy" decoding="async" class="size-medium wp-image-3152 alignright" src="http://www.augen-blicke-afrika.de/blog/wp-content/uploads/2016/10/2222-300x200.jpg" alt="2222" width="300" height="200" srcset="https://www.augen-blicke-afrika.de/blog/wp-content/uploads/2016/10/2222-300x200.jpg 300w, https://www.augen-blicke-afrika.de/blog/wp-content/uploads/2016/10/2222-1024x683.jpg 1024w, https://www.augen-blicke-afrika.de/blog/wp-content/uploads/2016/10/2222-450x300.jpg 450w, https://www.augen-blicke-afrika.de/blog/wp-content/uploads/2016/10/2222-900x600.jpg 900w, https://www.augen-blicke-afrika.de/blog/wp-content/uploads/2016/10/2222.jpg 1200w" sizes="auto, (max-width: 300px) 100vw, 300px" /></a></span></span></span></p>
<p style="text-align: justify;"><span style="font-family: Arial,serif;"><span style="font-size: large;">Ayandas Vater betreibt eine kleine Autowerkstatt in einem lebhafte</span></span><span style="font-family: Arial,serif;"><span style="font-size: large;">n Stadtteil von Johannesburg. Nach seinem plötzlichen Tod soll sie verkauft werden. Doch die 21-jährige Ayanda will das Erbe un</span></span><span style="font-family: Arial,serif;"><span style="font-size: large;">d damit auch die enge Verbundenheit mit ihrem Vater </span></span><span style="font-family: Arial,serif;"><span style="font-size: large;">nicht so einfach hergeben. Sie ersinnt eine neue Geschäftsidee: Gemeinsam mit dem Automechaniker David aus Nigeria und dem enthusiastischen Zoum will sie Oldtimer sanieren und weiterv</span></span><span style="font-family: Arial,serif;"><span style="font-size: large;">erkaufen.</span></span></p>
<p><span style="font-family: Arial,serif;"><span style="font-size: large;">Ayandas Aufbruch ist ein Selbstfindungsprozess, der zugleich für Frauenemanzipation, Kreativität und multikulturelles Miteinander im heutigen Südafrika steht, einem Land, </span></span><span style="color: #000000;"><span style="font-family: Arial,serif;"><span style="font-size: large;">in dem viele Menschen vom afrikanischen Kontinent ein neues Zuhause suchen.</span></span></span></p>
<h4><span style="text-decoration: underline;">Biografie:</span></h4>
<h4><span style="color: #000000;"><span style="font-family: Arial,serif;"><span style="font-size: large;"><span lang="en-US"><b>Sara Blecher</b></span></span></span></span><span style="color: #000000;"><span style="font-family: Arial,serif;"><span style="font-size: large;"><span lang="en-US">, geb. in Johannesburg, Regisseurin und Produzentin. Sie ist Mitbegründerin der südafrikanischen Produktionsfirma Cinga Productions. Für ihren Spielfilm “Otelo Burning” 2011 erhielt sie weltweit zahlreiche Preise.</span></span></span></span></h4>
<p><span style="font-family: Arial,serif;"><span style="font-size: large;">Fr. 11.11., 18 Uhr </span></span></p>
<h4><em>Mit Regisseurin Sara Blecher</em></h4>
<p><a href="https://www.youtube.com/watch?v=BVzUMxjbmKk">Trailer </a></p>

<p>Ayanda Südafrika 2015, R.: Sara Blecher, 105 Min., OF, dt. UT Ayandas Vater betreibt eine kleine Autowerkstatt in einem lebhaften Stadtteil von Johannesburg. Nach seinem plötzlichen Tod soll sie verkauft werden. Doch die 21-jährige Ayanda will das Erbe und damit &hellip; <a href="https://www.augen-blicke-afrika.de/blog/archiv/archiv-2016/filme-2016/ayanda/">Weiterlesen <span class="meta-nav">&rarr;</span></a></p>
