{"id":2221,"date":"2015-09-23T16:39:37","date_gmt":"2015-09-23T14:39:37","guid":{"rendered":"http:\/\/www.augen-blicke-afrika.de\/blog\/?page_id=2221"},"modified":"2018-10-10T13:15:30","modified_gmt":"2018-10-10T11:15:30","slug":"le-trajectoire-dun-peuple-le-burkina-faso-revolution-mit-blossen-haenden","status":"publish","type":"page","link":"https:\/\/www.augen-blicke-afrika.de\/blog\/archiv\/archiv-2015\/filme-2015\/le-trajectoire-dun-peuple-le-burkina-faso-revolution-mit-blossen-haenden\/","title":{"rendered":"Le Trajectoire d&#8217;un Peuple. Le Burkina Faso \u2013  Revolution mit blo\u00dfen H\u00e4nden"},"content":{"rendered":"<table style=\"height: 356px;\" width=\"756\">\n<thead>\n<tr>\n<td>\n<p class=\"hide-if-no-js\"><a href=\"http:\/\/www.augen-blicke-afrika.de\/blog\/wp-content\/uploads\/2015\/09\/peuple.jpg\"><img loading=\"lazy\" decoding=\"async\" class=\"alignnone size-full wp-image-2195\" src=\"http:\/\/www.augen-blicke-afrika.de\/blog\/wp-content\/uploads\/2015\/09\/peuple.jpg\" alt=\"peuple\" width=\"500\" height=\"281\" srcset=\"https:\/\/www.augen-blicke-afrika.de\/blog\/wp-content\/uploads\/2015\/09\/peuple.jpg 500w, https:\/\/www.augen-blicke-afrika.de\/blog\/wp-content\/uploads\/2015\/09\/peuple-300x169.jpg 300w\" sizes=\"auto, (max-width: 500px) 100vw, 500px\" \/><\/a><\/p>\n<h1>Le Trajectoire d&#8217;un Peuple. Le Burkina Faso \u2013<br \/>\nRevolution mit blo\u00dfen H\u00e4nden<\/h1>\n<h3>Dokumentarfilm, Burkina Faso \/ Schweiz \/ Deutschland 2015,<br \/>\nR.: Moussa Ouedraogo \/ Hans-Georg Eberl, OF, Dt. UT, 90 Min.<\/h3>\n<\/td>\n<\/tr>\n<\/thead>\n<tbody>\n<tr>\n<td>Der Film ist ein Dokument der Erinnerung an den Aufstand am 30. und 31. Oktober 2014 in Burkina Faso, der den Sturz des fast 30-j\u00e4hrigen Regimes von Pr\u00e4sident Blaise Compaor\u00e9 herbeigef\u00fchrt hat. Unterschiedliche ProtagonistInnen des politischen Aufstandes blicken zur\u00fcck. Sie schildern die Hintergr\u00fcnde, warum Frauen, M\u00e4nner und vor allem Jugendliche sich ohne Waffen zu einem Nein gegen ein diktatorisches und militarisiertes Regime erhoben haben, in der \u00dcberzeugung, dass eine entschlossene Bev\u00f6lkerung im Stande ist, gegen jede noch so gro\u00dfe \u00dcbermacht zu siegen. Dar\u00fcber hinaus fragt der Film nach Hoffnungen und Erwartungen f\u00fcr eine zuk\u00fcnftige Gesellschaft: Eine Diktatur wurde gest\u00fcrzt, aber welche politischen und sozialen Ver\u00e4nderungen m\u00fcssen erst noch erreicht werden? Nicht zuletzt m\u00f6chte das Produktionsteam die Erfahrungen, die in Burkina Faso gemacht wurden, mit denjenigen teilen, die in Afrika und anderswo auf der Welt nach einer wirklichen demokratischen und gerechten Ver\u00e4nderung streben.<\/td>\n<\/tr>\n<tr>\n<td style=\"border-bottom: none;\">\n<p><strong>Dieser Film wurde entwickelt und realisiert mit einem Produktionsteam aus Burkina Faso.<\/strong><\/p>\n<p><strong>Moussa Ouedraogo<\/strong>, Filmemacher und Produzent. Dieser Film wurde entwickelt und realisiert mit einem Produktionsteam aus Burkina Faso.<br \/>\n<strong>Hans-Georg Eberl<\/strong>, bayrischer Links-Aktivist, Filmemacher und Produzent. Themenschwerpunkt: Asyl-und Abschiebepolitik.<\/td>\n<\/tr>\n<\/tbody>\n<\/table>\n<table style=\"height: 356px;\" width=\"756\">\n<tbody>\n<tr>\n<td style=\"border-bottom: none;\">Schwerpunkt: Jugend- und Protestbewegungen in Senegal und Burkina Faso<\/p>\n<h6><a href=\"http:\/\/www.augen-blicke-afrika.de\/blog\/wp-content\/uploads\/2014\/10\/LogoRLSHamburg.jpg\"><img loading=\"lazy\" decoding=\"async\" class=\"wp-image-1502 alignnone\" style=\"border: none; padding: 0px;\" src=\"http:\/\/www.augen-blicke-afrika.de\/blog\/wp-content\/uploads\/2014\/10\/LogoRLSHamburg.jpg\" alt=\"LogoRLSHamburg\" width=\"45\" height=\"45\" \/><br \/>\n<\/a><br \/>\nKooperation mit der Rosa Luxemburg Stiftung Hamburg<\/h6>\n<h6><a href=\"http:\/\/www.augen-blicke-afrika.de\/blog\/wp-content\/uploads\/2012\/09\/afriques-europe-interact.png\"><img loading=\"lazy\" decoding=\"async\" class=\"wp-image-2646 alignnone\" style=\"border: none; padding: 0px;\" src=\"http:\/\/www.augen-blicke-afrika.de\/blog\/wp-content\/uploads\/2012\/09\/afriques-europe-interact.png\" alt=\"afriques europe interact\" width=\"76\" height=\"35\" \/><\/a><\/h6>\n<h6><\/h6>\n<h6>Kooperation mit dem Netzwerk &#8220;afrique-europe-interact&#8221;.<\/h6>\n<\/td>\n<\/tr>\n<\/tbody>\n<\/table>\n<p>&nbsp;<\/p>\n","protected":false},"excerpt":{"rendered":"<p>Le Trajectoire d&#8217;un Peuple. Le Burkina Faso \u2013 Revolution mit blo\u00dfen H\u00e4nden Dokumentarfilm, Burkina Faso \/ Schweiz \/ Deutschland 2015, R.: Moussa Ouedraogo \/ Hans-Georg Eberl, OF, Dt. UT, 90 Min. Der Film ist ein Dokument der Erinnerung an den &hellip; <a href=\"https:\/\/www.augen-blicke-afrika.de\/blog\/archiv\/archiv-2015\/filme-2015\/le-trajectoire-dun-peuple-le-burkina-faso-revolution-mit-blossen-haenden\/\">Weiterlesen <span class=\"meta-nav\">&rarr;<\/span><\/a><\/p>\n","protected":false},"author":3,"featured_media":0,"parent":2076,"menu_order":0,"comment_status":"closed","ping_status":"closed","template":"afrika2015_oh.php","meta":{"footnotes":""},"class_list":["post-2221","page","type-page","status-publish","hentry"],"_links":{"self":[{"href":"https:\/\/www.augen-blicke-afrika.de\/blog\/wp-json\/wp\/v2\/pages\/2221","targetHints":{"allow":["GET"]}}],"collection":[{"href":"https:\/\/www.augen-blicke-afrika.de\/blog\/wp-json\/wp\/v2\/pages"}],"about":[{"href":"https:\/\/www.augen-blicke-afrika.de\/blog\/wp-json\/wp\/v2\/types\/page"}],"author":[{"embeddable":true,"href":"https:\/\/www.augen-blicke-afrika.de\/blog\/wp-json\/wp\/v2\/users\/3"}],"replies":[{"embeddable":true,"href":"https:\/\/www.augen-blicke-afrika.de\/blog\/wp-json\/wp\/v2\/comments?post=2221"}],"version-history":[{"count":9,"href":"https:\/\/www.augen-blicke-afrika.de\/blog\/wp-json\/wp\/v2\/pages\/2221\/revisions"}],"predecessor-version":[{"id":2815,"href":"https:\/\/www.augen-blicke-afrika.de\/blog\/wp-json\/wp\/v2\/pages\/2221\/revisions\/2815"}],"up":[{"embeddable":true,"href":"https:\/\/www.augen-blicke-afrika.de\/blog\/wp-json\/wp\/v2\/pages\/2076"}],"wp:attachment":[{"href":"https:\/\/www.augen-blicke-afrika.de\/blog\/wp-json\/wp\/v2\/media?parent=2221"}],"curies":[{"name":"wp","href":"https:\/\/api.w.org\/{rel}","templated":true}]}}

Le Trajectoire d&#8217;un Peuple. Le Burkina Faso –  Revolution mit bloßen Händen

<table style="height: 356px;" width="756">
<thead>
<tr>
<td>
<p class="hide-if-no-js"><a href="http://www.augen-blicke-afrika.de/blog/wp-content/uploads/2015/09/peuple.jpg"><img loading="lazy" decoding="async" class="alignnone size-full wp-image-2195" src="http://www.augen-blicke-afrika.de/blog/wp-content/uploads/2015/09/peuple.jpg" alt="peuple" width="500" height="281" srcset="https://www.augen-blicke-afrika.de/blog/wp-content/uploads/2015/09/peuple.jpg 500w, https://www.augen-blicke-afrika.de/blog/wp-content/uploads/2015/09/peuple-300x169.jpg 300w" sizes="auto, (max-width: 500px) 100vw, 500px" /></a></p>
<h1>Le Trajectoire d&#8217;un Peuple. Le Burkina Faso –<br />
Revolution mit bloßen Händen</h1>
<h3>Dokumentarfilm, Burkina Faso / Schweiz / Deutschland 2015,<br />
R.: Moussa Ouedraogo / Hans-Georg Eberl, OF, Dt. UT, 90 Min.</h3>
</td>
</tr>
</thead>
<tbody>
<tr>
<td>Der Film ist ein Dokument der Erinnerung an den Aufstand am 30. und 31. Oktober 2014 in Burkina Faso, der den Sturz des fast 30-jährigen Regimes von Präsident Blaise Compaoré herbeigeführt hat. Unterschiedliche ProtagonistInnen des politischen Aufstandes blicken zurück. Sie schildern die Hintergründe, warum Frauen, Männer und vor allem Jugendliche sich ohne Waffen zu einem Nein gegen ein diktatorisches und militarisiertes Regime erhoben haben, in der Überzeugung, dass eine entschlossene Bevölkerung im Stande ist, gegen jede noch so große Übermacht zu siegen. Darüber hinaus fragt der Film nach Hoffnungen und Erwartungen für eine zukünftige Gesellschaft: Eine Diktatur wurde gestürzt, aber welche politischen und sozialen Veränderungen müssen erst noch erreicht werden? Nicht zuletzt möchte das Produktionsteam die Erfahrungen, die in Burkina Faso gemacht wurden, mit denjenigen teilen, die in Afrika und anderswo auf der Welt nach einer wirklichen demokratischen und gerechten Veränderung streben.</td>
</tr>
<tr>
<td style="border-bottom: none;">
<p><strong>Dieser Film wurde entwickelt und realisiert mit einem Produktionsteam aus Burkina Faso.</strong></p>
<p><strong>Moussa Ouedraogo</strong>, Filmemacher und Produzent. Dieser Film wurde entwickelt und realisiert mit einem Produktionsteam aus Burkina Faso.<br />
<strong>Hans-Georg Eberl</strong>, bayrischer Links-Aktivist, Filmemacher und Produzent. Themenschwerpunkt: Asyl-und Abschiebepolitik.</td>
</tr>
</tbody>
</table>
<table style="height: 356px;" width="756">
<tbody>
<tr>
<td style="border-bottom: none;">Schwerpunkt: Jugend- und Protestbewegungen in Senegal und Burkina Faso</p>
<h6><a href="http://www.augen-blicke-afrika.de/blog/wp-content/uploads/2014/10/LogoRLSHamburg.jpg"><img loading="lazy" decoding="async" class="wp-image-1502 alignnone" style="border: none; padding: 0px;" src="http://www.augen-blicke-afrika.de/blog/wp-content/uploads/2014/10/LogoRLSHamburg.jpg" alt="LogoRLSHamburg" width="45" height="45" /><br />
</a><br />
Kooperation mit der Rosa Luxemburg Stiftung Hamburg</h6>
<h6><a href="http://www.augen-blicke-afrika.de/blog/wp-content/uploads/2012/09/afriques-europe-interact.png"><img loading="lazy" decoding="async" class="wp-image-2646 alignnone" style="border: none; padding: 0px;" src="http://www.augen-blicke-afrika.de/blog/wp-content/uploads/2012/09/afriques-europe-interact.png" alt="afriques europe interact" width="76" height="35" /></a></h6>
<h6></h6>
<h6>Kooperation mit dem Netzwerk &#8220;afrique-europe-interact&#8221;.</h6>
</td>
</tr>
</tbody>
</table>
<p>&nbsp;</p>

<p>Le Trajectoire d&#8217;un Peuple. Le Burkina Faso – Revolution mit bloßen Händen Dokumentarfilm, Burkina Faso / Schweiz / Deutschland 2015, R.: Moussa Ouedraogo / Hans-Georg Eberl, OF, Dt. UT, 90 Min. Der Film ist ein Dokument der Erinnerung an den &hellip; <a href="https://www.augen-blicke-afrika.de/blog/archiv/archiv-2015/filme-2015/le-trajectoire-dun-peuple-le-burkina-faso-revolution-mit-blossen-haenden/">Weiterlesen <span class="meta-nav">&rarr;</span></a></p>
