{"id":849,"date":"2013-09-18T18:02:03","date_gmt":"2013-09-18T16:02:03","guid":{"rendered":"http:\/\/www.augen-blicke-afrika.de\/blog\/?page_id=849"},"modified":"2025-11-06T11:13:19","modified_gmt":"2025-11-06T10:13:19","slug":"les-chevaux-de-dieu-die-pferde-gottes","status":"publish","type":"page","link":"http:\/\/www.augen-blicke-afrika.de\/blog\/archiv\/archiv-2013\/filme-2013\/les-chevaux-de-dieu-die-pferde-gottes\/","title":{"rendered":"Les Chevaux de Dieu \u2013 Die Pferde Gottes"},"content":{"rendered":"<style> .entry-title {display: block; margin: 0 0 -3% -6%;}<\/style>\n<p><em>Marokko, Frankreich, Belgien 2012, R.: Nabil Ayouch<\/em><br \/>\n<em>115 Min., OF m. engl. UT. Mit<strong> <\/strong>Abdelhakim Rachi, Abdelilah Rachid, Hamza Souidek, Ahmed El Idrissi Amrani<\/em><strong><\/strong><\/p>\n<p><img loading=\"lazy\" decoding=\"async\" class=\"alignleft size-full wp-image-920\" title=\"horses-of-god2\" src=\"http:\/\/www.augen-blicke-afrika.de\/blog\/wp-content\/uploads\/2013\/09\/horses-of-god2.jpg\" alt=\"Les Chevaux de Dieu \u2013 Die Pferde Gottes\" width=\"127\" height=\"169\">Es ist staubig und hektisch im Slum am Rande von Casablanca. Die Br\u00fcder Jachine und Hamid&nbsp; wachsen in einer Welt von Drogen und Kriminalit\u00e4t auf.<br \/>\nDie Mutter muss die Familie ern\u00e4hren, der Vater ist krank. Der 13 j\u00e4hrige Hamid ist nicht nur der Herr im Haus, sondern auch bei den Jungs in der Nachbarschaft als&nbsp; Boss anerkannt.<br \/>\nAls Hamid ins Gef\u00e4ngnis kommt und nach drei Jahren wieder entlassen wird, ist aus ihm ein religi\u00f6ser Eiferer geworden. Er \u00fcberzeugt Jachine und seine Kindheitsfreunde, sich den Islamisten anzuschlie\u00dfen. Eines Tages bekommen sie die Nachricht, dass sie auserw\u00e4hlt sind &#8211; als M\u00e4rtyrer.<\/p>\n<p><strong>Nabil Ayouch<\/strong>, geb.1969 in Paris, ist ein franz\u00f6sisch-marokkanischer Regisseur. Nach diversen Theater- und Regiekursen arbeitet Ayouch als Regieassistent, realisiert Werbespots und dreht schlie\u00dflich die ersten preisgekr\u00f6nten Kurzfilme, darunter<strong> \u201e<\/strong><a title=\"Les Pierres bleues du d\u00e9sert (Seite nicht vorhanden)\" href=\"http:\/\/de.wikipedia.org\/w\/index.php?title=Les_Pierres_bleues_du_d%C3%A9sert&amp;action=edit&amp;redlink=1\">Les Pierres bleues du d\u00e9sert<\/a><strong><em>\u201c<\/em><\/strong> mit <a title=\"Jamel Debbouze\" href=\"http:\/\/de.wikipedia.org\/wiki\/Jamel_Debbouze\">Jamel Debbouze<\/a>. 1997 kommt sein erster Langspielfilm in die Kinos \u201e<em>Mektoub<strong>\u201c<\/strong><\/em>, der zum Kassenschlager in Marokko wird. Im Jahr 2000 folgt der Spielfilm \u201e<em><a title=\"Ali Zaoua \u2013 Prince de la Rue (Seite nicht vorhanden)\" href=\"http:\/\/de.wikipedia.org\/w\/index.php?title=Ali_Zaoua_%E2%80%93_Prince_de_la_Rue&amp;action=edit&amp;redlink=1\">Ali Zaoua &#8211; Prince de la Rue<\/a>\u201c<\/em> .<\/p>\n<p><strong><em><a title=\"Les Chevaux de Dieu (Seite nicht vorhanden)\" href=\"http:\/\/de.wikipedia.org\/w\/index.php?title=Les_Chevaux_de_Dieu&amp;action=edit&amp;redlink=1\">Les Chevaux de Dieu<\/a><\/em><\/strong> (Die Pferde Gottes) wird 2012 bei den Filmfestspielen in Cannes in der Reihe <em><a title=\"Un Certain Regard\" href=\"http:\/\/de.wikipedia.org\/wiki\/Un_Certain_Regard\">Un Certain Regard<\/a><\/em> ausgezeichnet.<\/p>\n<p>Der Film ist inspiriert von den Anschl\u00e4gen in Casablanca, bei denen 2003 mehr als 40 Menschen starben.<\/p>\n<div id=\"attachment_921\" style=\"width: 529px\" class=\"wp-caption alignnone\"><img loading=\"lazy\" decoding=\"async\" aria-describedby=\"caption-attachment-921\" class=\"size-full wp-image-921\" title=\"horses-of-god\" src=\"http:\/\/www.augen-blicke-afrika.de\/blog\/wp-content\/uploads\/2013\/09\/horses-of-god.jpg\" alt=\"Les Chevaux de Dieu \u2013 Die Pferde Gottes\" width=\"519\" height=\"240\" srcset=\"http:\/\/www.augen-blicke-afrika.de\/blog\/wp-content\/uploads\/2013\/09\/horses-of-god.jpg 519w, http:\/\/www.augen-blicke-afrika.de\/blog\/wp-content\/uploads\/2013\/09\/horses-of-god-300x138.jpg 300w, http:\/\/www.augen-blicke-afrika.de\/blog\/wp-content\/uploads\/2013\/09\/horses-of-god-500x231.jpg 500w\" sizes=\"auto, (max-width: 519px) 100vw, 519px\" \/><p id=\"caption-attachment-921\" class=\"wp-caption-text\">Filmfotos &#8220;Les Chevaux de Dieu \u2013 Die Pferde Gottes&#8221;<\/p><\/div>\n<p><a href=\"javascript:history.back();\">Zur\u00fcck<\/a><\/p>\n","protected":false},"excerpt":{"rendered":"<p>Marokko, Frankreich, Belgien 2012, R.: Nabil Ayouch 115 Min., OF m. engl. UT. Mit Abdelhakim Rachi, Abdelilah Rachid, Hamza Souidek, Ahmed El Idrissi Amrani Es ist staubig und hektisch im Slum am Rande von Casablanca. Die Br\u00fcder Jachine und Hamid&nbsp; &hellip; <a href=\"http:\/\/www.augen-blicke-afrika.de\/blog\/archiv\/archiv-2013\/filme-2013\/les-chevaux-de-dieu-die-pferde-gottes\/\">Weiterlesen <span class=\"meta-nav\">&rarr;<\/span><\/a><\/p>\n","protected":false},"author":1,"featured_media":800,"parent":737,"menu_order":0,"comment_status":"closed","ping_status":"closed","template":"afrika2013.php","meta":{"footnotes":""},"class_list":["post-849","page","type-page","status-publish","has-post-thumbnail","hentry"],"_links":{"self":[{"href":"http:\/\/www.augen-blicke-afrika.de\/blog\/wp-json\/wp\/v2\/pages\/849","targetHints":{"allow":["GET"]}}],"collection":[{"href":"http:\/\/www.augen-blicke-afrika.de\/blog\/wp-json\/wp\/v2\/pages"}],"about":[{"href":"http:\/\/www.augen-blicke-afrika.de\/blog\/wp-json\/wp\/v2\/types\/page"}],"author":[{"embeddable":true,"href":"http:\/\/www.augen-blicke-afrika.de\/blog\/wp-json\/wp\/v2\/users\/1"}],"replies":[{"embeddable":true,"href":"http:\/\/www.augen-blicke-afrika.de\/blog\/wp-json\/wp\/v2\/comments?post=849"}],"version-history":[{"count":10,"href":"http:\/\/www.augen-blicke-afrika.de\/blog\/wp-json\/wp\/v2\/pages\/849\/revisions"}],"predecessor-version":[{"id":12694,"href":"http:\/\/www.augen-blicke-afrika.de\/blog\/wp-json\/wp\/v2\/pages\/849\/revisions\/12694"}],"up":[{"embeddable":true,"href":"http:\/\/www.augen-blicke-afrika.de\/blog\/wp-json\/wp\/v2\/pages\/737"}],"wp:featuredmedia":[{"embeddable":true,"href":"http:\/\/www.augen-blicke-afrika.de\/blog\/wp-json\/wp\/v2\/media\/800"}],"wp:attachment":[{"href":"http:\/\/www.augen-blicke-afrika.de\/blog\/wp-json\/wp\/v2\/media?parent=849"}],"curies":[{"name":"wp","href":"https:\/\/api.w.org\/{rel}","templated":true}]}}

<style> .entry-title {display: block; margin: 0 0 -3% -6%;}</style>
<p><em>Marokko, Frankreich, Belgien 2012, R.: Nabil Ayouch</em><br />
<em>115 Min., OF m. engl. UT. Mit<strong> </strong>Abdelhakim Rachi, Abdelilah Rachid, Hamza Souidek, Ahmed El Idrissi Amrani</em><strong></strong></p>
<p><img loading="lazy" decoding="async" class="alignleft size-full wp-image-920" title="horses-of-god2" src="http://www.augen-blicke-afrika.de/blog/wp-content/uploads/2013/09/horses-of-god2.jpg" alt="Les Chevaux de Dieu – Die Pferde Gottes" width="127" height="169">Es ist staubig und hektisch im Slum am Rande von Casablanca. Die Brüder Jachine und Hamid&nbsp; wachsen in einer Welt von Drogen und Kriminalität auf.<br />
Die Mutter muss die Familie ernähren, der Vater ist krank. Der 13 jährige Hamid ist nicht nur der Herr im Haus, sondern auch bei den Jungs in der Nachbarschaft als&nbsp; Boss anerkannt.<br />
Als Hamid ins Gefängnis kommt und nach drei Jahren wieder entlassen wird, ist aus ihm ein religiöser Eiferer geworden. Er überzeugt Jachine und seine Kindheitsfreunde, sich den Islamisten anzuschließen. Eines Tages bekommen sie die Nachricht, dass sie auserwählt sind &#8211; als Märtyrer.</p>
<p><strong>Nabil Ayouch</strong>, geb.1969 in Paris, ist ein französisch-marokkanischer Regisseur. Nach diversen Theater- und Regiekursen arbeitet Ayouch als Regieassistent, realisiert Werbespots und dreht schließlich die ersten preisgekrönten Kurzfilme, darunter<strong> „</strong><a title="Les Pierres bleues du désert (Seite nicht vorhanden)" href="http://de.wikipedia.org/w/index.php?title=Les_Pierres_bleues_du_d%C3%A9sert&amp;action=edit&amp;redlink=1">Les Pierres bleues du désert</a><strong><em>“</em></strong> mit <a title="Jamel Debbouze" href="http://de.wikipedia.org/wiki/Jamel_Debbouze">Jamel Debbouze</a>. 1997 kommt sein erster Langspielfilm in die Kinos „<em>Mektoub<strong>“</strong></em>, der zum Kassenschlager in Marokko wird. Im Jahr 2000 folgt der Spielfilm „<em><a title="Ali Zaoua – Prince de la Rue (Seite nicht vorhanden)" href="http://de.wikipedia.org/w/index.php?title=Ali_Zaoua_%E2%80%93_Prince_de_la_Rue&amp;action=edit&amp;redlink=1">Ali Zaoua &#8211; Prince de la Rue</a>“</em> .</p>
<p><strong><em><a title="Les Chevaux de Dieu (Seite nicht vorhanden)" href="http://de.wikipedia.org/w/index.php?title=Les_Chevaux_de_Dieu&amp;action=edit&amp;redlink=1">Les Chevaux de Dieu</a></em></strong> (Die Pferde Gottes) wird 2012 bei den Filmfestspielen in Cannes in der Reihe <em><a title="Un Certain Regard" href="http://de.wikipedia.org/wiki/Un_Certain_Regard">Un Certain Regard</a></em> ausgezeichnet.</p>
<p>Der Film ist inspiriert von den Anschlägen in Casablanca, bei denen 2003 mehr als 40 Menschen starben.</p>
<div id="attachment_921" style="width: 529px" class="wp-caption alignnone"><img loading="lazy" decoding="async" aria-describedby="caption-attachment-921" class="size-full wp-image-921" title="horses-of-god" src="http://www.augen-blicke-afrika.de/blog/wp-content/uploads/2013/09/horses-of-god.jpg" alt="Les Chevaux de Dieu – Die Pferde Gottes" width="519" height="240" srcset="http://www.augen-blicke-afrika.de/blog/wp-content/uploads/2013/09/horses-of-god.jpg 519w, http://www.augen-blicke-afrika.de/blog/wp-content/uploads/2013/09/horses-of-god-300x138.jpg 300w, http://www.augen-blicke-afrika.de/blog/wp-content/uploads/2013/09/horses-of-god-500x231.jpg 500w" sizes="auto, (max-width: 519px) 100vw, 519px" /><p id="caption-attachment-921" class="wp-caption-text">Filmfotos &#8220;Les Chevaux de Dieu – Die Pferde Gottes&#8221;</p></div>
<p><a href="javascript:history.back();">Zurück</a></p>

<p>Marokko, Frankreich, Belgien 2012, R.: Nabil Ayouch 115 Min., OF m. engl. UT. Mit Abdelhakim Rachi, Abdelilah Rachid, Hamza Souidek, Ahmed El Idrissi Amrani Es ist staubig und hektisch im Slum am Rande von Casablanca. Die Brüder Jachine und Hamid&nbsp; &hellip; <a href="http://www.augen-blicke-afrika.de/blog/archiv/archiv-2013/filme-2013/les-chevaux-de-dieu-die-pferde-gottes/">Weiterlesen <span class="meta-nav">&rarr;</span></a></p>
