{"id":7750,"date":"2023-10-03T08:09:56","date_gmt":"2023-10-03T06:09:56","guid":{"rendered":"http:\/\/www.augen-blicke-afrika.de\/blog\/?page_id=7750"},"modified":"2023-10-20T13:34:37","modified_gmt":"2023-10-20T11:34:37","slug":"vorwort-2023","status":"publish","type":"page","link":"http:\/\/www.augen-blicke-afrika.de\/blog\/vorwort-2023\/","title":{"rendered":"Vorwort 2023"},"content":{"rendered":"<p><iframe loading=\"lazy\" src=\"https:\/\/drive.google.com\/file\/d\/1rEX8iqF647h2s2qWFiAUsCXS_3TkkTNG\/preview\" width=\"640\" height=\"360\" allow=\"autoplay\"><\/iframe><\/p>\n<style>a {  font-weight: 900;}><\/style>\n<table style=\"border-bottom: none;\" border=\"0\" cellspacing=\"0\" cellpadding=\"0\">\n<tbody>\n<tr>\n<th style=\"width: 500px;\" colspan=\"2\">\n<h2><\/h2>\n<h2><span style=\"color: #000000;\">Afrikanisches Film Festival &#8220;AUGEN\u00a0BLICKE\u00a0AFRIKA&#8221;<\/span><\/h2>\n<h1><strong>Das Filmfestival startet am 09.11.2023<\/strong><\/h1>\n<\/th>\n<\/tr>\n<tr>\n<td style=\"width: 10px;\" colspan=\"2\">\n<h3><strong>Das Programmheft als PDF gibt es hier: <a title=\"Das Programmheft von Augen Blicke Afrika 2023 als pdf\" href=\"http:\/\/www.augen-blicke-afrika.de\/blog\/wp-content\/uploads\/2023\/10\/Augen-Blicke-Afrika-2023.pdf\" target=\"_blank\" rel=\"noopener noreferrer\">Programm 2023<\/a><\/strong><\/h3>\n<\/td>\n<\/tr>\n<\/tbody>\n<\/table>\n<h2><strong><strong>Liebe Freundinnen und Freunde des afrikanischen Films,<\/strong><\/strong><\/h2>\n<div class=\"just1\">zum 12. Mal pr\u00e4sentieren wir im Studio-Kino in Hamburg Altona eine hochkar\u00e4tige Auswahl von Filmen afrikanischer Regisseur*innen. Einen Gro\u00dfteil der Produktionen entdeckten wir vor Ort beim diesj\u00e4hrigen FESPACO Filmfestival in Ouagadougou.<br \/>\nW\u00e4hrend bei europ\u00e4ischen Filmfestivals in Berlin, M\u00fcnchen, Hamburg oder Cannes afrikanische Filme nach wie vor v\u00f6llig unterrepr\u00e4sentiert sind, kann ein interessiertes Publikum bei uns 30 Filme von afrikanischen Regisseur*innen sehen. Mehrere Filmemacher*innen werden zur Pr\u00e4sentation ihrer Werke anreisen und mit dem Publikum \u00fcber ihre Themenauswahl und die Produktionshintergr\u00fcnde diskutieren.<br \/>\nAuff\u00e4llig bei dem diesj\u00e4hrigen Filmangebot ist die gro\u00dfe Anzahl an Spielfilmen und nur wenigen Dokumentationen. Dies ist vermutlich auf die eingeschr\u00e4nkten Reisem\u00f6glichkeiten f\u00fcr Dokumentarfilmer*innen w\u00e4hrend der Corona Pandemie zur\u00fcckzuf\u00fchren.<br \/>\nDie Filmemacher*innen greifen Themen auf, die die Menschen in den afrikanischen L\u00e4ndern direkt und unmittelbar betreffen. Im Mittelpunkt stehen zunehmend Auswirkungen des globalen Klimawandels, von dem die Bev\u00f6lkerung in verschiedenen Regionen immer mehr betroffen ist. Die Themen Identit\u00e4tssuche und Selbstbestimmung ziehen sich wie ein roter Faden durch unsere Filmauswahl.<br \/>\n<a href=\"http:\/\/www.augen-blicke-afrika.de\/blog\/film-2023\/\/?film=240\" data-wplink-url-error=\"true\" data-wplink-edit=\"true\"><strong>Bant\u00fa Mama<\/strong><\/a>, <a href=\"http:\/\/www.augen-blicke-afrika.de\/blog\/film-2023\/\/?film=233\"><strong>Queens<\/strong><\/a> und <a href=\"http:\/\/www.augen-blicke-afrika.de\/blog\/film-2023\/\/?film=229\"><strong>Nayola<\/strong><\/a> stellen starke Frauen in den Mittelpunkt, die sich mutig auf den Weg machen. K\u00e4mpferischen Menschen, die sich ein Leben au\u00dferhalb einengender gesellschaftlicher Normen w\u00fcnschen, begegnen wir auch in den Filmen <a href=\"http:\/\/www.augen-blicke-afrika.de\/blog\/film-2023\/\/?film=241\"><strong>Banel &amp; Adams<\/strong><\/a>, <a href=\"http:\/\/www.augen-blicke-afrika.de\/blog\/film-2023\/\/?film=221\"><strong>The Dam<\/strong><\/a> und <a href=\"http:\/\/www.augen-blicke-afrika.de\/blog\/film-2023\/\/?film=219\"><strong>Xal\u00e9<\/strong><\/a>. Der Spielfilm <a href=\"http:\/\/www.augen-blicke-afrika.de\/blog\/film-2023\/\/?film=243\"><strong>All The Colours of The World Are Between Black And White<\/strong><\/a> greift sehr sensibel das Thema Homo\u00adsexualit\u00e4t auf. Die strafrechtliche Verfolgung von queeren Menschen nimmt in vielen L\u00e4ndern Afrikas zu.<br \/>\nTief in afrikanische Traditionen f\u00fchren uns die Filme <a href=\"http:\/\/www.augen-blicke-afrika.de\/blog\/film-2023\/\/?film=227\"><strong>Omen<\/strong><\/a>, <a href=\"http:\/\/www.augen-blicke-afrika.de\/blog\/film-2023\/\/?film=232\"><strong>Mami Wata<\/strong><\/a> und <strong><a href=\"http:\/\/www.augen-blicke-afrika.de\/blog\/film-2023\/\/?film=244\">AI: African Intelligence<\/a>.<\/strong> In <a href=\"http:\/\/www.augen-blicke-afrika.de\/blog\/film-2023\/\/?film=224\"><strong>Shimoni<\/strong><\/a> und <a href=\"http:\/\/www.augen-blicke-afrika.de\/blog\/film-2023\/\/?film=225\"><strong>Mon P\u00e8re, le Diable<\/strong><\/a> tauchen die Filmemacher*innen in tiefe psychische Konflikte und Traumata ein.<br \/>\nLeider beherrscht das Thema radikaler Islamismus noch immer viele afrikanische Gesellschaften. In <a href=\"http:\/\/www.augen-blicke-afrika.de\/blog\/film-2023\/\/?film=234\"><strong>Le Sermon des Proph\u00e8tes<\/strong><\/a> und <a href=\"http:\/\/www.augen-blicke-afrika.de\/blog\/film-2023\/\/?film=223\"><strong>Sira<\/strong><\/a> n\u00e4hern sich die Regisseur*innen aus Burkina Faso auf unterschiedliche Art und Weise diesem Thema.<br \/>\nNat\u00fcrlich gibt es auch wieder mitrei\u00dfende Musikfilme wie die Rock\u2019n Roll Romanze <strong><a href=\"http:\/\/www.augen-blicke-afrika.de\/blog\/film-2023\/\/?film=239\">Burning Casablanca<\/a>,<\/strong> den Hip-Hop-Film <a href=\"http:\/\/www.augen-blicke-afrika.de\/blog\/film-2023\/\/?film=238\"><strong>Casablanca Beats<\/strong><\/a> und eine Dokumentation \u00fcber den radikalen Ghetto-Rapper <a href=\"http:\/\/www.augen-blicke-afrika.de\/blog\/film-2023\/\/?film=230\"><strong>Mutant<\/strong><\/a> aus S\u00fcdafrika.<br \/>\nEin besonderes Event wird mit <a href=\"http:\/\/www.augen-blicke-afrika.de\/blog\/film-2023\/\/?film=245\"><strong>Above And Beyond \u2014 The Global Rise of Afro House<\/strong><\/a> eingeleitet. Den Dokumentarfilm \u00fcber die globale Afro House Szene in den USA, in vielen L\u00e4ndern Afrikas, aber auch in Berlin, zeigen wir im Club Baalsaal auf der Reeperbahn mit anschlie\u00dfender Party mit den <strong>DJ\u2019s <a href=\"http:\/\/hyenah.com\/\">Hyenah <\/a><\/strong>und<strong> Aziz<\/strong>.<br \/>\nEin hochpolitisches Thema behandelt der Film <a href=\"http:\/\/www.augen-blicke-afrika.de\/blog\/film-2023\/\/?film=236\"><strong>L&#8217;Argent, La Libert\u00e9, une histoire du Franc CFA<\/strong>,<\/a> den wir in Kooperation mit dem Kulturzentrum Afrotopia zeigen. Frankreich hatte kurz nach dem 2.\u00a0Weltkrieg acht L\u00e4nder seines Kolonialreichs zu der \u201eWestafrikanischen W\u00e4hrungsunion\u201c zusammengeschlossen. Der Film greift die dadurch entstandene Abh\u00e4ngigkeit von Frankreich auf und den Kampf gegen diesen Neokolonialismus, der nun seine aktuelle Fortsetzung in den L\u00e4ndern Mali, Burkina Faso und Niger findet. In einem anschlie\u00dfenden Gespr\u00e4ch mit dem Experten <strong>Ali Zafar<\/strong> diskutieren wir die wirtschaftliche und politische Dimension dieses W\u00e4hrungssystems.<br \/>\nEin Festival lebt von den pers\u00f6nlichen Begegnungen zwischen den Besuchern, den Filmemacher*innen, Kurator*innen und Festivalorganisator*innen. Um diesen Austausch zu erm\u00f6glichen, haben wir neben dem Studio-Kino einen Be\u00adgegnungsraum, die<strong> \u201eGekreuzten M\u00f6hrchen\u201c<\/strong>, f\u00fcr die Festivalzeit angemietet. Dort k\u00f6nnen sich die Besucher*innen in entspannter Atmosph\u00e4re bei Getr\u00e4nken und frisch zubereiteten afrikanischen Speisen \u00fcber die Filme austauschen.<br \/>\nAn zwei Tagen zeigen wir wie in den Vorjahren <a href=\"http:\/\/www.augen-blicke-afrika.de\/blog\/film-2023\/\/?film=256\"><strong>Virtual Reality Produktionen<\/strong><\/a> aus verschiedenen afrikanischen L\u00e4ndern in der Zentralbibliothek.<br \/>\nDas Filmfestival Augen Blicke Afrika wird am 9. November um 18.00 Uhr im Studio-Kino mit afrikanischer Livemusik, leckeren Snacks und einem Umtrunk er\u00f6ffnet.<\/div>\n<table style=\"border-collapse: collapse; width: 100%;\">\n<tbody>\n<tr>\n<td style=\"width: 70%; vertical-align: bottom; border-top: 0;\"><a href=\"http:\/\/www.augen-blicke-afrika.de\/blog\/wp-content\/uploads\/2023\/10\/Teamfoto-Programmheft-2023-01-e1696313048237.jpg\"><img loading=\"lazy\" decoding=\"async\" class=\"alignnone wp-image-6646 size-large\" style=\"border: 0;\" src=\"http:\/\/www.augen-blicke-afrika.de\/blog\/wp-content\/uploads\/2023\/10\/Teamfoto-Programmheft-2023-01-e1696313048237-768x537.jpg\" alt=\"\" width=\"768\" height=\"537\" data-wp-editing=\"1\" \/><\/a><\/td>\n<td style=\"width: 60%; vertical-align: bottom; border-top: 0;\">\n<h4>Die Vorbereitungsgruppe \u201eAugen Blicke Afrika\u201c:<br \/>\nMaja Petersen, Nali Conrad, Ingrid \u00adWernich, Cosima \u00adConrad, Hans-J\u00f6rg Heinrich, Rolf Denkewitz, \u00adBurkhard Leber.<\/h4>\n<\/td>\n<\/tr>\n<\/tbody>\n<\/table>\n<p style=\"line-height: 10%;\">\n<style> .center {width: 98%;  padding: 10px; font-size: 90%; background: rgba(255,255,255,0.3);}<\/style>\n<\/p>\n<div class=\"center\" align=\"justify\"><strong>Die Tickets zum Augenblicke Afrika Filmfest k\u00f6nnen unter:<br \/>\n<a href=\"https:\/\/www.studio-kino.de\/?inhalt=tickets.inc\" target=\"_blank\" rel=\"noopener noreferrer\">https:\/\/www.studio-kino.de<\/a> gekauft werden.<\/strong><br \/>\nReservierungen k\u00f6nnen gerne weiterhin telefonisch zu den \u00d6ffnungszeiten des Kinos get\u00e4tigt werden unter 040 \u2013 55 77 53 47. Abendkasse ist nat\u00fcrlich auch weiterhin m\u00f6glich.<br \/>\n<strong>Aus aktuellem Anlass w\u00fcrden wir aber das Online Ticketing bevorzugen.<\/strong><br \/>\n<strong><a href=\"http:\/\/www.studio-kino.de\/\" target=\"_blank\" rel=\"noreferrer noopener\">Studio-Kino<\/a><\/strong> Hamburg, Bernstorffstr. 93-95, 22767 Hamburg.<br \/>\n<strong>Eintritt 10,50 EUR \/ erm\u00e4\u00dfigt 8,50 EUR.<br \/>\nNEU: Jetzt gibt es auch einen Festivalpass: 70,00 \u20ac, erm\u00e4\u00dfigt 50,00 \u20ac<\/strong><\/p>\n<hr style=\"margin-bottom: 0px;\">\n<p><strong>Sondervorf\u00fchrungen im <a href=\"https:\/\/www.facebook.com\/baalsaal.club.official\/\">Baalsaal<\/strong> <\/a>(Reeperbahn 25). <strong>Eintritt 10,00 \u20ac<br \/>\nund im <a href=\"https:\/\/afrotopia.de\/\">Afrotopia <\/a><\/strong> (Biedermannpl. 19). <strong>Eintritt 10,00, erm\u00e4\u00dfigt 8,00 \u20ac<\/strong><br \/>\n<strong>Die VR-Filme laufen am 14.11 und 15.11. in&nbsp; der <a href=\"https:\/\/www.buecherhallen.de\/zentralbibliothek.html\">Zentralbibliothek<\/a><\/strong>, H\u00fchnerposten 1, 20097 Hamburg<strong><br \/>\nDer Eintritt ist frei.<\/strong><\/div>\n<p style=\"line-height: 10%;\">\n<style type=\"text\/css\" media=\"all\"><!-- .dsR1 \/*agl rulekind: base;*\/ { width: auto; } .dsR2 \/*agl rulekind: base;*\/ { width: 20px; } .dsR3 \/*agl rulekind: base;*\/ { width: 68px; } --><\/style>\n<\/p>\n<p style=\"line-height: 10%;\">\n","protected":false},"excerpt":{"rendered":"<p>Afrikanisches Film Festival &#8220;AUGEN\u00a0BLICKE\u00a0AFRIKA&#8221; Das Filmfestival startet am 09.11.2023 Das Programmheft als PDF gibt es hier: Programm 2023 Liebe Freundinnen und Freunde des afrikanischen Films, zum 12. Mal pr\u00e4sentieren wir im Studio-Kino in Hamburg Altona eine hochkar\u00e4tige Auswahl von Filmen &hellip; <a href=\"http:\/\/www.augen-blicke-afrika.de\/blog\/vorwort-2023\/\">Weiterlesen <span class=\"meta-nav\">&rarr;<\/span><\/a><\/p>\n","protected":false},"author":3,"featured_media":0,"parent":0,"menu_order":0,"comment_status":"closed","ping_status":"closed","template":"afrika2023.php","meta":{"footnotes":""},"class_list":["post-7750","page","type-page","status-publish","hentry"],"_links":{"self":[{"href":"http:\/\/www.augen-blicke-afrika.de\/blog\/wp-json\/wp\/v2\/pages\/7750","targetHints":{"allow":["GET"]}}],"collection":[{"href":"http:\/\/www.augen-blicke-afrika.de\/blog\/wp-json\/wp\/v2\/pages"}],"about":[{"href":"http:\/\/www.augen-blicke-afrika.de\/blog\/wp-json\/wp\/v2\/types\/page"}],"author":[{"embeddable":true,"href":"http:\/\/www.augen-blicke-afrika.de\/blog\/wp-json\/wp\/v2\/users\/3"}],"replies":[{"embeddable":true,"href":"http:\/\/www.augen-blicke-afrika.de\/blog\/wp-json\/wp\/v2\/comments?post=7750"}],"version-history":[{"count":62,"href":"http:\/\/www.augen-blicke-afrika.de\/blog\/wp-json\/wp\/v2\/pages\/7750\/revisions"}],"predecessor-version":[{"id":8121,"href":"http:\/\/www.augen-blicke-afrika.de\/blog\/wp-json\/wp\/v2\/pages\/7750\/revisions\/8121"}],"wp:attachment":[{"href":"http:\/\/www.augen-blicke-afrika.de\/blog\/wp-json\/wp\/v2\/media?parent=7750"}],"curies":[{"name":"wp","href":"https:\/\/api.w.org\/{rel}","templated":true}]}}