{"id":741,"date":"2013-09-11T18:05:19","date_gmt":"2013-09-11T16:05:19","guid":{"rendered":"http:\/\/www.augen-blicke-afrika.de\/blog\/?page_id=741"},"modified":"2022-09-18T15:58:08","modified_gmt":"2022-09-18T13:58:08","slug":"forderer-2013","status":"publish","type":"page","link":"http:\/\/www.augen-blicke-afrika.de\/blog\/archiv\/archiv-2013\/forderer-2013\/","title":{"rendered":"F\u00f6rderer"},"content":{"rendered":"<h1>Veranstalter<\/h1>\n<table style=\"border: 0;\">\n<tbody>\n<tr>\n<td style=\"border: 0;\">Augen Blicke Afrika e.V. in Kooperation mit dem Studio-Kino Hamburg und der W3 &#8211; Werkstatt f\u00fcr internationale Kultur und Politik e.V.<\/td>\n<\/tr>\n<tr>\n<td style=\"border: 0;\"><a id=\"sponsor\" href=\"http:\/\/www.werkstatt3.de\/\" target=\"_blank\" rel=\"noopener\"><img loading=\"lazy\" decoding=\"async\" src=\"http:\/\/www.augen-blicke-afrika.de\/blog\/wp-content\/uploads\/2013\/09\/w3_logo-anschrift_bla211123.gif\" alt=\"w3_logo+anschrift_bla211123\" width=\"279\" height=\"67\"><\/a><a id=\"sponsor\" href=\"http:\/\/www.studio-kino.de\/\" target=\"_blank\" rel=\"noopener\"><img loading=\"lazy\" decoding=\"async\" class=\"alignleft wp-image-1794 size-full\" src=\"http:\/\/www.augen-blicke-afrika.de\/blog\/wp-content\/uploads\/2013\/09\/Studio-Kino72649_Kopi211122.png\" alt=\"Studio Kino72649_Kopi211122\" width=\"117\" height=\"76\"><\/a><\/td>\n<\/tr>\n<tr>\n<td style=\"border: 0;\"><\/td>\n<\/tr>\n<tr>\n<td style=\"border: 0;\">Einzelne Veranstaltungen in Kooperation mit der Rosa Luxemburg Stiftung Hamburg,&nbsp; <em>umdenken<\/em> Heinrich-B\u00f6ll-Stiftung Hamburg e.V. (gef\u00f6rdert aus Mitteln der Landeszentrale f\u00fcr politische Bildung Hamburg, Queeramnesty, Lesben- und Schwulenverband in Deutschland (LSVD), Open School 21, AMNESTY INTERNATIONAL, Bezirk Hamburg, afrique-europe-interact und dem Asien-Afrika-Institut der Universit\u00e4t Hamburg.<\/td>\n<\/tr>\n<tr>\n<td style=\"border: 0;\"><a id=\"sponsor\" href=\"http:\/\/www.umdenken-boell.de\/de\" target=\"_blank\" rel=\"noopener\"><img loading=\"lazy\" decoding=\"async\" class=\"alignnone wp-image-1823\" src=\"http:\/\/www.augen-blicke-afrika.de\/blog\/wp-content\/uploads\/2014\/10\/bestes-umdenken-Logo1225611.png\" alt=\"bestes umdenken Logo1225611\" width=\"154\" height=\"75\"><\/a> <a id=\"sponsor\" href=\"http:\/\/hamburg.rosalux.de\/\" target=\"_blank\" rel=\"noopener\"><img loading=\"lazy\" decoding=\"async\" class=\"alignnone size-full wp-image-1824\" src=\"http:\/\/www.augen-blicke-afrika.de\/blog\/wp-content\/uploads\/2014\/10\/LogoRLSHamburg220498_211116.png\" alt=\"LogoRLSHamburg220498_211116\" width=\"70\" height=\"69\"><\/a> <a id=\"sponsor\" href=\"http:\/\/www.amnesty-hamburg.de\/\" target=\"_blank\" rel=\"noopener\"><img loading=\"lazy\" decoding=\"async\" class=\"alignnone size-full wp-image-1825\" src=\"http:\/\/www.augen-blicke-afrika.de\/blog\/wp-content\/uploads\/2014\/10\/AILogo_Kombi_S_HG2070712513.jpg\" alt=\"AILogo_Kombi_S_HG2070712513\" width=\"189\" height=\"69\"><\/a><\/td>\n<\/tr>\n<\/tbody>\n<\/table>\n<h1>F\u00f6rderer<\/h1>\n<table style=\"border: 0px none;\">\n<tbody>\n<tr>\n<td style=\"border: 0;\">Norddeutsche Stiftung fu\u0308r Umwelt und Entwicklung aus Ertr\u00e4gen der Lotterie BINGO! Die Umweltlotterie, Brot f\u00fcr die Welt &#8211; Evangelischer Entwicklungsdienst, Katholischer Fonds, Filmf\u00f6rderung Hamburg-Schleswig-Holstein, Landeszentrale f\u00fcr politische Bildung Hamburg, Umverteilen! &#8211; Stiftung f\u00fcr eine, solidarische Welt und Aktion Selbstbesteuerung e.V.<\/td>\n<\/tr>\n<tr>\n<td style=\"border: 0px none; vertical-align: top;\"><a id=\"sponsor\" href=\"http:\/\/www.nue-stiftung.de\/\" target=\"_blank\" rel=\"noopener\"><img loading=\"lazy\" decoding=\"async\" src=\"http:\/\/www.augen-blicke-afrika.de\/blog\/wp-content\/uploads\/2014\/10\/nue_blau_tif28926_Kop211129.png\" alt=\"\" width=\"152\" height=\"67\"><\/a> <a id=\"sponsor\" href=\"http:\/\/www.ndr.de\/fernsehen\/sendungen\/bingo_die_umweltlotterie\/index.html\" target=\"_blank\" rel=\"noopener\"><img loading=\"lazy\" decoding=\"async\" src=\"http:\/\/www.augen-blicke-afrika.de\/blog\/wp-content\/uploads\/2014\/10\/Picture215417_Kopie21.png\" alt=\"\" width=\"71\" height=\"67\"><\/a>&nbsp; <a id=\"sponsor\" href=\"http:\/\/www.katholischer-fonds.de\/\" target=\"_blank\" rel=\"noopener\"><img loading=\"lazy\" decoding=\"async\" class=\"alignnone wp-image-1909\" src=\"http:\/\/www.augen-blicke-afrika.de\/blog\/wp-content\/uploads\/2014\/10\/Logo-Katholischer-Fon211127.png\" alt=\"Logo-Katholischer-Fon211127\" width=\"95\" height=\"70\"><\/a> <a id=\"sponsor\" href=\"http:\/\/www.ffhsh.de\/sites\/de_1428.asp\" target=\"_blank\" rel=\"noopener\"><img loading=\"lazy\" decoding=\"async\" src=\"http:\/\/www.augen-blicke-afrika.de\/blog\/wp-content\/uploads\/2014\/10\/Logo-FFHSH-Vektor2891211130.png\" alt=\"\" width=\"114\" height=\"67\"><\/a><\/td>\n<\/tr>\n<\/tbody>\n<\/table>\n<h1>Kooperationspartner<\/h1>\n<table style=\"border: 0px none;\">\n<tbody>\n<tr>\n<td style=\"border: 0;\">FilmInitiativ K\u00f6ln, AfricAvenir International e.V., Kampnagel<\/td>\n<td style=\"border: 0px none; text-align: left; vertical-align: bottom;\" rowspan=\"2\">\n<h1><\/h1>\n<h1><a id=\"sponsor\" href=\"http:\/\/www.fespaco-bf.net\/\" target=\"_blank\" rel=\"noopener\">&nbsp; <\/a><\/h1>\n<h1><\/h1>\n<h1><\/h1>\n<\/td>\n<\/tr>\n<tr>\n<td style=\"border: 0px none; width: 400px; vertical-align: bottom;\"><a id=\"sponsor\" href=\"http:\/\/www.filminitiativ.de\/\" target=\"_blank\" rel=\"noopener\"><img loading=\"lazy\" decoding=\"async\" class=\"alignnone wp-image-1919\" src=\"http:\/\/www.augen-blicke-afrika.de\/blog\/wp-content\/uploads\/2014\/10\/Picture140724_Kopie12.png\" alt=\"Picture140724_Kopie12\" width=\"152\" height=\"45\">&nbsp; <\/a><a id=\"sponsor\" href=\"http:\/\/www.africavenir.org\/projects-germany.html\" target=\"_blank\" rel=\"noopener\"><img loading=\"lazy\" decoding=\"async\" class=\"alignnone wp-image-1920\" src=\"http:\/\/www.augen-blicke-afrika.de\/blog\/wp-content\/uploads\/2014\/10\/Picture220756_Kopie14-300x48.png\" alt=\"Picture220756_Kopie14\" width=\"239\" height=\"49\"><\/a><\/td>\n<\/tr>\n<\/tbody>\n<\/table>\n<h1>Medienpartner<\/h1>\n<table style=\"border: 0px none;\">\n<tbody>\n<tr>\n<td style=\"border: 0;\">\n<h1><a id=\"sponsor\" href=\"http:\/\/www.radiotriangula.de\/\" target=\"_blank\" rel=\"noopener\"><img loading=\"lazy\" decoding=\"async\" class=\"alignnone size-medium wp-image-1921\" src=\"http:\/\/www.augen-blicke-afrika.de\/blog\/wp-content\/uploads\/2014\/10\/Picture220543_Kopie15.png\" alt=\"Picture220543_Kopie15\" width=\"70\" height=\"73\"><\/a><\/h1>\n<\/td>\n<\/tr>\n<\/tbody>\n<\/table>\n<p>Radio Triangula, Afrika Outlook, Frolicious<\/p>\n","protected":false},"excerpt":{"rendered":"<p>Veranstalter Augen Blicke Afrika e.V. in Kooperation mit dem Studio-Kino Hamburg und der W3 &#8211; Werkstatt f\u00fcr internationale Kultur und Politik e.V. Einzelne Veranstaltungen in Kooperation mit der Rosa Luxemburg Stiftung Hamburg,&nbsp; umdenken Heinrich-B\u00f6ll-Stiftung Hamburg e.V. (gef\u00f6rdert aus Mitteln der &hellip; <a href=\"http:\/\/www.augen-blicke-afrika.de\/blog\/archiv\/archiv-2013\/forderer-2013\/\">Weiterlesen <span class=\"meta-nav\">&rarr;<\/span><\/a><\/p>\n","protected":false},"author":1,"featured_media":800,"parent":4188,"menu_order":0,"comment_status":"closed","ping_status":"closed","template":"afrika2014.php","meta":{"footnotes":""},"class_list":["post-741","page","type-page","status-publish","has-post-thumbnail","hentry"],"_links":{"self":[{"href":"http:\/\/www.augen-blicke-afrika.de\/blog\/wp-json\/wp\/v2\/pages\/741","targetHints":{"allow":["GET"]}}],"collection":[{"href":"http:\/\/www.augen-blicke-afrika.de\/blog\/wp-json\/wp\/v2\/pages"}],"about":[{"href":"http:\/\/www.augen-blicke-afrika.de\/blog\/wp-json\/wp\/v2\/types\/page"}],"author":[{"embeddable":true,"href":"http:\/\/www.augen-blicke-afrika.de\/blog\/wp-json\/wp\/v2\/users\/1"}],"replies":[{"embeddable":true,"href":"http:\/\/www.augen-blicke-afrika.de\/blog\/wp-json\/wp\/v2\/comments?post=741"}],"version-history":[{"count":80,"href":"http:\/\/www.augen-blicke-afrika.de\/blog\/wp-json\/wp\/v2\/pages\/741\/revisions"}],"predecessor-version":[{"id":6815,"href":"http:\/\/www.augen-blicke-afrika.de\/blog\/wp-json\/wp\/v2\/pages\/741\/revisions\/6815"}],"up":[{"embeddable":true,"href":"http:\/\/www.augen-blicke-afrika.de\/blog\/wp-json\/wp\/v2\/pages\/4188"}],"wp:featuredmedia":[{"embeddable":true,"href":"http:\/\/www.augen-blicke-afrika.de\/blog\/wp-json\/wp\/v2\/media\/800"}],"wp:attachment":[{"href":"http:\/\/www.augen-blicke-afrika.de\/blog\/wp-json\/wp\/v2\/media?parent=741"}],"curies":[{"name":"wp","href":"https:\/\/api.w.org\/{rel}","templated":true}]}}