{"id":6632,"date":"2022-10-10T10:11:53","date_gmt":"2022-10-10T08:11:53","guid":{"rendered":"http:\/\/www.augen-blicke-afrika.de\/blog\/?page_id=6632"},"modified":"2023-09-04T10:46:56","modified_gmt":"2023-09-04T08:46:56","slug":"vr","status":"publish","type":"page","link":"http:\/\/www.augen-blicke-afrika.de\/blog\/vr\/","title":{"rendered":"VR 2022"},"content":{"rendered":"<style> .pointer  {cursor: pointer; }<\/style>\n\n\n<h1 class=\"wp-block-heading\"><strong>Virtual Reality Film<\/strong><\/h1>\n\n\n<\/p>\n<p>Am <strong>1.11. &#8211; 2.11.2022<\/strong> l\u00e4uft der 52-min\u00fctige Film von 14 bis 18 Uhr jeweils zur vollen Stunde in der <strong>B\u00fccherhalle im Hamburg Haus Eimsb\u00fcttel<\/strong>, Doormannsweg 12.<br \/>Der Film wird individuell mit einer Oculus Go-Brille angesehen, wobei ein 360\u00b0 Eindruck entsteht.<br \/>Der Regisseur Daniel K\u00f6tter und seine Mitarbeiterin Olande Byamungu aus dem Kongo werden an beiden Tagen f\u00fcr ein Gespr\u00e4ch nach dem Film zur Verf\u00fcgung stehen.<br \/>Am Mittwoch, dem <strong>2.9. um 18 Uhr<\/strong> gibt es au\u00dferdem zu dem Thema einen ausf\u00fchrlichen <strong>Vortrag mit anschlie\u00dfender Diskussion.<\/strong> Dabei wird Olande Byamungu, eine enge Mitarbeiterin des Regisseurs Daniel K\u00f6tter, viel \u00fcber ihre Projekte mit Frauen im Bergbau im Kongo erz\u00e4hlen.<\/p>\n<p>Am <strong>8.11. &#8211; 9.11.2022<\/strong> l\u00e4uft der Film von 14 bis 18 Uhr jeweils zur vollen Stunde in der <strong>Zentralbibliothek<\/strong>, H\u00fchnerposten 1.<\/p>\n<p class=\"pointer\"><a href=\"http:\/\/www.augen-blicke-afrika.de\/blog\/film-2022?film=82\"><img loading=\"lazy\" decoding=\"async\" class=\"size-medium wp-image-4739 alignleft\" src=\"http:\/\/www.augen-blicke-afrika.de\/blog\/wp-content\/uploads\/2022\/09\/water_coltan_poster-225x300.jpg\" alt=\"Subira poster\" width=\"212\" height=\"300\"><br \/>&nbsp;<br \/>&nbsp;<br \/><strong>WATER &amp; COLTAN<\/strong><br \/><strong>Dokumentarfilm \/ Virtual Reality, Deutschland \/ D.R. Kongo, 2021, R.: Daniel K\u00f6tter in Zusammenarbeit mit Yasmien Bisimwa, Olande Byamungu und Christian C. Muhigwa, 52 Min., Swahili \/ Mashi OF OF, engl. UT<\/strong><\/a><\/p>\n<\/p>\n<h3>&nbsp;<\/h3>\n<p><strong>Voranmeldungen f\u00fcr das Anschauen der VR-Filme jeweils um 14, 15, 16 und 17 Uhr unter der eMail-Adresse: <a href=\"mailto:VR@augen-blicke-afrika.de\">VR@augen-blicke-afrika.de<\/a><br \/>Der Eintritt ist frei.<\/strong><\/p>","protected":false},"excerpt":{"rendered":"<p>Virtual Reality Film Am 1.11. &#8211; 2.11.2022 l\u00e4uft der 52-min\u00fctige Film von 14 bis 18 Uhr jeweils zur vollen Stunde in der B\u00fccherhalle im Hamburg Haus Eimsb\u00fcttel, Doormannsweg 12.Der Film wird individuell mit einer Oculus Go-Brille angesehen, wobei ein 360\u00b0 &hellip; <a href=\"http:\/\/www.augen-blicke-afrika.de\/blog\/vr\/\">Weiterlesen <span class=\"meta-nav\">&rarr;<\/span><\/a><\/p>\n","protected":false},"author":3,"featured_media":0,"parent":0,"menu_order":0,"comment_status":"closed","ping_status":"closed","template":"afrika2022.php","meta":{"footnotes":""},"class_list":["post-6632","page","type-page","status-publish","hentry"],"_links":{"self":[{"href":"http:\/\/www.augen-blicke-afrika.de\/blog\/wp-json\/wp\/v2\/pages\/6632","targetHints":{"allow":["GET"]}}],"collection":[{"href":"http:\/\/www.augen-blicke-afrika.de\/blog\/wp-json\/wp\/v2\/pages"}],"about":[{"href":"http:\/\/www.augen-blicke-afrika.de\/blog\/wp-json\/wp\/v2\/types\/page"}],"author":[{"embeddable":true,"href":"http:\/\/www.augen-blicke-afrika.de\/blog\/wp-json\/wp\/v2\/users\/3"}],"replies":[{"embeddable":true,"href":"http:\/\/www.augen-blicke-afrika.de\/blog\/wp-json\/wp\/v2\/comments?post=6632"}],"version-history":[{"count":58,"href":"http:\/\/www.augen-blicke-afrika.de\/blog\/wp-json\/wp\/v2\/pages\/6632\/revisions"}],"predecessor-version":[{"id":7531,"href":"http:\/\/www.augen-blicke-afrika.de\/blog\/wp-json\/wp\/v2\/pages\/6632\/revisions\/7531"}],"wp:attachment":[{"href":"http:\/\/www.augen-blicke-afrika.de\/blog\/wp-json\/wp\/v2\/media?parent=6632"}],"curies":[{"name":"wp","href":"https:\/\/api.w.org\/{rel}","templated":true}]}}