{"id":6056,"date":"2020-11-09T22:25:13","date_gmt":"2020-11-09T21:25:13","guid":{"rendered":"http:\/\/www.augen-blicke-afrika.de\/blog\/?page_id=6056"},"modified":"2022-09-18T17:15:00","modified_gmt":"2022-09-18T15:15:00","slug":"nachlese-2020","status":"publish","type":"page","link":"http:\/\/www.augen-blicke-afrika.de\/blog\/nachlese-2020\/","title":{"rendered":"Nachlese 2020"},"content":{"rendered":"<style>img {border: 0;}<\/style>\n<h2 style=\"text-align: center;\"><strong>Liebe Freund*innen des afrikanischen Filmfestivals<\/strong><\/h2>\n<h1 style=\"text-align: center;\"><strong>AUGEN BLICKE AFRIKA.<\/strong><\/h1>\n<p style=\"text-align: center;\">\n<strong>Nach vier Tagen hat unser Festival<\/strong> aufgrund des <strong>erneuten Lockdowns<\/strong> ein <strong>vorzeitiges <\/strong><strong>Ende<\/strong> finden mu\u0308ssen. Die Schlie\u00dfung aller kulturellen Veranstaltungsorte erfordert gro\u00dfe <strong>Solidarit\u00e4t mit der der ganzen Branche<\/strong>: mit Kino- und Konzertbetreiber*innen, mit Filmemacher*innen und Musiker*innen und mit allen, die viel Zeit und Ressourcen in die Umsetzung von pr\u00e4ventiven Ma\u00dfnahmen gesteckt haben. Auch wir als <strong>Festivalbetreibe<\/strong>r haben <strong>Solidarit\u00e4tsmails<\/strong> zum Weitermachen bekommen.<\/p>\n<p style=\"text-align: center;\"><a href=\"http:\/\/www.augen-blicke-afrika.de\/blog\/wp-content\/uploads\/2020\/11\/Nachlese-Foto-final-reduziert-1.jpg\"><img loading=\"lazy\" decoding=\"async\" class=\"alignnone  wp-image-6083\" src=\"http:\/\/www.augen-blicke-afrika.de\/blog\/wp-content\/uploads\/2020\/11\/Nachlese-Foto-final-reduziert-1.jpg\" alt=\"\" width=\"500\" height=\"337\"><\/a><\/p>\n<p style=\"text-align: center;\">Leider mussten wir allen angeku\u0308ndigten <strong>Regisseur*innen eine Absage<\/strong> erteilen,<br \/>\nschon gebuchte Flu\u0308ge streichen und auch auf unsere geliebte Abschlussparty mit<br \/>\nafrikanischer Musik verzichten. Auch konnten die drei Tage mit <strong>VR-Filmen<\/strong> in der<br \/>\nBu\u0308cherhalle Altona <strong>nicht stattfinden<\/strong>.<\/p>\n<p style=\"text-align: center;\"><a href=\"http:\/\/www.augen-blicke-afrika.de\/blog\/wp-content\/uploads\/2020\/11\/Nachlese-Foto-final-reduziert-2.jpg\"><img loading=\"lazy\" decoding=\"async\" class=\"alignnone  wp-image-6082\" src=\"http:\/\/www.augen-blicke-afrika.de\/blog\/wp-content\/uploads\/2020\/11\/Nachlese-Foto-final-reduziert-2.jpg\" alt=\"\" width=\"500\" height=\"337\"><\/a><a href=\"http:\/\/www.augen-blicke-afrika.de\/blog\/wp-content\/uploads\/2020\/11\/Nachlese-Foto-final-reduziert-6.jpg\"><img loading=\"lazy\" decoding=\"async\" class=\"alignnone  wp-image-6078\" src=\"http:\/\/www.augen-blicke-afrika.de\/blog\/wp-content\/uploads\/2020\/11\/Nachlese-Foto-final-reduziert-6.jpg\" alt=\"\" width=\"250\" height=\"171\"><\/a><a href=\"http:\/\/www.augen-blicke-afrika.de\/blog\/wp-content\/uploads\/2020\/11\/Nachlese-Foto-final-reduziert-8.jpg\"><img loading=\"lazy\" decoding=\"async\" class=\"alignnone  wp-image-6076\" src=\"http:\/\/www.augen-blicke-afrika.de\/blog\/wp-content\/uploads\/2020\/11\/Nachlese-Foto-final-reduziert-8.jpg\" alt=\"\" width=\"249\" height=\"171\"><\/a><a href=\"http:\/\/www.augen-blicke-afrika.de\/blog\/wp-content\/uploads\/2020\/11\/Nachlese-Foto-final-reduziert-4.jpg\"><img loading=\"lazy\" decoding=\"async\" class=\"alignnone  wp-image-6080\" src=\"http:\/\/www.augen-blicke-afrika.de\/blog\/wp-content\/uploads\/2020\/11\/Nachlese-Foto-final-reduziert-4.jpg\" alt=\"\" width=\"250\" height=\"171\"><\/a><a href=\"http:\/\/www.augen-blicke-afrika.de\/blog\/wp-content\/uploads\/2020\/11\/Nachlese-Foto-final-reduziert-3.jpg\"><img loading=\"lazy\" decoding=\"async\" class=\"alignnone  wp-image-6081\" src=\"http:\/\/www.augen-blicke-afrika.de\/blog\/wp-content\/uploads\/2020\/11\/Nachlese-Foto-final-reduziert-3.jpg\" alt=\"\" width=\"249\" height=\"170\"><\/a><\/p>\n<p style=\"text-align: center;\">Trotz der schwierigen Situation sind wir mit Elan in die verbleibenden vier Tage unseres<br \/>\nFestivals eingetaucht. Zwei der Filme waren ausverkauft und auch die anderen<br \/>\ngut besucht. Die <strong>Atmosph\u00e4re war heiter<\/strong> und nach jedem Film fand wie immer eine spannende Diskussion im Kinosaal statt. Aufgrund des <strong>guten Hygienekonzepts<\/strong> des Kinos gab es keinerlei Schwierigkeiten weder beim Einlass noch im Saal.<\/p>\n<p style=\"text-align: center;\"><a href=\"http:\/\/www.augen-blicke-afrika.de\/blog\/wp-content\/uploads\/2020\/11\/Nachlese-Foto-final-reduziert-5.jpg\"><img loading=\"lazy\" decoding=\"async\" class=\"alignnone  wp-image-6079\" src=\"http:\/\/www.augen-blicke-afrika.de\/blog\/wp-content\/uploads\/2020\/11\/Nachlese-Foto-final-reduziert-5.jpg\" alt=\"\" width=\"250\" height=\"169\"><\/a><a href=\"http:\/\/www.augen-blicke-afrika.de\/blog\/wp-content\/uploads\/2020\/11\/Nachlese-Foto-final-reduziert-7.jpg\"><img loading=\"lazy\" decoding=\"async\" class=\"alignnone  wp-image-6077\" src=\"http:\/\/www.augen-blicke-afrika.de\/blog\/wp-content\/uploads\/2020\/11\/Nachlese-Foto-final-reduziert-7.jpg\" alt=\"\" width=\"251\" height=\"169\"><\/a><\/p>\n<p style=\"text-align: center;\">Wegen der vorgegebenen begrenzten Zuschauerzahl zeigten wir den Er\u00f6ffnungsfilm<br \/>\nzweimal hintereinander. Mit einem Glas Wein am Platz konnten sich die G\u00e4ste<br \/>\nmit <strong>wundersch\u00f6ner Kora- und Gitarrenmusik des Duos Samba Ndiaye und<\/strong><br \/>\n<strong>Gottfried Koch<\/strong> in die Festivaltage einstimmen.<a href=\"http:\/\/www.augen-blicke-afrika.de\/blog\/wp-content\/uploads\/2020\/11\/Nachlese-Foto-final-reduziert-9.jpg\"><img loading=\"lazy\" decoding=\"async\" class=\"alignnone  wp-image-6075\" src=\"http:\/\/www.augen-blicke-afrika.de\/blog\/wp-content\/uploads\/2020\/11\/Nachlese-Foto-final-reduziert-9.jpg\" alt=\"\" width=\"496\" height=\"361\"><\/a><\/p>\n<p style=\"text-align: center;\">Der <strong>Er\u00f6ffnungsfilm \u201eYou Will Die At Twenty\u201c<\/strong> vom sudanesischen Filmemacher<br \/>\nAmjad Abu Alala hatte ein nahezu ausverkauftes Kino. Der Film bestach durch seine<br \/>\nbeeindruckenden Bilder, die Schauspielern und den Plot.<a href=\"http:\/\/www.augen-blicke-afrika.de\/blog\/wp-content\/uploads\/2020\/11\/Nachlese-Foto-final-reduziert-10.jpg\"><img loading=\"lazy\" decoding=\"async\" class=\"alignnone  wp-image-6074\" src=\"http:\/\/www.augen-blicke-afrika.de\/blog\/wp-content\/uploads\/2020\/11\/Nachlese-Foto-final-reduziert-10.jpg\" alt=\"\" width=\"501\" height=\"216\"><\/a><\/p>\n<p style=\"text-align: center;\">Der Dokumentarfilm <strong>\u201eSysteme K\u201c<\/strong> aus der D.R. Kongo hatte ein ausverkauftes Haus und wurde anschlie\u00dfend intensiv vom anwesenden Publikum diskutiert. Hervorgehoben wurde der oft physisch-k\u00f6rperliche Einsatz der Ku\u0308nstler*innen auf den Stra\u00dfen der 20 Millionen Stadt Kinshasa, was zuweilen zu Verhaftungen oder Abbruch bei ihren Kunstaktionen fu\u0308hrte.<a href=\"http:\/\/www.augen-blicke-afrika.de\/blog\/wp-content\/uploads\/2020\/11\/Nachlese-Foto-final-reduziert-13.jpg\"><img loading=\"lazy\" decoding=\"async\" class=\"alignnone  wp-image-6071\" src=\"http:\/\/www.augen-blicke-afrika.de\/blog\/wp-content\/uploads\/2020\/11\/Nachlese-Foto-final-reduziert-13.jpg\" alt=\"\" width=\"401\" height=\"536\"><\/a><\/p>\n<p style=\"text-align: center;\">Es wurde vom Publikum der Mut dieser Ku\u0308nstler bewundert und die Erkenntnis<br \/>\ngewonnen, dass diese Art des ku\u0308nstlerischen Schaffens nur aus den dortigen Lebensumst\u00e4nden heraus entstehen kann.<\/p>\n<p style=\"text-align: center;\"><a href=\"http:\/\/www.augen-blicke-afrika.de\/blog\/wp-content\/uploads\/2020\/11\/Nachlese-Foto-final-reduziert-11.jpg\"><img loading=\"lazy\" decoding=\"async\" class=\"alignnone  wp-image-6073\" src=\"http:\/\/www.augen-blicke-afrika.de\/blog\/wp-content\/uploads\/2020\/11\/Nachlese-Foto-final-reduziert-11.jpg\" alt=\"\" width=\"249\" height=\"168\"><\/a><a href=\"http:\/\/www.augen-blicke-afrika.de\/blog\/wp-content\/uploads\/2020\/11\/Nachlese-Foto-final-reduziert-12.jpg\"><img loading=\"lazy\" decoding=\"async\" class=\"alignnone  wp-image-6072\" src=\"http:\/\/www.augen-blicke-afrika.de\/blog\/wp-content\/uploads\/2020\/11\/Nachlese-Foto-final-reduziert-12.jpg\" alt=\"\" width=\"249\" height=\"168\"><\/a><\/p>\n<p style=\"text-align: center;\">Der Film <strong>\u201eFig Tree\u201c<\/strong> greift ein wenig bekanntes Kapitel der in \u00c4thiopien lebenden Juden auf, die aufgrund zunehmender Verfolgung in den 1980-er Jahren nach Israel emigrieren wollten.<br \/>\nDie Geschichte der Vertreibung flie\u00dft ein in eine Liebesgeschichte zwischen einer jungen Ju\u0308din und einem jungen Christen, die tragisch endet.<a href=\"http:\/\/www.augen-blicke-afrika.de\/blog\/wp-content\/uploads\/2020\/11\/Nachlese-Foto-final-reduziert-16.jpg\"><img loading=\"lazy\" decoding=\"async\" class=\"alignnone  wp-image-6068\" src=\"http:\/\/www.augen-blicke-afrika.de\/blog\/wp-content\/uploads\/2020\/11\/Nachlese-Foto-final-reduziert-16.jpg\" alt=\"\" width=\"499\" height=\"284\"><\/a><\/p>\n<p style=\"text-align: center;\">In den drei hervorragend produzierten <strong>nordafrikanischen Filmen \u201eA Son\u201c,<\/strong><br \/>\n<strong>\u201eSofia\u201c und \u201eSouth Terminal\u201c<\/strong> geht es um soziale und ethische Konflikte, die in<br \/>\ndiesen Gesellschaften in den letzten Jahren heftig ausgetragen werden. Immer<br \/>\nwieder wurde das hohe Niveau der Kamerafu\u0308hrung und der Schauspieler von Zuschauern betont.<\/p>\n<p style=\"text-align: center;\"><a href=\"http:\/\/www.augen-blicke-afrika.de\/blog\/wp-content\/uploads\/2020\/11\/Nachlese-Foto-final-reduziert-14.jpg\"><img loading=\"lazy\" decoding=\"async\" class=\"alignnone  wp-image-6070\" src=\"http:\/\/www.augen-blicke-afrika.de\/blog\/wp-content\/uploads\/2020\/11\/Nachlese-Foto-final-reduziert-14.jpg\" alt=\"\" width=\"250\" height=\"169\"><\/a><a href=\"http:\/\/www.augen-blicke-afrika.de\/blog\/wp-content\/uploads\/2020\/11\/Nachlese-Foto-final-reduziert-15.jpg\"><img loading=\"lazy\" decoding=\"async\" class=\"alignnone  wp-image-6069\" src=\"http:\/\/www.augen-blicke-afrika.de\/blog\/wp-content\/uploads\/2020\/11\/Nachlese-Foto-final-reduziert-15.jpg\" alt=\"\" width=\"251\" height=\"169\"><\/a><\/p>\n<p style=\"text-align: center;\">Die beiden Psychodramen <strong>\u201eLusala\u201c<\/strong> aus Kenia und <strong>\u201eDesranges\u201c<\/strong> aus Burkina<br \/>\nFaso waren fu\u0308r manche eine harte Kost, bestachen aber mit den hervorragenden<br \/>\nSchauspielern und der spannungsgeladenen Handlung.<\/p>\n<p style=\"text-align: center;\"><a href=\"http:\/\/www.augen-blicke-afrika.de\/blog\/wp-content\/uploads\/2020\/11\/Nachlese-Foto-final-reduziert-20.jpg\"><img loading=\"lazy\" decoding=\"async\" class=\"alignnone  wp-image-6064\" src=\"http:\/\/www.augen-blicke-afrika.de\/blog\/wp-content\/uploads\/2020\/11\/Nachlese-Foto-final-reduziert-20.jpg\" alt=\"\" width=\"250\" height=\"144\"><\/a> <a href=\"http:\/\/www.augen-blicke-afrika.de\/blog\/wp-content\/uploads\/2020\/11\/Nachlese-Foto-final-reduziert-19.jpg\"><img loading=\"lazy\" decoding=\"async\" class=\"alignnone  wp-image-6065\" src=\"http:\/\/www.augen-blicke-afrika.de\/blog\/wp-content\/uploads\/2020\/11\/Nachlese-Foto-final-reduziert-19.jpg\" alt=\"\" width=\"249\" height=\"144\"><\/a><\/p>\n<p style=\"text-align: center;\">In ku\u0308nstlerisch beindruckenden Montagen sowohl auf visueller als auch audiophoner<br \/>\nEbene erz\u00e4hlten der Dokumentarfilm <strong>\u201eThe Sound of Masks\u201c<\/strong> aus Mosambik<br \/>\nund die <strong>Kurzfilme<\/strong> zweier kongolesischer Filmemacher u\u0308ber alte und neue Gesellschaftsbilder ihrer Heimat.<\/p>\n<p style=\"text-align: center;\">Der in Belgien lebende vielseitige Ku\u0308nstler <strong>\u201eBalodji\u201c<\/strong> konnte leider aufgrund der<br \/>\nPandemie nicht einreisen. Umso mehr diskutierte das Publikum unter sich die<br \/>\nkunstvoll verschlu\u0308sselten Botschaften u\u0308ber den kolonialen Blick, die digitale Gegenwart des Smartphones, die Macht des Fernsehens und die Praxis des Hautbleichens. Mit dem Film <strong>Zombies<\/strong> schuf Baloji ein Manifest u\u0308ber das zeitgen\u00f6ssische Bedu\u0308rfnis, immer verbunden und immer &#8220;on&#8221; zu sein.<\/p>\n<p style=\"text-align: center;\"><a href=\"http:\/\/www.augen-blicke-afrika.de\/blog\/wp-content\/uploads\/2020\/11\/Nachlese-Foto-final-reduziert-18.jpg\"><img loading=\"lazy\" decoding=\"async\" class=\"alignnone  wp-image-6066\" src=\"http:\/\/www.augen-blicke-afrika.de\/blog\/wp-content\/uploads\/2020\/11\/Nachlese-Foto-final-reduziert-18.jpg\" alt=\"\" width=\"400\" height=\"400\" srcset=\"http:\/\/www.augen-blicke-afrika.de\/blog\/wp-content\/uploads\/2020\/11\/Nachlese-Foto-final-reduziert-18.jpg 415w, http:\/\/www.augen-blicke-afrika.de\/blog\/wp-content\/uploads\/2020\/11\/Nachlese-Foto-final-reduziert-18-300x300.jpg 300w, http:\/\/www.augen-blicke-afrika.de\/blog\/wp-content\/uploads\/2020\/11\/Nachlese-Foto-final-reduziert-18-150x150.jpg 150w, http:\/\/www.augen-blicke-afrika.de\/blog\/wp-content\/uploads\/2020\/11\/Nachlese-Foto-final-reduziert-18-144x144.jpg 144w\" sizes=\"auto, (max-width: 400px) 100vw, 400px\" \/><\/a><a href=\"http:\/\/www.augen-blicke-afrika.de\/blog\/wp-content\/uploads\/2020\/11\/Nachlese-Foto-final-reduziert-17.jpg\"><img loading=\"lazy\" decoding=\"async\" class=\"alignnone  wp-image-6067\" src=\"http:\/\/www.augen-blicke-afrika.de\/blog\/wp-content\/uploads\/2020\/11\/Nachlese-Foto-final-reduziert-17.jpg\" alt=\"\" width=\"403\" height=\"268\"><\/a><\/p>\n<p style=\"text-align: center;\">\n<h1 style=\"text-align: center;\"><strong>&nbsp;<\/strong><\/h1>\n<p style=\"text-align: center;\"><a href=\"http:\/\/www.augen-blicke-afrika.de\/blog\/wp-content\/uploads\/2020\/11\/Nachlese-Foto-final-reduziert-22.jpg\"><img loading=\"lazy\" decoding=\"async\" class=\"alignnone  wp-image-6062\" src=\"http:\/\/www.augen-blicke-afrika.de\/blog\/wp-content\/uploads\/2020\/11\/Nachlese-Foto-final-reduziert-22.jpg\" alt=\"\" width=\"501\" height=\"338\"><\/a> <a href=\"http:\/\/www.augen-blicke-afrika.de\/blog\/wp-content\/uploads\/2020\/11\/Nachlese-Foto-final-reduziert-23.jpg\"><img loading=\"lazy\" decoding=\"async\" class=\"alignnone size-full wp-image-6061\" src=\"http:\/\/www.augen-blicke-afrika.de\/blog\/wp-content\/uploads\/2020\/11\/Nachlese-Foto-final-reduziert-23.jpg\" alt=\"\" width=\"240\" height=\"320\" srcset=\"http:\/\/www.augen-blicke-afrika.de\/blog\/wp-content\/uploads\/2020\/11\/Nachlese-Foto-final-reduziert-23.jpg 240w, http:\/\/www.augen-blicke-afrika.de\/blog\/wp-content\/uploads\/2020\/11\/Nachlese-Foto-final-reduziert-23-225x300.jpg 225w\" sizes=\"auto, (max-width: 240px) 100vw, 240px\" \/><\/a><\/p>\n<p style=\"text-align: center;\">Wir haben in diesem Jahr erstmalig einen <strong>Publikumspreis<\/strong> vergeben, der an den Dokumentarfilm <strong>\u201eThe Golden Wolf of Balol\u00e9\u201c<\/strong> der burkinischen Filmemacherin <strong>Chloe A\u00efcha Boro<\/strong> ging.<br \/>\nGanz knapp dahinter lagen die Filme \u201eFig Tree\u201c aus \u00c4thiopien von A\u00e4l\u00e4m-W\u00e4rge Davidian und der Dokumentarfilm &#8220;Systeme K\u201c.<\/p>\n<p style=\"text-align: center;\"><a href=\"http:\/\/www.augen-blicke-afrika.de\/blog\/wp-content\/uploads\/2020\/11\/Nachlese-Foto-final-reduziert-25.jpg\"><img loading=\"lazy\" decoding=\"async\" class=\"alignnone  wp-image-6059\" src=\"http:\/\/www.augen-blicke-afrika.de\/blog\/wp-content\/uploads\/2020\/11\/Nachlese-Foto-final-reduziert-25.jpg\" alt=\"\" width=\"250\" height=\"137\"><\/a> <a href=\"http:\/\/www.augen-blicke-afrika.de\/blog\/wp-content\/uploads\/2020\/11\/Nachlese-Foto-final-reduziert-24.jpg\"><img loading=\"lazy\" decoding=\"async\" class=\"alignnone  wp-image-6060\" src=\"http:\/\/www.augen-blicke-afrika.de\/blog\/wp-content\/uploads\/2020\/11\/Nachlese-Foto-final-reduziert-24.jpg\" alt=\"\" width=\"251\" height=\"133\"><\/a><\/p>\n<p style=\"text-align: center;\">Der Film spielt im Herzen von Ouagadougou, der Hauptstadt von Burkina Faso, in<br \/>\neinem Granitsteinbruch, in dem fast 2.500 Menschen, Erwachsene und Kinder, unter<br \/>\nh\u00e4rtesten Bedingungen schuften. Nach der Vertreibung des langj\u00e4hrigen Pr\u00e4sidenten<br \/>\nBlaise Compaor\u00e9 im Jahre 2014 fassen auch die Menschen im Steinbruch Mut und wollen ihre ausbeuterischen Arbeitgeber nicht l\u00e4nger akzeptieren. Sie organisieren sich und bauen einen eigenen Vertrieb auf, der mehr Einnahmen verspricht.<\/p>\n<p style=\"text-align: center;\">Beispielhaft zitiere ich aus den Ru\u0308ckmails einiger Zuschauer: \u201eEs war kurz, aber irgendwie auch ganz toll. So eine entspannte Atmosph\u00e4re, super spannende Diskussionen, gut moderiert und mit vielen klugen Beitr\u00e4gen von allen Seiten.\u201c<\/p>\n<p style=\"text-align: center;\"><a href=\"http:\/\/www.augen-blicke-afrika.de\/blog\/wp-content\/uploads\/2020\/11\/Nachlese-Foto-final-reduziert-21.jpg\"><img loading=\"lazy\" decoding=\"async\" class=\"alignnone  wp-image-6063\" src=\"http:\/\/www.augen-blicke-afrika.de\/blog\/wp-content\/uploads\/2020\/11\/Nachlese-Foto-final-reduziert-21.jpg\" alt=\"\" width=\"300\" height=\"397\"><\/a><\/p>\n<p style=\"text-align: center;\">Was bleibt. Alte Plakate und der Herbst.<\/p>\n<p style=\"text-align: center;\">\n","protected":false},"excerpt":{"rendered":"<p>Liebe Freund*innen des afrikanischen Filmfestivals AUGEN BLICKE AFRIKA. Nach vier Tagen hat unser Festival aufgrund des erneuten Lockdowns ein vorzeitiges Ende finden mu\u0308ssen. Die Schlie\u00dfung aller kulturellen Veranstaltungsorte erfordert gro\u00dfe Solidarit\u00e4t mit der der ganzen Branche: mit Kino- und Konzertbetreiber*innen, &hellip; <a href=\"http:\/\/www.augen-blicke-afrika.de\/blog\/nachlese-2020\/\">Weiterlesen <span class=\"meta-nav\">&rarr;<\/span><\/a><\/p>\n","protected":false},"author":3,"featured_media":5958,"parent":0,"menu_order":0,"comment_status":"closed","ping_status":"closed","template":"afrika2020.php","meta":{"footnotes":""},"class_list":["post-6056","page","type-page","status-publish","has-post-thumbnail","hentry"],"_links":{"self":[{"href":"http:\/\/www.augen-blicke-afrika.de\/blog\/wp-json\/wp\/v2\/pages\/6056","targetHints":{"allow":["GET"]}}],"collection":[{"href":"http:\/\/www.augen-blicke-afrika.de\/blog\/wp-json\/wp\/v2\/pages"}],"about":[{"href":"http:\/\/www.augen-blicke-afrika.de\/blog\/wp-json\/wp\/v2\/types\/page"}],"author":[{"embeddable":true,"href":"http:\/\/www.augen-blicke-afrika.de\/blog\/wp-json\/wp\/v2\/users\/3"}],"replies":[{"embeddable":true,"href":"http:\/\/www.augen-blicke-afrika.de\/blog\/wp-json\/wp\/v2\/comments?post=6056"}],"version-history":[{"count":24,"href":"http:\/\/www.augen-blicke-afrika.de\/blog\/wp-json\/wp\/v2\/pages\/6056\/revisions"}],"predecessor-version":[{"id":6861,"href":"http:\/\/www.augen-blicke-afrika.de\/blog\/wp-json\/wp\/v2\/pages\/6056\/revisions\/6861"}],"wp:featuredmedia":[{"embeddable":true,"href":"http:\/\/www.augen-blicke-afrika.de\/blog\/wp-json\/wp\/v2\/media\/5958"}],"wp:attachment":[{"href":"http:\/\/www.augen-blicke-afrika.de\/blog\/wp-json\/wp\/v2\/media?parent=6056"}],"curies":[{"name":"wp","href":"https:\/\/api.w.org\/{rel}","templated":true}]}}