{"id":5054,"date":"2019-10-19T19:59:10","date_gmt":"2019-10-19T17:59:10","guid":{"rendered":"http:\/\/www.augen-blicke-afrika.de\/blog\/?page_id=5054"},"modified":"2022-09-18T17:24:14","modified_gmt":"2022-09-18T15:24:14","slug":"filme-2019","status":"publish","type":"page","link":"http:\/\/www.augen-blicke-afrika.de\/blog\/programm-2019\/filme-2019\/","title":{"rendered":"Filme 2019"},"content":{"rendered":"<h2>Filme in alphabetischer Reihenfolge:<\/h2>\n<h2><\/h2>\n<h2><a href=\"http:\/\/www.augen-blicke-afrika.de\/blog\/programm-2019\/filme-2019\/a-girl-from-mogadishu\/\">A GIRL FROM MOGADISHU<\/a><\/h2>\n<p><em>Irland \/ Belgien 2019, R.: Mary McGuckian, 112 Min., Somali \/ engl. OF, engl. UT <\/em><\/p>\n<h2><a href=\"http:\/\/www.augen-blicke-afrika.de\/blog\/programm-2019\/filme-2019\/a-season-in-france\/\">A SEASON IN FRANCE<\/a><\/h2>\n<p><em>Frankreich 2017, R.: Mahamat-Saleh Haroun, 101 Min., frz. OF, engl. UT<\/em><\/p>\n<h2><a href=\"http:\/\/www.augen-blicke-afrika.de\/blog\/programm-2019\/filme-2019\/bakoso-afrobeats-of-cuba\/\">BAKOS\u00d3 &#8211; Afrobeats of Cuba<\/a><\/h2>\n<p><em>Musik-Dokumentarfilm, Kuba \/ USA 2019, R.: Eli Jacobs-Fantauzzi, 48 Min, span. OF, engl. UT<\/em><\/p>\n<h2><a href=\"http:\/\/www.augen-blicke-afrika.de\/blog\/programm-2019\/filme-2019\/black-panther\/\">BLACK PANTHER<\/a><\/h2>\n<p><em>USA&nbsp; 2018, R.: Ryan Coogler, 135 Min., engl. OF, dt. UT<\/em><\/p>\n<h2><a href=\"http:\/\/www.augen-blicke-afrika.de\/blog\/programm-2019\/filme-2019\/chateau\/\">CH\u00c2TEAU<\/a><\/h2>\n<p><em>Frankreich 2017, R.: Modi Barry \/ Cedric Ido, 81 Min., frz. OF, engl. UT<\/em><\/p>\n<h2><a href=\"http:\/\/www.augen-blicke-afrika.de\/blog\/programm-2019\/filme-2019\/dhalinyaro-jeunesse\/\">DHALINYARO &#8211; Jeunesse<\/a><\/h2>\n<p><em>Dschibuti \/ Kanada \/ Frankreich 2018, R.: Lula Ali Ismail, 86 Min., frz. \/ arab. OF, engl. UT<\/em><\/p>\n<h2><a href=\"http:\/\/www.augen-blicke-afrika.de\/blog\/programm-2019\/filme-2019\/duga-les-charognards\/\">DUGA \u2013 Les charognards<\/a><\/h2>\n<p><em>Burkina Faso 2019, R.: Abdoulaye Dao \/ Herv\u00e9 Eric Lengani, 93 Min., OF, dt. UT<\/em><\/p>\n<h2><a href=\"http:\/\/www.augen-blicke-afrika.de\/blog\/programm-2019\/filme-2019\/fatwa\/\">FATWA<\/a><\/h2>\n<p><em>Tunesien \/ Belgien 2018, R.: Mahmoud Ben Mahmoud, 102 Min., arab. \/ frz. OF, dt. UT <\/em><\/p>\n<h2><a href=\"http:\/\/www.augen-blicke-afrika.de\/blog\/programm-2019\/filme-2019\/flatland-flachland\/\">FLATLAND &#8211; Flachland<\/a><\/h2>\n<p><em>S\u00fcdafrika 2018, R.: Jenna Bass, 116 Min., Afrikaans \/ engl. OF, engl. UT<\/em><\/p>\n<h2><a href=\"http:\/\/www.augen-blicke-afrika.de\/blog\/programm-2019\/filme-2019\/fig-tree\/\">FIG TREE<\/a><\/h2>\n<p><em>\u00c4thiopien \/ Israel 2018, R.: A\u00e4l\u00e4m-W\u00e4rqe Davidian, 93 Min., OF, engl. UT<\/em><\/p>\n<h2><a href=\"http:\/\/www.augen-blicke-afrika.de\/blog\/programm-2019\/filme-2019\/in-search\/\">IN SEARCH\u2026<\/a><\/h2>\n<p><em>Dokumentarfilm, Deutschland \/ Kenia 2018, R.: Beryl Magoko \/ Jule Katinka Cramer, 90 Min., dt. \/ engl. \/ Swahili \/ Kikuria OF, dt. UT<\/em><\/p>\n<h2><a href=\"http:\/\/www.augen-blicke-afrika.de\/blog\/programm-2019\/filme-2019\/kassala\/\">KASSALA<\/a><\/h2>\n<p><em>Nigeria 2018, R.: Ema Edosio, 84 Min., Pidgin OF, engl. UT <\/em><\/p>\n<h2><a href=\"http:\/\/www.augen-blicke-afrika.de\/blog\/programm-2019\/filme-2019\/khartoum-offside\/\">KHARTOUM OFFSIDE<\/a><\/h2>\n<p><em>Dokumentarfilm, Sudan \/ Frankreich 2019, R.: Marwa Zein, 75 Min., OF, dt. UT<\/em><\/p>\n<h2><strong><a title=\"KINSHASA MAKAMBO\" href=\"http:\/\/www.augen-blicke-afrika.de\/blog\/programm-2019\/filme-2019\/kurzfilme-2\/\">KURZFILME<\/a><\/strong><\/h2>\n<h2><strong><a title=\"KOUSSAW\" href=\"http:\/\/www.augen-blicke-afrika.de\/blog\/programm-2019\/filme-2019\/kurzfilme-1\/\">KURZFILME AFROFUTURISMUS<\/a><\/strong><\/h2>\n<h2><a href=\"http:\/\/www.augen-blicke-afrika.de\/blog\/programm-2019\/filme-2019\/not-in-my-neighbourhood\/\">NOT IN MY NEIGHBOURHOOD<\/a><\/h2>\n<p><em>Dokumentarfilm, S\u00fcdafrika 2018, R.: Kurt Orderson, 86 Min., Afrikaans \/ engl.\/ port. OF, engl. UT <\/em><\/p>\n<h2 style=\"text-align: left;\"><a href=\"http:\/\/www.augen-blicke-afrika.de\/blog\/on-air\/\">ON AIR<\/a><\/h2>\n<p><em>Dokumentarfilm, Burundi \/ Belgien 2018, R.: Manno Lanssens, 80 Min., Kirundi \/ frz. \/ engl. OF, engl. Ut<\/em><\/p>\n<h2><a href=\"http:\/\/www.augen-blicke-afrika.de\/blog\/poisson-dor-poisson-africain\/\">POISSON D\u2018OR, POISSON AFRICAIN<\/a><\/h2>\n<p><em>Dokumentarfilm, Senegal \/ Frankreich 2018, R.: Thomas Grand &amp; Moussa Diop, 60 Min., frz. \/ engl. \/ Wolof OF, engl. UT<\/em><\/p>\n<h2><a href=\"http:\/\/www.augen-blicke-afrika.de\/blog\/programm-2019\/filme-2019\/razzia\/\">RAZZIA<\/a><\/h2>\n<p><em>Marokko \/ Belgien \/ Frankreich 2017, R.: Nabil Ayouch, 118 Min., arab. \/ frz. OF, engl. UT<\/em><\/p>\n<h2><a href=\"http:\/\/www.augen-blicke-afrika.de\/blog\/programm-2019\/filme-2019\/sankara-nest-pas-mort-sankara-is-not-dead\/\">SANKARA N&#8217;EST PAS MORT &#8211; Sankara Is Not Dead<\/a><\/h2>\n<p><em>Dokumentarfilm, Burkina Faso \/ Frankreich 2019, R.: Lucie Viver, 109 Min., Dioula \/ Moor\u00e9 \/ frz. OF, engl. UT<\/em><\/p>\n<h2><a href=\"http:\/\/www.augen-blicke-afrika.de\/blog\/programm-2019\/filme-2019\/sidney-and-friends\/\">SIDNEY AND FRIENDS<\/a><\/h2>\n<p><em>Dokumentarfilm, Kenia \/ GB 2017, R.: Tristan Aitchison, 78 Min., OF, dt. UT, s \/ w<\/em><\/p>\n<h2><a href=\"http:\/\/www.augen-blicke-afrika.de\/blog\/programm-2019\/filme-2019\/sofia\/\">SOFIA<\/a><\/h2>\n<p><em>Marokko \/ Frankreich 2018, R.: Meryem Benm\u2018 Barek, 85 Min., arab. \/ frz. OF, engl. UT<\/em><\/p>\n<h2><a href=\"http:\/\/www.augen-blicke-afrika.de\/blog\/programm-2019\/filme-2019\/subira\/\">SUBIRA<\/a><\/h2>\n<p><em>Kenia 2018, R.: Ravneet Sippy Chadha, 99 Min., Swahili \/ engl. OF, dt. UT<\/em><\/p>\n<h2><a href=\"http:\/\/www.augen-blicke-afrika.de\/blog\/programm-2019\/filme-2019\/talking-about-trees\/\">TALKING ABOUT TREES<\/a><\/h2>\n<p><em>Dokumentarfilm, Sudan 2019, R.: Suhaib Gasmelbari, 93 Min., arab.\/ engl \/ russische OF, engl. UT<\/em><\/p>\n<h2><a href=\"http:\/\/www.augen-blicke-afrika.de\/blog\/programm-2019\/filme-2019\/the-burial-of-kojo\/\">THE BURIAL OF KOJO<\/a><\/h2>\n<p><em>Ghana \/ USA 2018, R.: Blitz Bazawule, 80 Min., engl. \/ Twi OF, engl. UT<\/em><\/p>\n<h2><a href=\"http:\/\/www.augen-blicke-afrika.de\/blog\/programm-2019\/filme-2019\/the-mercy-of-the-jungle\/\">THE MERCY OF THE JUNGLE<\/a><\/h2>\n<p><em>Ruanda \/ Belgien 2017, R.: Jo\u00ebl Karekezi, 91 Min., frz. \/ Swahili OF, engl. UT <\/em><\/p>\n<h2><a href=\"http:\/\/www.augen-blicke-afrika.de\/blog\/programm-2019\/filme-2019\/we-need-prayers\/\">WE NEED PRAYERS<\/a><\/h2>\n<p><em>Kenia 2018, R.: The Nest Collective, 72 Min., Swahili \/ engl. OF, engl. UT<\/em><\/p>\n<h2><a href=\"http:\/\/www.augen-blicke-afrika.de\/blog\/programm-2019\/filme-2019\/yves-versprechen\/\">YVES\u2018 VERSPRECHEN<\/a><\/h2>\n<p><em>Dokumentarfilm, Deutschland \/ Kamerun 2017, R.: Melanie G\u00e4rtner, 79 Min., OF, dt. UT<\/em><\/p>\n","protected":false},"excerpt":{"rendered":"<p>Filme in alphabetischer Reihenfolge: A GIRL FROM MOGADISHU Irland \/ Belgien 2019, R.: Mary McGuckian, 112 Min., Somali \/ engl. OF, engl. UT A SEASON IN FRANCE Frankreich 2017, R.: Mahamat-Saleh Haroun, 101 Min., frz. OF, engl. UT BAKOS\u00d3 &#8211; &hellip; <a href=\"http:\/\/www.augen-blicke-afrika.de\/blog\/programm-2019\/filme-2019\/\">Weiterlesen <span class=\"meta-nav\">&rarr;<\/span><\/a><\/p>\n","protected":false},"author":3,"featured_media":5126,"parent":4938,"menu_order":0,"comment_status":"closed","ping_status":"closed","template":"afrika2019.php","meta":{"footnotes":""},"class_list":["post-5054","page","type-page","status-publish","has-post-thumbnail","hentry"],"_links":{"self":[{"href":"http:\/\/www.augen-blicke-afrika.de\/blog\/wp-json\/wp\/v2\/pages\/5054","targetHints":{"allow":["GET"]}}],"collection":[{"href":"http:\/\/www.augen-blicke-afrika.de\/blog\/wp-json\/wp\/v2\/pages"}],"about":[{"href":"http:\/\/www.augen-blicke-afrika.de\/blog\/wp-json\/wp\/v2\/types\/page"}],"author":[{"embeddable":true,"href":"http:\/\/www.augen-blicke-afrika.de\/blog\/wp-json\/wp\/v2\/users\/3"}],"replies":[{"embeddable":true,"href":"http:\/\/www.augen-blicke-afrika.de\/blog\/wp-json\/wp\/v2\/comments?post=5054"}],"version-history":[{"count":4,"href":"http:\/\/www.augen-blicke-afrika.de\/blog\/wp-json\/wp\/v2\/pages\/5054\/revisions"}],"predecessor-version":[{"id":6867,"href":"http:\/\/www.augen-blicke-afrika.de\/blog\/wp-json\/wp\/v2\/pages\/5054\/revisions\/6867"}],"up":[{"embeddable":true,"href":"http:\/\/www.augen-blicke-afrika.de\/blog\/wp-json\/wp\/v2\/pages\/4938"}],"wp:featuredmedia":[{"embeddable":true,"href":"http:\/\/www.augen-blicke-afrika.de\/blog\/wp-json\/wp\/v2\/media\/5126"}],"wp:attachment":[{"href":"http:\/\/www.augen-blicke-afrika.de\/blog\/wp-json\/wp\/v2\/media?parent=5054"}],"curies":[{"name":"wp","href":"https:\/\/api.w.org\/{rel}","templated":true}]}}