{"id":4838,"date":"2019-10-15T15:39:07","date_gmt":"2019-10-15T13:39:07","guid":{"rendered":"http:\/\/www.augen-blicke-afrika.de\/blog\/?page_id=4838"},"modified":"2022-09-18T17:23:30","modified_gmt":"2022-09-18T15:23:30","slug":"poisson-dor-poisson-africain","status":"publish","type":"page","link":"http:\/\/www.augen-blicke-afrika.de\/blog\/poisson-dor-poisson-africain\/","title":{"rendered":"POISSON D\u2018OR, POISSON AFRICAIN"},"content":{"rendered":"<table style=\"height: 356px;\" width=\"100%\">\n<thead>\n<tr>\n<td>\n<p class=\"hide-if-no-js\"><a href=\"http:\/\/www.augen-blicke-afrika.de\/blog\/wp-content\/uploads\/2019\/10\/Poisson-dor-still.jpg\"><img loading=\"lazy\" decoding=\"async\" class=\"alignnone wp-image-4839 size-full\" src=\"http:\/\/www.augen-blicke-afrika.de\/blog\/wp-content\/uploads\/2019\/10\/Poisson-dor-still.jpg\" width=\"1920\" height=\"1080\" srcset=\"http:\/\/www.augen-blicke-afrika.de\/blog\/wp-content\/uploads\/2019\/10\/Poisson-dor-still.jpg 1920w, http:\/\/www.augen-blicke-afrika.de\/blog\/wp-content\/uploads\/2019\/10\/Poisson-dor-still-300x169.jpg 300w, http:\/\/www.augen-blicke-afrika.de\/blog\/wp-content\/uploads\/2019\/10\/Poisson-dor-still-768x432.jpg 768w, http:\/\/www.augen-blicke-afrika.de\/blog\/wp-content\/uploads\/2019\/10\/Poisson-dor-still-1024x576.jpg 1024w, http:\/\/www.augen-blicke-afrika.de\/blog\/wp-content\/uploads\/2019\/10\/Poisson-dor-still-500x281.jpg 500w\" sizes=\"auto, (max-width: 1920px) 100vw, 1920px\" \/><\/a><\/p>\n<h1>POISSON D\u2018OR, POISSON AFRICAIN<\/h1>\n<h3>Dokumentarfilm, Senegal \/ Frankreich 2018, R.: Thomas Grand &amp; Moussa Diop, 60 Min., frz. \/ engl. \/ Wolof OF, engl. UT<\/h3>\n<\/td>\n<\/tr>\n<\/thead>\n<tbody>\n<tr>\n<td>Junge M\u00e4nner holen auf offener See mit Anfeuerungsges\u00e4ngen ein gro\u00dfes Netz ein. Der Fang wird gleich an Bord sortiert und dann in K\u00fcstenn\u00e4he gebracht, wo schon die Tr\u00e4ger warten.<br \/>\nEin t\u00e4gliches Bild in der kleinen Hafenstadt Kafountine an der Atlantikk\u00fcste der Casamance \/ S\u00fcdsenegal. Der Ort hat sich im Laufe der Jahre zu einem regionalen Zentrum der nichtindustriellen Fischerei entwickelt. Bis zu 15.000 M\u00e4nner und Frauen finden hier Arbeit auf den Fischerbooten, als Tr\u00e4ger f\u00fcr Fischkisten, in der Fischverarbeitung oder in der R\u00e4ucherei. Die Menschen kommen aus verschiedenen Nachbarl\u00e4ndern, um hier ihren Lebensunterhalt zu verdienen. Alle T\u00e4tigkeiten sind eine k\u00f6rperliche Heraus\u00adforderung. Der dicke Rauch der zahlreichen R\u00e4ucher\u00f6fen verpestet die Luft. F\u00fcr die \u00d6fen wird viel Holz gebraucht und daf\u00fcr werden die B\u00e4ume in der Umgebung gef\u00e4llt. Das stellt zunehmend ein \u00f6kologisches Problem dar. Und nun droht noch eine andere Gefahr von au\u00dfen. Chinesen wollen, wie schon im Nachbarland Gambia, Fischmehlfabriken bauen. Die Versorgung afrikanischer Nachbarl\u00e4nder mit Fisch w\u00e4re dadurch nicht mehr gew\u00e4hrleistet, sehr viele Arbeitspl\u00e4tze w\u00fcrden verloren gehen und es droht die totale \u00dcberfischung.<br \/>\nEin eindrucksvoller Film, der in wundersch\u00f6nen Bildern das \u00f6kologische und \u00f6konomische Drama an diesem K\u00fcstenstreifen beleuchtet.<\/td>\n<\/tr>\n<tr>\n<td style=\"border-bottom: none;\">\n<p><strong><a href=\"http:\/\/www.augen-blicke-afrika.de\/blog\/wp-content\/uploads\/2019\/10\/Aff-Poisson-dor-poisson-africain-poster.jpg\"><img loading=\"lazy\" decoding=\"async\" class=\"wp-image-4840 size-medium alignleft\" src=\"http:\/\/www.augen-blicke-afrika.de\/blog\/wp-content\/uploads\/2019\/10\/Aff-Poisson-dor-poisson-africain-poster-212x300.jpg\" width=\"212\" height=\"300\" srcset=\"http:\/\/www.augen-blicke-afrika.de\/blog\/wp-content\/uploads\/2019\/10\/Aff-Poisson-dor-poisson-africain-poster-212x300.jpg 212w, http:\/\/www.augen-blicke-afrika.de\/blog\/wp-content\/uploads\/2019\/10\/Aff-Poisson-dor-poisson-africain-poster-768x1085.jpg 768w, http:\/\/www.augen-blicke-afrika.de\/blog\/wp-content\/uploads\/2019\/10\/Aff-Poisson-dor-poisson-africain-poster-725x1024.jpg 725w, http:\/\/www.augen-blicke-afrika.de\/blog\/wp-content\/uploads\/2019\/10\/Aff-Poisson-dor-poisson-africain-poster.jpg 800w\" sizes=\"auto, (max-width: 212px) 100vw, 212px\" \/><\/a><\/strong><\/p>\n<p><strong>Thomas Grand<\/strong>, geb. 1976 in Paris, hat an der Pariser Filmschule Esra studiert. Er arbeitet als Regisseur, \u00adKameramann und Cutter.<br \/>\n<strong>Moussa Diop<\/strong>, geb. 1979 in Senegal, ist Toningenieur und bei diesem Film auch Co-Regisseur.<\/td>\n<\/tr>\n<\/tbody>\n<\/table>\n<p><iframe loading=\"lazy\" src=\"https:\/\/www.youtube.com\/embed\/-_LsxQb1pi4\" allowfullscreen=\"allowfullscreen\" width=\"560\" height=\"315\" frameborder=\"0\"><\/iframe><\/p>\n","protected":false},"excerpt":{"rendered":"<p>POISSON D\u2018OR, POISSON AFRICAIN Dokumentarfilm, Senegal \/ Frankreich 2018, R.: Thomas Grand &amp; Moussa Diop, 60 Min., frz. \/ engl. \/ Wolof OF, engl. UT Junge M\u00e4nner holen auf offener See mit Anfeuerungsges\u00e4ngen ein gro\u00dfes Netz ein. Der Fang wird &hellip; <a href=\"http:\/\/www.augen-blicke-afrika.de\/blog\/poisson-dor-poisson-africain\/\">Weiterlesen <span class=\"meta-nav\">&rarr;<\/span><\/a><\/p>\n","protected":false},"author":3,"featured_media":5126,"parent":0,"menu_order":0,"comment_status":"closed","ping_status":"closed","template":"afrika2019_oh.php","meta":{"footnotes":""},"class_list":["post-4838","page","type-page","status-publish","has-post-thumbnail","hentry"],"_links":{"self":[{"href":"http:\/\/www.augen-blicke-afrika.de\/blog\/wp-json\/wp\/v2\/pages\/4838","targetHints":{"allow":["GET"]}}],"collection":[{"href":"http:\/\/www.augen-blicke-afrika.de\/blog\/wp-json\/wp\/v2\/pages"}],"about":[{"href":"http:\/\/www.augen-blicke-afrika.de\/blog\/wp-json\/wp\/v2\/types\/page"}],"author":[{"embeddable":true,"href":"http:\/\/www.augen-blicke-afrika.de\/blog\/wp-json\/wp\/v2\/users\/3"}],"replies":[{"embeddable":true,"href":"http:\/\/www.augen-blicke-afrika.de\/blog\/wp-json\/wp\/v2\/comments?post=4838"}],"version-history":[{"count":4,"href":"http:\/\/www.augen-blicke-afrika.de\/blog\/wp-json\/wp\/v2\/pages\/4838\/revisions"}],"predecessor-version":[{"id":6865,"href":"http:\/\/www.augen-blicke-afrika.de\/blog\/wp-json\/wp\/v2\/pages\/4838\/revisions\/6865"}],"wp:featuredmedia":[{"embeddable":true,"href":"http:\/\/www.augen-blicke-afrika.de\/blog\/wp-json\/wp\/v2\/media\/5126"}],"wp:attachment":[{"href":"http:\/\/www.augen-blicke-afrika.de\/blog\/wp-json\/wp\/v2\/media?parent=4838"}],"curies":[{"name":"wp","href":"https:\/\/api.w.org\/{rel}","templated":true}]}}