{"id":4829,"date":"2019-10-15T15:56:31","date_gmt":"2019-10-15T13:56:31","guid":{"rendered":"http:\/\/www.augen-blicke-afrika.de\/blog\/?page_id=4829"},"modified":"2022-09-18T17:36:30","modified_gmt":"2022-09-18T15:36:30","slug":"the-mercy-of-the-jungle","status":"publish","type":"page","link":"http:\/\/www.augen-blicke-afrika.de\/blog\/programm-2019\/filme-2019\/the-mercy-of-the-jungle\/","title":{"rendered":"THE MERCY OF THE JUNGLE"},"content":{"rendered":"<table style=\"height: 356px;\" width=\"100%\">\n<thead>\n<tr>\n<td>\n<p class=\"hide-if-no-js\"><a href=\"http:\/\/www.augen-blicke-afrika.de\/blog\/wp-content\/uploads\/2019\/10\/the-merci-of-the-jungle-still-1.jpg\"><img loading=\"lazy\" decoding=\"async\" class=\"alignnone wp-image-4830 size-full\" src=\"http:\/\/www.augen-blicke-afrika.de\/blog\/wp-content\/uploads\/2019\/10\/the-merci-of-the-jungle-still-1-e1571143214358.jpg\" width=\"1777\" height=\"719\" srcset=\"http:\/\/www.augen-blicke-afrika.de\/blog\/wp-content\/uploads\/2019\/10\/the-merci-of-the-jungle-still-1-e1571143214358.jpg 1777w, http:\/\/www.augen-blicke-afrika.de\/blog\/wp-content\/uploads\/2019\/10\/the-merci-of-the-jungle-still-1-e1571143214358-300x121.jpg 300w, http:\/\/www.augen-blicke-afrika.de\/blog\/wp-content\/uploads\/2019\/10\/the-merci-of-the-jungle-still-1-e1571143214358-768x311.jpg 768w, http:\/\/www.augen-blicke-afrika.de\/blog\/wp-content\/uploads\/2019\/10\/the-merci-of-the-jungle-still-1-e1571143214358-1024x414.jpg 1024w, http:\/\/www.augen-blicke-afrika.de\/blog\/wp-content\/uploads\/2019\/10\/the-merci-of-the-jungle-still-1-e1571143214358-500x202.jpg 500w\" sizes=\"auto, (max-width: 1777px) 100vw, 1777px\" \/><\/a><\/p>\n<h1>THE MERCY OF THE JUNGLE<\/h1>\n<h3>Ruanda \/ Belgien 2017, R.: Jo\u00ebl Karekezi, 91 Min., frz. \/ Swahili OF, engl. UT<\/h3>\n<\/td>\n<\/tr>\n<\/thead>\n<tbody>\n<tr>\n<td>Sergeant Xavier kennt nichts anderes als Krieg. Schon als Kindersoldat war er im Einsatz in seinem Heimatland Ruanda und jetzt k\u00e4mpft er<br \/>\nim Grenzgebiet der D.R. Kongo mit seiner Einheit gegen Rebellen\u00adgruppen. Der Bauer Faustin hat sich als Zivilist den Soldaten angeschlossen. Eines Morgens wachen sie auf und stellen fest, dass die Truppe ohne sie weitergezogen ist. Ein Irrweg durch den undurchdringlichen Urwald mit all seinen unheimlichen Ger\u00e4uschen beginnt. \u00dcberall k\u00f6nnten Rebellen lauern, die Nerven sind aufs \u00e4u\u00dferste angespannt. Als Xavier sich schwer verletzt, muss er sich Faustin hilflos \u00adausliefern. Das schwei\u00dft zusammen, aber das Misstrauen bleibt. Auch als sie in einem Dorf Hilfe erhalten und so etwas wie Normalit\u00e4t erleben, treibt es Xavier wieder weiter in die gr\u00fcne H\u00f6lle.<br \/>\nDer Dschungel ist wie der Krieg, keiner findet den Weg hinaus, ein \u201eAlbtraum wie im Fieberwahn\u201c hei\u00dft es im Film. Aber auch die Sch\u00f6nheit des Urwaldes mit seinen Licht- und Schattenspielen, der \u00adPflanzen- und Tierwelt findet in dem in Uganda gedrehten Film ihren Ausdruck.<\/td>\n<\/tr>\n<tr>\n<td style=\"border-bottom: none;\">\n<p><strong><a href=\"http:\/\/www.augen-blicke-afrika.de\/blog\/wp-content\/uploads\/2019\/10\/the-merci-of-the-jungle-poster.jpg\"><img loading=\"lazy\" decoding=\"async\" class=\"wp-image-4831 size-full alignleft\" src=\"http:\/\/www.augen-blicke-afrika.de\/blog\/wp-content\/uploads\/2019\/10\/the-merci-of-the-jungle-poster.jpg\" width=\"184\" height=\"273\"><\/a><\/strong><\/p>\n<p><strong>Jo\u00ebl Karekezi<\/strong>, geb. in Ruanda, machte 2008 seinen Abschluss in Filmregie. \u201eThe Mercy of the Jungle\u201c ist sein zweiter Spielfilm. Er beruht auf seinen eigenen \u00adErlebnissen w\u00e4hrend des Genozids 1994 in Ruanda, bei dem sein Vater ums Leben kam und er in den Kongo \u00adfliehen musste.<br \/>\nDer Film wurde mit dem Hauptpreis beim Fespaco 2019 ausgezeichnet.<\/td>\n<\/tr>\n<\/tbody>\n<\/table>\n<p><iframe loading=\"lazy\" src=\"https:\/\/www.youtube.com\/embed\/WC9VIky-NVQ\" allowfullscreen=\"allowfullscreen\" width=\"560\" height=\"315\" frameborder=\"0\"><\/iframe><\/p>\n","protected":false},"excerpt":{"rendered":"<p>THE MERCY OF THE JUNGLE Ruanda \/ Belgien 2017, R.: Jo\u00ebl Karekezi, 91 Min., frz. \/ Swahili OF, engl. UT Sergeant Xavier kennt nichts anderes als Krieg. Schon als Kindersoldat war er im Einsatz in seinem Heimatland Ruanda und jetzt &hellip; <a href=\"http:\/\/www.augen-blicke-afrika.de\/blog\/programm-2019\/filme-2019\/the-mercy-of-the-jungle\/\">Weiterlesen <span class=\"meta-nav\">&rarr;<\/span><\/a><\/p>\n","protected":false},"author":3,"featured_media":5126,"parent":5054,"menu_order":0,"comment_status":"closed","ping_status":"closed","template":"afrika2019_oh.php","meta":{"footnotes":""},"class_list":["post-4829","page","type-page","status-publish","has-post-thumbnail","hentry"],"_links":{"self":[{"href":"http:\/\/www.augen-blicke-afrika.de\/blog\/wp-json\/wp\/v2\/pages\/4829","targetHints":{"allow":["GET"]}}],"collection":[{"href":"http:\/\/www.augen-blicke-afrika.de\/blog\/wp-json\/wp\/v2\/pages"}],"about":[{"href":"http:\/\/www.augen-blicke-afrika.de\/blog\/wp-json\/wp\/v2\/types\/page"}],"author":[{"embeddable":true,"href":"http:\/\/www.augen-blicke-afrika.de\/blog\/wp-json\/wp\/v2\/users\/3"}],"replies":[{"embeddable":true,"href":"http:\/\/www.augen-blicke-afrika.de\/blog\/wp-json\/wp\/v2\/comments?post=4829"}],"version-history":[{"count":3,"href":"http:\/\/www.augen-blicke-afrika.de\/blog\/wp-json\/wp\/v2\/pages\/4829\/revisions"}],"predecessor-version":[{"id":6895,"href":"http:\/\/www.augen-blicke-afrika.de\/blog\/wp-json\/wp\/v2\/pages\/4829\/revisions\/6895"}],"up":[{"embeddable":true,"href":"http:\/\/www.augen-blicke-afrika.de\/blog\/wp-json\/wp\/v2\/pages\/5054"}],"wp:featuredmedia":[{"embeddable":true,"href":"http:\/\/www.augen-blicke-afrika.de\/blog\/wp-json\/wp\/v2\/media\/5126"}],"wp:attachment":[{"href":"http:\/\/www.augen-blicke-afrika.de\/blog\/wp-json\/wp\/v2\/media?parent=4829"}],"curies":[{"name":"wp","href":"https:\/\/api.w.org\/{rel}","templated":true}]}}