{"id":4812,"date":"2019-10-15T15:15:43","date_gmt":"2019-10-15T13:15:43","guid":{"rendered":"http:\/\/www.augen-blicke-afrika.de\/blog\/?page_id=4812"},"modified":"2022-09-18T17:25:21","modified_gmt":"2022-09-18T15:25:21","slug":"bakoso-afrobeats-of-cuba","status":"publish","type":"page","link":"http:\/\/www.augen-blicke-afrika.de\/blog\/programm-2019\/filme-2019\/bakoso-afrobeats-of-cuba\/","title":{"rendered":"BAKOS\u00d3 &#8211; Afrobeats of Cuba"},"content":{"rendered":"<table style=\"height: 356px;\" width=\"100%\">\n<thead>\n<tr>\n<td>\n<p class=\"hide-if-no-js\"><a href=\"http:\/\/www.augen-blicke-afrika.de\/blog\/wp-content\/uploads\/2019\/10\/Bakoso-still-1.jpg\"><img loading=\"lazy\" decoding=\"async\" class=\"alignnone wp-image-4813 size-large\" src=\"http:\/\/www.augen-blicke-afrika.de\/blog\/wp-content\/uploads\/2019\/10\/Bakoso-still-1-1024x683.jpg\" width=\"584\" height=\"390\" srcset=\"http:\/\/www.augen-blicke-afrika.de\/blog\/wp-content\/uploads\/2019\/10\/Bakoso-still-1-1024x683.jpg 1024w, http:\/\/www.augen-blicke-afrika.de\/blog\/wp-content\/uploads\/2019\/10\/Bakoso-still-1-300x200.jpg 300w, http:\/\/www.augen-blicke-afrika.de\/blog\/wp-content\/uploads\/2019\/10\/Bakoso-still-1-768x512.jpg 768w, http:\/\/www.augen-blicke-afrika.de\/blog\/wp-content\/uploads\/2019\/10\/Bakoso-still-1-450x300.jpg 450w\" sizes=\"auto, (max-width: 584px) 100vw, 584px\" \/><\/a><\/p>\n<h1>BAKOS\u00d3 &#8211; Afrobeats of Cuba<\/h1>\n<h3>Musik-Dokumentarfilm, Kuba \/ USA 2019, R.: Eli Jacobs-Fantauzzi, 48 Min, span. OF, engl. UT<\/h3>\n<\/td>\n<\/tr>\n<\/thead>\n<tbody>\n<tr>\n<td>DJ Jig\u00fce lebt in Havanna. Er macht sich auf den Weg zum fast 900 km entfernten Santiago de Cuba. Der Film folgt ihm auf seiner Reise \u00fcber die Insel. Unterwegs besucht er seine Gro\u00dfmutter, die fest verwurzelt ist in afrikanischen Traditionen. Sie praktiziert die Santeria, die von der w\u00e4hrend der Sklavenzeit mitgebrachten Yoruba-Religion abstammt. Auch der Hip-Hopper Jig\u00fce zieht seine Energie und sein Musikschaffen aus dem afrikanischen Erbe.<br \/>\nSeine neuesten Kompositionen sind eine Mischung aus verschiedenen Musikstilen Kubas und \u201eKuduru\u201c aus Angola. \u201eBaskos\u00f3\u201c ist eine Variante des bei Jugendlichen sehr beliebten \u201eReggaet\u00f3n\u201c.<br \/>\nIn Santiago trifft er sich mit anderen DJs, um neue Tracks einzu\u00fcben. Zur Einstimmung ziehen sie mit ihm durch die engen Gassen der Stadt, in der sich die Menschen ihrer afrikanischen Herkunft und Kultur sehr bewusst sind. Hier lebt die Stra\u00dfenmusikszene, und gemeinsam mit anderen Musikern ergr\u00fcndet Jig\u00fce den Ursprung von Baskos\u00f3.<\/td>\n<\/tr>\n<tr>\n<td style=\"border-bottom: none;\">\n<p><strong><a href=\"http:\/\/www.augen-blicke-afrika.de\/blog\/wp-content\/uploads\/2019\/10\/Bakoso-poster.jpg\"><img loading=\"lazy\" decoding=\"async\" class=\"wp-image-4814 size-medium alignleft\" src=\"http:\/\/www.augen-blicke-afrika.de\/blog\/wp-content\/uploads\/2019\/10\/Bakoso-poster-200x300.jpg\" width=\"200\" height=\"300\" srcset=\"http:\/\/www.augen-blicke-afrika.de\/blog\/wp-content\/uploads\/2019\/10\/Bakoso-poster-200x300.jpg 200w, http:\/\/www.augen-blicke-afrika.de\/blog\/wp-content\/uploads\/2019\/10\/Bakoso-poster-768x1152.jpg 768w, http:\/\/www.augen-blicke-afrika.de\/blog\/wp-content\/uploads\/2019\/10\/Bakoso-poster-683x1024.jpg 683w, http:\/\/www.augen-blicke-afrika.de\/blog\/wp-content\/uploads\/2019\/10\/Bakoso-poster.jpg 1200w\" sizes=\"auto, (max-width: 200px) 100vw, 200px\" \/><\/a><\/strong><\/p>\n<p><strong>Eli Jacobs-Fantauzzi<\/strong> ist US-amerikanischer Filmemacher, Kameramann und Produzent. Er produziert in der Karibik und in Afrika Musikvideos und Filme, immer auf der Suche nach kulturellen Gemeinsamkeiten und Neuentwicklungen im globalen Kontext.<\/td>\n<\/tr>\n<\/tbody>\n<\/table>\n<p><iframe loading=\"lazy\" src=\"https:\/\/player.vimeo.com\/video\/315836968?color=ff1ed4&amp;title=0&amp;byline=0&amp;portrait=0\" allowfullscreen=\"allowfullscreen\" width=\"640\" height=\"360\" frameborder=\"0\"><\/iframe><\/p>\n","protected":false},"excerpt":{"rendered":"<p>BAKOS\u00d3 &#8211; Afrobeats of Cuba Musik-Dokumentarfilm, Kuba \/ USA 2019, R.: Eli Jacobs-Fantauzzi, 48 Min, span. OF, engl. UT DJ Jig\u00fce lebt in Havanna. Er macht sich auf den Weg zum fast 900 km entfernten Santiago de Cuba. Der Film &hellip; <a href=\"http:\/\/www.augen-blicke-afrika.de\/blog\/programm-2019\/filme-2019\/bakoso-afrobeats-of-cuba\/\">Weiterlesen <span class=\"meta-nav\">&rarr;<\/span><\/a><\/p>\n","protected":false},"author":3,"featured_media":5126,"parent":5054,"menu_order":0,"comment_status":"closed","ping_status":"closed","template":"afrika2019_oh.php","meta":{"footnotes":""},"class_list":["post-4812","page","type-page","status-publish","has-post-thumbnail","hentry"],"_links":{"self":[{"href":"http:\/\/www.augen-blicke-afrika.de\/blog\/wp-json\/wp\/v2\/pages\/4812","targetHints":{"allow":["GET"]}}],"collection":[{"href":"http:\/\/www.augen-blicke-afrika.de\/blog\/wp-json\/wp\/v2\/pages"}],"about":[{"href":"http:\/\/www.augen-blicke-afrika.de\/blog\/wp-json\/wp\/v2\/types\/page"}],"author":[{"embeddable":true,"href":"http:\/\/www.augen-blicke-afrika.de\/blog\/wp-json\/wp\/v2\/users\/3"}],"replies":[{"embeddable":true,"href":"http:\/\/www.augen-blicke-afrika.de\/blog\/wp-json\/wp\/v2\/comments?post=4812"}],"version-history":[{"count":4,"href":"http:\/\/www.augen-blicke-afrika.de\/blog\/wp-json\/wp\/v2\/pages\/4812\/revisions"}],"predecessor-version":[{"id":6870,"href":"http:\/\/www.augen-blicke-afrika.de\/blog\/wp-json\/wp\/v2\/pages\/4812\/revisions\/6870"}],"up":[{"embeddable":true,"href":"http:\/\/www.augen-blicke-afrika.de\/blog\/wp-json\/wp\/v2\/pages\/5054"}],"wp:featuredmedia":[{"embeddable":true,"href":"http:\/\/www.augen-blicke-afrika.de\/blog\/wp-json\/wp\/v2\/media\/5126"}],"wp:attachment":[{"href":"http:\/\/www.augen-blicke-afrika.de\/blog\/wp-json\/wp\/v2\/media?parent=4812"}],"curies":[{"name":"wp","href":"https:\/\/api.w.org\/{rel}","templated":true}]}}