{"id":4770,"date":"2019-10-15T15:58:33","date_gmt":"2019-10-15T13:58:33","guid":{"rendered":"http:\/\/www.augen-blicke-afrika.de\/blog\/?page_id=4770"},"modified":"2022-09-18T17:36:12","modified_gmt":"2022-09-18T15:36:12","slug":"we-need-prayers","status":"publish","type":"page","link":"http:\/\/www.augen-blicke-afrika.de\/blog\/programm-2019\/filme-2019\/we-need-prayers\/","title":{"rendered":"WE NEED PRAYERS"},"content":{"rendered":"<table style=\"height: 356px;\" width=\"100%\">\n<thead>\n<tr>\n<td>\n<p class=\"hide-if-no-js\"><a href=\"http:\/\/www.augen-blicke-afrika.de\/blog\/wp-content\/uploads\/2019\/10\/WNP_Home_03.png\"><img loading=\"lazy\" decoding=\"async\" class=\"alignnone wp-image-4771 size-full\" src=\"http:\/\/www.augen-blicke-afrika.de\/blog\/wp-content\/uploads\/2019\/10\/WNP_Home_03.png\" width=\"1280\" height=\"720\" srcset=\"http:\/\/www.augen-blicke-afrika.de\/blog\/wp-content\/uploads\/2019\/10\/WNP_Home_03.png 1280w, http:\/\/www.augen-blicke-afrika.de\/blog\/wp-content\/uploads\/2019\/10\/WNP_Home_03-300x169.png 300w, http:\/\/www.augen-blicke-afrika.de\/blog\/wp-content\/uploads\/2019\/10\/WNP_Home_03-768x432.png 768w, http:\/\/www.augen-blicke-afrika.de\/blog\/wp-content\/uploads\/2019\/10\/WNP_Home_03-1024x576.png 1024w, http:\/\/www.augen-blicke-afrika.de\/blog\/wp-content\/uploads\/2019\/10\/WNP_Home_03-500x281.png 500w\" sizes=\"auto, (max-width: 1280px) 100vw, 1280px\" \/><\/a><\/p>\n<h1>WE NEED PRAYERS<\/h1>\n<h3>Kenia 2018, R.: The Nest Collective, 72 Min., Swahili \/ engl. OF, engl. UT<\/h3>\n<\/td>\n<\/tr>\n<\/thead>\n<tbody>\n<tr>\n<td>In acht Episoden erz\u00e4hlt der Film Alltagsgeschichten, die jedem Kenianer nur allzu vertraut sind. Ein n\u00e4chtlicher \u00dcberfall in der Nachbarschaft weckt ein Paar auf &#8211; und nun? Eine Familie besucht voller Betroffenheit eine schwerkranke Verwandte im Krankenhaus, doch dann verliert eine Angeh\u00f6rige jeglichen Respekt und zeigt ihr wahres Gesicht.<br \/>\nIn einem edlen Restaurant endet ein Date mit einer angebeteten Frau f\u00fcr den flotten Galan \u00e4u\u00dferst peinlich.<br \/>\nAuch die B\u00fcrokratie wird aufs Korn genommen. Die Beamten folgen ihren eigenen Gesetzen. Das ist f\u00fcr jede\/n B\u00fcrger*in eine wiederkehrende, frustrierende Erfahrung.<br \/>\nAuch mit dem Personentransport ist es so eine Sache: Wer das Bed\u00fcrfnis hat, schnell von A nach B zu gelangen, braucht viel Geduld. Die Taxis haben gerne im unpassenden Moment eine Panne.<br \/>\nDiese und weitere Einblicke in die Gesellschaft der Hauptstadt Nairobi werden in den Kurzfilmen auf herrlich ironische Weise in Szene gesetzt.<\/td>\n<\/tr>\n<tr>\n<td style=\"border-bottom: none;\">\n<p><strong><a href=\"http:\/\/www.augen-blicke-afrika.de\/blog\/wp-content\/uploads\/2019\/10\/we-need-prayers-poster.jpg\"><img loading=\"lazy\" decoding=\"async\" class=\"alignnone wp-image-4772 size-medium\" src=\"http:\/\/www.augen-blicke-afrika.de\/blog\/wp-content\/uploads\/2019\/10\/we-need-prayers-poster-300x169.jpg\" width=\"300\" height=\"169\"><\/a><\/strong><\/p>\n<p><strong>The Nest Collective<\/strong> ist ein Kreativensemble bestehend aus Musiker*innen, Designer*innen sowie Filme- und Modemacher*innen aus Nairobi. Gegr\u00fcndet wurde \u201eThe Nest Collective\u201c 2012. Seitdem hat die Gruppe zahlreiche Preise gewonnen, die meisten f\u00fcr den Queer-Film \u201eStories of our Lives\u201c, den wir 2016 gezeigt haben.<\/td>\n<\/tr>\n<\/tbody>\n<\/table>\n<p><iframe loading=\"lazy\" src=\"https:\/\/www.youtube.com\/embed\/SzPfs3nTBDU\" allowfullscreen=\"allowfullscreen\" width=\"560\" height=\"315\" frameborder=\"0\"><\/iframe><\/p>\n","protected":false},"excerpt":{"rendered":"<p>WE NEED PRAYERS Kenia 2018, R.: The Nest Collective, 72 Min., Swahili \/ engl. OF, engl. UT In acht Episoden erz\u00e4hlt der Film Alltagsgeschichten, die jedem Kenianer nur allzu vertraut sind. Ein n\u00e4chtlicher \u00dcberfall in der Nachbarschaft weckt ein Paar &hellip; <a href=\"http:\/\/www.augen-blicke-afrika.de\/blog\/programm-2019\/filme-2019\/we-need-prayers\/\">Weiterlesen <span class=\"meta-nav\">&rarr;<\/span><\/a><\/p>\n","protected":false},"author":3,"featured_media":5126,"parent":5054,"menu_order":0,"comment_status":"closed","ping_status":"closed","template":"afrika2019_oh.php","meta":{"footnotes":""},"class_list":["post-4770","page","type-page","status-publish","has-post-thumbnail","hentry"],"_links":{"self":[{"href":"http:\/\/www.augen-blicke-afrika.de\/blog\/wp-json\/wp\/v2\/pages\/4770","targetHints":{"allow":["GET"]}}],"collection":[{"href":"http:\/\/www.augen-blicke-afrika.de\/blog\/wp-json\/wp\/v2\/pages"}],"about":[{"href":"http:\/\/www.augen-blicke-afrika.de\/blog\/wp-json\/wp\/v2\/types\/page"}],"author":[{"embeddable":true,"href":"http:\/\/www.augen-blicke-afrika.de\/blog\/wp-json\/wp\/v2\/users\/3"}],"replies":[{"embeddable":true,"href":"http:\/\/www.augen-blicke-afrika.de\/blog\/wp-json\/wp\/v2\/comments?post=4770"}],"version-history":[{"count":4,"href":"http:\/\/www.augen-blicke-afrika.de\/blog\/wp-json\/wp\/v2\/pages\/4770\/revisions"}],"predecessor-version":[{"id":6894,"href":"http:\/\/www.augen-blicke-afrika.de\/blog\/wp-json\/wp\/v2\/pages\/4770\/revisions\/6894"}],"up":[{"embeddable":true,"href":"http:\/\/www.augen-blicke-afrika.de\/blog\/wp-json\/wp\/v2\/pages\/5054"}],"wp:featuredmedia":[{"embeddable":true,"href":"http:\/\/www.augen-blicke-afrika.de\/blog\/wp-json\/wp\/v2\/media\/5126"}],"wp:attachment":[{"href":"http:\/\/www.augen-blicke-afrika.de\/blog\/wp-json\/wp\/v2\/media?parent=4770"}],"curies":[{"name":"wp","href":"https:\/\/api.w.org\/{rel}","templated":true}]}}