{"id":4750,"date":"2019-10-15T15:32:03","date_gmt":"2019-10-15T13:32:03","guid":{"rendered":"http:\/\/www.augen-blicke-afrika.de\/blog\/?page_id=4750"},"modified":"2022-09-18T17:28:58","modified_gmt":"2022-09-18T15:28:58","slug":"in-search","status":"publish","type":"page","link":"http:\/\/www.augen-blicke-afrika.de\/blog\/programm-2019\/filme-2019\/in-search\/","title":{"rendered":"IN SEARCH\u2026"},"content":{"rendered":"<table style=\"height: 356px;\" width=\"100%\">\n<thead>\n<tr>\n<td>\n<p class=\"hide-if-no-js\"><a href=\"http:\/\/www.augen-blicke-afrika.de\/blog\/wp-content\/uploads\/2019\/10\/qual-und-erleichterung-magoko.jpg\"><img loading=\"lazy\" decoding=\"async\" class=\"alignnone wp-image-4751 size-full\" src=\"http:\/\/www.augen-blicke-afrika.de\/blog\/wp-content\/uploads\/2019\/10\/qual-und-erleichterung-magoko.jpg\" width=\"1900\" height=\"714\" srcset=\"http:\/\/www.augen-blicke-afrika.de\/blog\/wp-content\/uploads\/2019\/10\/qual-und-erleichterung-magoko.jpg 1900w, http:\/\/www.augen-blicke-afrika.de\/blog\/wp-content\/uploads\/2019\/10\/qual-und-erleichterung-magoko-300x113.jpg 300w, http:\/\/www.augen-blicke-afrika.de\/blog\/wp-content\/uploads\/2019\/10\/qual-und-erleichterung-magoko-768x289.jpg 768w, http:\/\/www.augen-blicke-afrika.de\/blog\/wp-content\/uploads\/2019\/10\/qual-und-erleichterung-magoko-1024x385.jpg 1024w, http:\/\/www.augen-blicke-afrika.de\/blog\/wp-content\/uploads\/2019\/10\/qual-und-erleichterung-magoko-500x188.jpg 500w\" sizes=\"auto, (max-width: 1900px) 100vw, 1900px\" \/><\/a><\/p>\n<h1>IN SEARCH\u2026<\/h1>\n<h3>Dokumentarfilm, Deutschland \/ Kenia 2018, R.: Beryl Magoko \/ Jule Katinka Cramer,<br \/>\n90 Min., dt. \/ engl. \/ Swahili \/ Kikuria OF, dt. UT<\/h3>\n<\/td>\n<\/tr>\n<\/thead>\n<tbody>\n<tr>\n<td>Die Regisseurin Beryl Magoko wurde mit zehn Jahren in ihrem Heimatdorf in Kenia einem lebensgef\u00e4hrlichen Ritual unterzogen, das bis heute viele M\u00e4dchen durchlaufen. Damals wurde ihr auch von ihrer Mutter vermittelt, dass die \u201eBeschneidung\u201c zum Heranwachsen eines M\u00e4dchens unabdingbar dazugeh\u00f6rt.<br \/>\nIn diesem sehr pers\u00f6nlichen Film erz\u00e4hlt sie von den psychischen und k\u00f6rperlichen Folgen der Verst\u00fcmmelung, trifft sich mit anderen betroffenen Frauen, die wie sie zwischen Wut und Scham schwanken.<br \/>\nMit frappierender Offenheit, aber ohne Groll konfrontiert sie auch ihre Mutter in Kenia mit Fragen und Vorw\u00fcrfen.<br \/>\nMittlerweile ist es in Kenia m\u00f6glich, sich einer wiederherstellenden Operation zu unterziehen. Doch will sie das? Und was ist gr\u00f6\u00dfer \u2013 die Angst, wieder etwas falsch zu machen, oder die Hoffnung, etwas wieder\u00adzubekommen, was ihr auf grausame Art genommen wurde?<\/td>\n<\/tr>\n<tr>\n<td style=\"border-bottom: none;\">\n<p><strong><a href=\"http:\/\/www.augen-blicke-afrika.de\/blog\/wp-content\/uploads\/2019\/10\/in-search-poster.jpg\"><img loading=\"lazy\" decoding=\"async\" class=\"wp-image-4752 size-medium alignleft\" src=\"http:\/\/www.augen-blicke-afrika.de\/blog\/wp-content\/uploads\/2019\/10\/in-search-poster-213x300.jpg\" width=\"213\" height=\"300\" srcset=\"http:\/\/www.augen-blicke-afrika.de\/blog\/wp-content\/uploads\/2019\/10\/in-search-poster-213x300.jpg 213w, http:\/\/www.augen-blicke-afrika.de\/blog\/wp-content\/uploads\/2019\/10\/in-search-poster-768x1082.jpg 768w, http:\/\/www.augen-blicke-afrika.de\/blog\/wp-content\/uploads\/2019\/10\/in-search-poster-727x1024.jpg 727w, http:\/\/www.augen-blicke-afrika.de\/blog\/wp-content\/uploads\/2019\/10\/in-search-poster.jpg 1920w\" sizes=\"auto, (max-width: 213px) 100vw, 213px\" \/><\/a><\/strong><\/p>\n<p><strong>Beryl Magoko<\/strong>, geb. 1982 in Kenia, studierte zun\u00e4chst in Kampala \/ Uganda und danach in K\u00f6ln an der Hochschule f\u00fcr Medien. \u201eIn Search\u2026.\u201c ist ihre Abschlussarbeit und die von <strong>Jule Katinka Cramer<\/strong>, geb. 1979 in \u00adHamburg, die den Film als Kamerafrau realisierte.<\/td>\n<\/tr>\n<\/tbody>\n<\/table>\n<p><iframe loading=\"lazy\" src=\"https:\/\/www.youtube.com\/embed\/DQhEEvmUACo\" allowfullscreen=\"allowfullscreen\" width=\"560\" height=\"315\" frameborder=\"0\"><\/iframe><\/p>\n","protected":false},"excerpt":{"rendered":"<p>IN SEARCH\u2026 Dokumentarfilm, Deutschland \/ Kenia 2018, R.: Beryl Magoko \/ Jule Katinka Cramer, 90 Min., dt. \/ engl. \/ Swahili \/ Kikuria OF, dt. UT Die Regisseurin Beryl Magoko wurde mit zehn Jahren in ihrem Heimatdorf in Kenia einem &hellip; <a href=\"http:\/\/www.augen-blicke-afrika.de\/blog\/programm-2019\/filme-2019\/in-search\/\">Weiterlesen <span class=\"meta-nav\">&rarr;<\/span><\/a><\/p>\n","protected":false},"author":3,"featured_media":5126,"parent":5054,"menu_order":0,"comment_status":"closed","ping_status":"closed","template":"afrika2019_oh.php","meta":{"footnotes":""},"class_list":["post-4750","page","type-page","status-publish","has-post-thumbnail","hentry"],"_links":{"self":[{"href":"http:\/\/www.augen-blicke-afrika.de\/blog\/wp-json\/wp\/v2\/pages\/4750","targetHints":{"allow":["GET"]}}],"collection":[{"href":"http:\/\/www.augen-blicke-afrika.de\/blog\/wp-json\/wp\/v2\/pages"}],"about":[{"href":"http:\/\/www.augen-blicke-afrika.de\/blog\/wp-json\/wp\/v2\/types\/page"}],"author":[{"embeddable":true,"href":"http:\/\/www.augen-blicke-afrika.de\/blog\/wp-json\/wp\/v2\/users\/3"}],"replies":[{"embeddable":true,"href":"http:\/\/www.augen-blicke-afrika.de\/blog\/wp-json\/wp\/v2\/comments?post=4750"}],"version-history":[{"count":3,"href":"http:\/\/www.augen-blicke-afrika.de\/blog\/wp-json\/wp\/v2\/pages\/4750\/revisions"}],"predecessor-version":[{"id":6879,"href":"http:\/\/www.augen-blicke-afrika.de\/blog\/wp-json\/wp\/v2\/pages\/4750\/revisions\/6879"}],"up":[{"embeddable":true,"href":"http:\/\/www.augen-blicke-afrika.de\/blog\/wp-json\/wp\/v2\/pages\/5054"}],"wp:featuredmedia":[{"embeddable":true,"href":"http:\/\/www.augen-blicke-afrika.de\/blog\/wp-json\/wp\/v2\/media\/5126"}],"wp:attachment":[{"href":"http:\/\/www.augen-blicke-afrika.de\/blog\/wp-json\/wp\/v2\/media?parent=4750"}],"curies":[{"name":"wp","href":"https:\/\/api.w.org\/{rel}","templated":true}]}}