{"id":4159,"date":"2018-10-09T17:25:41","date_gmt":"2018-10-09T15:25:41","guid":{"rendered":"http:\/\/www.augen-blicke-afrika.de\/blog\/?page_id=4159"},"modified":"2023-09-06T19:49:15","modified_gmt":"2023-09-06T17:49:15","slug":"programm","status":"publish","type":"page","link":"http:\/\/www.augen-blicke-afrika.de\/blog\/festival-2018\/programm\/","title":{"rendered":"Programm"},"content":{"rendered":"<div class=\"header large\">\n            Programm            <span class=\"subtitle\"><\/span><\/div>\n<p><span class=\"subtitle\"><\/span><\/div>\n<\/div>\n<div class=\"columns-1\">\n<div class=\"contents\">\n<p><a href=\"https:\/\/web.archive.org\/web\/20220520114840\/http:\/\/www.augen-blicke-afrika.de\/blog\/wp-content\/uploads\/2018\/08\/Programm.pdf\" target=\"_blank\" rel=\"noopener\">\u2b9e Programm (PDF)<\/a><\/p>\n<\/div>\n<\/div>\n<div style=\"margin-bottom: 20px\" class=\"columns-1\">\n<div class=\"header short\">\n                        <strong>Dienstag, 23.10.2018, 19:30<\/strong> &#8211; Kampnagelfabrik (Jarrestra\u00dfe 20): Dokumentarfilm: The Revolution Won\u2018t Be Televised<\/div>\n<div class=\"contents\">\n<p>                        <img decoding=\"async\" style=\"float: left; margin-right: 10px; width: 100px\" src=\"\/web\/20220520114840im_\/http:\/\/www.augen-blicke-afrika.de\/blog\/festival-2018\/programm\/\" alt=\"\"><\/p>\n<p>Der Film von Rama Thiaw liefert eine \u00fcber mehrere Jahre entstandene \u201eInnensicht\u201c der senegalesischen Protestbewegung \u201eY\u2019en a marre\u201c an der Schnittstelle zwischen Hip-Hop-Kultur und Politik. Ihr Film wurde auf der Berlinale 2016 mehrmals ausgezeichnet. Ein politischer Film \u00fcber ein anderes, junges Afrika, das nicht Opfer ist, sondern Akteur.<br \/>\nDiskussion mit der Filmemacherin und den Rappern Thiat und Kilifeu \u00fcber die Demokratiebewegungen im Senegal \u2013 was hat sich ver\u00e4ndert?<\/p>\n<\/div>\n<\/div>\n<div style=\"margin-bottom: 20px\" class=\"columns-1\">\n<div class=\"header short\">\n                        Mittwoch, 24.10.2018, 19:30 &#8211; Kampnagelfabrik (Jarrestra\u00dfe 20): Keynotes, Paneldiskussion, Rap-Theater<\/div>\n<div class=\"contents\">\n<p>                        <img decoding=\"async\" style=\"float: left; margin-right: 10px; width: 100px\" src=\"\/web\/20220520114840im_\/http:\/\/www.augen-blicke-afrika.de\/blog\/festival-2018\/programm\/\" alt=\"\"><\/p>\n<p>Prof. Felwine Sarr, Wirtschaftswissenschaftler, Schriftsteller, Philosoph, stellt sein Aufsehen erregendes Buch \u201eAfrotopia\u201c vor. Aktivist*innen, K\u00fcnstler*innen und Intellektuelle diskutieren M\u00f6glichkeiten und Grenzen aktueller Demokratiebewegungen in ihren L\u00e4ndern. \u201eJournal Rapp\u00e9\u201c machen mit schnell gerappten Wortsalven tagesaktuelle News aus Politik, Religion und Sport in satirischer Form kompatibel f\u00fcr ein breites Publikum.<\/p>\n<\/div>\n<\/div>\n<div style=\"margin-bottom: 20px\" class=\"columns-1\">\n<div class=\"header short\">\n                        Donnerstag, 25.10.2018, 19:30 &#8211; Kampnagelfabrik (Jarrestra\u00dfe 20): Rapkonzert mit Keur Gui und Matador<\/div>\n<div class=\"contents\">\n<p>                        <img decoding=\"async\" style=\"float: left; margin-right: 10px; width: 100px\" src=\"https:\/\/web.archive.org\/web\/20220520114840im_\/http:\/\/www.augen-blicke-afrika.de\/blog\/wp-content\/uploads\/2018\/10\/Kuer-Gui-and-Matador-1.jpg\" alt=\"\"><\/p>\n<p>Rapkonzert mit den angesagtesten senegalesischen Rap-Gruppen Keur Gui und dem Rapper Matador. Der Auftritt wird begleitet von Rappern und Breakt\u00e4nzern der HipHop Academy Hamburg.<\/p>\n<\/div>\n<\/div>\n<div style=\"margin-bottom: 20px\" class=\"columns-1\">\n<div class=\"header short\">\n                        Samstag, 10.11.2018, 22:00 &#8211; Fabrique im G\u00e4ngeviertel: Gro\u00dfe Abschlussparty<\/div>\n<div class=\"contents\">\n<p>                        <img decoding=\"async\" style=\"float: left; margin-right: 10px; width: 100px\" src=\"\/web\/20220520114840im_\/http:\/\/www.augen-blicke-afrika.de\/blog\/festival-2018\/programm\/\" alt=\"\"><\/p>\n<p>Gro\u00dfe Abschlussparty des Festivals in der Fabrique. Angesagte DJ\u2019s werden mit aktuellen Sounds sowie Klassikern der afrikanischen Musik den November hei\u00df machen.<\/p>\n<\/div>\n<\/div>\n<div style=\"margin-bottom: 20px\" class=\"columns-1\">\n<div class=\"header short\">\n                        Samstag, 15.09.2018, 18:00 &#8211; Fabrique des G\u00e4ngeviertels: Auftaktveranstaltung<\/div>\n<div class=\"contents\">\n<p>                        <img decoding=\"async\" style=\"float: left; margin-right: 10px; width: 100px\" src=\"\/web\/20220520114840im_\/http:\/\/www.augen-blicke-afrika.de\/blog\/festival-2018\/programm\/\" alt=\"\"><\/p>\n<p>Gro\u00dfe Auftaktveranstaltung in der Fabrique des G\u00e4ngeviertels mit Musik, afrikanischem Essen, Projektionen und Vorstellung einiger K\u00fcnstler. Party am Abend.<\/p>\n<\/div>\n<\/div>\n<div style=\"margin-bottom: 20px\" class=\"columns-1\">\n<div class=\"header short\">\n                        Samstag, 22.09.2018, 15:00 &#8211; Afrika sehen, h\u00f6ren, riechen, f\u00fchlen, schmecken und besser verstehen<\/div>\n<div class=\"contents\">\n<p>                        <img decoding=\"async\" style=\"float: left; margin-right: 10px; width: 100px\" src=\"\/web\/20220520114840im_\/http:\/\/www.augen-blicke-afrika.de\/blog\/festival-2018\/programm\/\" alt=\"\"><\/p>\n<p>Afrika sehen, h\u00f6ren, riechen, f\u00fchlen, schmecken und besser verstehen. Pr\u00e4sentation der Wandbilder. Auf einer kleinen B\u00fchne im G\u00e4ngeviertel gibt es Filme und Musikdarbietungen lokaler afrikanischer K\u00fcnstler, wie Toto Lightmanns Kinderchor, afrikanisches Essen sowie Infost\u00e4nde von afrikanischen Initiativen und Vereinen. Au\u00dferdem einen Asoto Tanzworkshop und Graffiti Workshop. Abends afrikanische Disco mit angesagten DJs.<\/p>\n<\/div>\n<\/div>\n<div style=\"margin-bottom: 20px\" class=\"columns-1\">\n<div class=\"header short\">\n                        Samstag, 06.10.2018, 20:00 &#8211;<\/p>\n<h2>Fabrique im G\u00e4ngeviertel: Kinshasa Nights<\/h2>\n<p><strong>Party in der Fabrique im G\u00e4ngeviertel. Live Bouba Fall Tanz-Trommel-Rap, anschlie\u00dfend Disco.<\/strong><\/div>\n<div class=\"contents\">\n<p>                        <img decoding=\"async\" style=\"float: left; margin-right: 10px; width: 100px\" src=\"\/web\/20220520114840im_\/http:\/\/www.augen-blicke-afrika.de\/blog\/festival-2018\/programm\/\" alt=\"\"><\/p>\n<\/div>\n<\/div>\n<div style=\"margin-bottom: 20px\" class=\"columns-1\">\n<div class=\"header short\">\n                        Ab Sonntag, 16.09.2018 &#8211; Afrika sehen, h\u00f6ren, riechen, f\u00fchlen, schmecken und besser verstehen. Pr\u00e4sentation der Wandbilder. Auf einer kleinen B\u00fchne im G\u00e4ngeviertel gibt es Filme und Musikdarbietungen lokaler afrikanischer K\u00fcnstler, wie Toto Lightmanns Kinderchor, afrikanisches Essen sowie Infost\u00e4nde von afrikanischen Initiativen und Vereinen. Au\u00dferdem einen Asoto Tanzworkshop und Graffiti Workshop. Abends afrikanische Disco mit angesagten DJs.<\/div>\n<div class=\"contents\">\n<p>                        <img decoding=\"async\" style=\"float: left; margin-right: 10px; width: 100px\" src=\"https:\/\/web.archive.org\/web\/20220520114840im_\/http:\/\/www.augen-blicke-afrika.de\/blog\/wp-content\/uploads\/2018\/10\/Docta-1024x681-1-1024x681.jpg\" alt=\"\"><\/p>\n<p>Im G\u00e4ngeviertel werden w\u00e4hrend zweier Wochen zwei Wandbilder unter Anleitung des bekannten K\u00fcnstlers Docta aus dem Senegal mit Hamburger Jugendlichen zum Thema \u201eFl\u00fcchten oder Standhalten\u201c konzipiert und erstellt.<\/p>\n<\/div>\n<\/div>\n<div style=\"margin-bottom: 20px\" class=\"columns-1\">\n<div class=\"header short\">\n                        Montag, 01.11.2018 bis Donnerstag, 11.11.2018 &#8211; Filmfestival 1. bis 11. November im Sudio-Kino<\/div>\n<div class=\"contents\">\n<p>                        <img decoding=\"async\" style=\"float: left; margin-right: 10px; width: 100px\" src=\"\/web\/20220520114840im_\/http:\/\/www.augen-blicke-afrika.de\/blog\/festival-2018\/programm\/\" alt=\"\"><\/p>\n<p>Filmfestival 1. bis 11. November im Sudio-Kino<\/p>\n","protected":false},"excerpt":{"rendered":"<p>Programm \u2b9e Programm (PDF) Dienstag, 23.10.2018, 19:30 &#8211; Kampnagelfabrik (Jarrestra\u00dfe 20): Dokumentarfilm: The Revolution Won\u2018t Be Televised Der Film von Rama Thiaw liefert eine \u00fcber mehrere Jahre entstandene \u201eInnensicht\u201c der senegalesischen Protestbewegung \u201eY\u2019en a marre\u201c an der Schnittstelle zwischen Hip-Hop-Kultur &hellip; <a href=\"http:\/\/www.augen-blicke-afrika.de\/blog\/festival-2018\/programm\/\">Weiterlesen <span class=\"meta-nav\">&rarr;<\/span><\/a><\/p>\n","protected":false},"author":3,"featured_media":3686,"parent":4080,"menu_order":0,"comment_status":"closed","ping_status":"closed","template":"","meta":{"footnotes":""},"class_list":["post-4159","page","type-page","status-publish","has-post-thumbnail","hentry"],"_links":{"self":[{"href":"http:\/\/www.augen-blicke-afrika.de\/blog\/wp-json\/wp\/v2\/pages\/4159","targetHints":{"allow":["GET"]}}],"collection":[{"href":"http:\/\/www.augen-blicke-afrika.de\/blog\/wp-json\/wp\/v2\/pages"}],"about":[{"href":"http:\/\/www.augen-blicke-afrika.de\/blog\/wp-json\/wp\/v2\/types\/page"}],"author":[{"embeddable":true,"href":"http:\/\/www.augen-blicke-afrika.de\/blog\/wp-json\/wp\/v2\/users\/3"}],"replies":[{"embeddable":true,"href":"http:\/\/www.augen-blicke-afrika.de\/blog\/wp-json\/wp\/v2\/comments?post=4159"}],"version-history":[{"count":7,"href":"http:\/\/www.augen-blicke-afrika.de\/blog\/wp-json\/wp\/v2\/pages\/4159\/revisions"}],"predecessor-version":[{"id":8814,"href":"http:\/\/www.augen-blicke-afrika.de\/blog\/wp-json\/wp\/v2\/pages\/4159\/revisions\/8814"}],"up":[{"embeddable":true,"href":"http:\/\/www.augen-blicke-afrika.de\/blog\/wp-json\/wp\/v2\/pages\/4080"}],"wp:featuredmedia":[{"embeddable":true,"href":"http:\/\/www.augen-blicke-afrika.de\/blog\/wp-json\/wp\/v2\/media\/3686"}],"wp:attachment":[{"href":"http:\/\/www.augen-blicke-afrika.de\/blog\/wp-json\/wp\/v2\/media?parent=4159"}],"curies":[{"name":"wp","href":"https:\/\/api.w.org\/{rel}","templated":true}]}}

<div class="header large">
            Programm            <span class="subtitle"></span></div>
<p><span class="subtitle"></span></div>
</div>
<div class="columns-1">
<div class="contents">
<p><a href="https://web.archive.org/web/20220520114840/http://www.augen-blicke-afrika.de/blog/wp-content/uploads/2018/08/Programm.pdf" target="_blank" rel="noopener">⮞ Programm (PDF)</a></p>
</div>
</div>
<div style="margin-bottom: 20px" class="columns-1">
<div class="header short">
                        <strong>Dienstag, 23.10.2018, 19:30</strong> &#8211; Kampnagelfabrik (Jarrestraße 20): Dokumentarfilm: The Revolution Won‘t Be Televised</div>
<div class="contents">
<p>                        <img decoding="async" style="float: left; margin-right: 10px; width: 100px" src="/web/20220520114840im_/http://www.augen-blicke-afrika.de/blog/festival-2018/programm/" alt=""></p>
<p>Der Film von Rama Thiaw liefert eine über mehrere Jahre entstandene „Innensicht“ der senegalesischen Protestbewegung „Y’en a marre“ an der Schnittstelle zwischen Hip-Hop-Kultur und Politik. Ihr Film wurde auf der Berlinale 2016 mehrmals ausgezeichnet. Ein politischer Film über ein anderes, junges Afrika, das nicht Opfer ist, sondern Akteur.<br />
Diskussion mit der Filmemacherin und den Rappern Thiat und Kilifeu über die Demokratiebewegungen im Senegal – was hat sich verändert?</p>
</div>
</div>
<div style="margin-bottom: 20px" class="columns-1">
<div class="header short">
                        Mittwoch, 24.10.2018, 19:30 &#8211; Kampnagelfabrik (Jarrestraße 20): Keynotes, Paneldiskussion, Rap-Theater</div>
<div class="contents">
<p>                        <img decoding="async" style="float: left; margin-right: 10px; width: 100px" src="/web/20220520114840im_/http://www.augen-blicke-afrika.de/blog/festival-2018/programm/" alt=""></p>
<p>Prof. Felwine Sarr, Wirtschaftswissenschaftler, Schriftsteller, Philosoph, stellt sein Aufsehen erregendes Buch „Afrotopia“ vor. Aktivist*innen, Künstler*innen und Intellektuelle diskutieren Möglichkeiten und Grenzen aktueller Demokratiebewegungen in ihren Ländern. „Journal Rappé“ machen mit schnell gerappten Wortsalven tagesaktuelle News aus Politik, Religion und Sport in satirischer Form kompatibel für ein breites Publikum.</p>
</div>
</div>
<div style="margin-bottom: 20px" class="columns-1">
<div class="header short">
                        Donnerstag, 25.10.2018, 19:30 &#8211; Kampnagelfabrik (Jarrestraße 20): Rapkonzert mit Keur Gui und Matador</div>
<div class="contents">
<p>                        <img decoding="async" style="float: left; margin-right: 10px; width: 100px" src="https://web.archive.org/web/20220520114840im_/http://www.augen-blicke-afrika.de/blog/wp-content/uploads/2018/10/Kuer-Gui-and-Matador-1.jpg" alt=""></p>
<p>Rapkonzert mit den angesagtesten senegalesischen Rap-Gruppen Keur Gui und dem Rapper Matador. Der Auftritt wird begleitet von Rappern und Breaktänzern der HipHop Academy Hamburg.</p>
</div>
</div>
<div style="margin-bottom: 20px" class="columns-1">
<div class="header short">
                        Samstag, 10.11.2018, 22:00 &#8211; Fabrique im Gängeviertel: Große Abschlussparty</div>
<div class="contents">
<p>                        <img decoding="async" style="float: left; margin-right: 10px; width: 100px" src="/web/20220520114840im_/http://www.augen-blicke-afrika.de/blog/festival-2018/programm/" alt=""></p>
<p>Große Abschlussparty des Festivals in der Fabrique. Angesagte DJ’s werden mit aktuellen Sounds sowie Klassikern der afrikanischen Musik den November heiß machen.</p>
</div>
</div>
<div style="margin-bottom: 20px" class="columns-1">
<div class="header short">
                        Samstag, 15.09.2018, 18:00 &#8211; Fabrique des Gängeviertels: Auftaktveranstaltung</div>
<div class="contents">
<p>                        <img decoding="async" style="float: left; margin-right: 10px; width: 100px" src="/web/20220520114840im_/http://www.augen-blicke-afrika.de/blog/festival-2018/programm/" alt=""></p>
<p>Große Auftaktveranstaltung in der Fabrique des Gängeviertels mit Musik, afrikanischem Essen, Projektionen und Vorstellung einiger Künstler. Party am Abend.</p>
</div>
</div>
<div style="margin-bottom: 20px" class="columns-1">
<div class="header short">
                        Samstag, 22.09.2018, 15:00 &#8211; Afrika sehen, hören, riechen, fühlen, schmecken und besser verstehen</div>
<div class="contents">
<p>                        <img decoding="async" style="float: left; margin-right: 10px; width: 100px" src="/web/20220520114840im_/http://www.augen-blicke-afrika.de/blog/festival-2018/programm/" alt=""></p>
<p>Afrika sehen, hören, riechen, fühlen, schmecken und besser verstehen. Präsentation der Wandbilder. Auf einer kleinen Bühne im Gängeviertel gibt es Filme und Musikdarbietungen lokaler afrikanischer Künstler, wie Toto Lightmanns Kinderchor, afrikanisches Essen sowie Infostände von afrikanischen Initiativen und Vereinen. Außerdem einen Asoto Tanzworkshop und Graffiti Workshop. Abends afrikanische Disco mit angesagten DJs.</p>
</div>
</div>
<div style="margin-bottom: 20px" class="columns-1">
<div class="header short">
                        Samstag, 06.10.2018, 20:00 &#8211;</p>
<h2>Fabrique im Gängeviertel: Kinshasa Nights</h2>
<p><strong>Party in der Fabrique im Gängeviertel. Live Bouba Fall Tanz-Trommel-Rap, anschließend Disco.</strong></div>
<div class="contents">
<p>                        <img decoding="async" style="float: left; margin-right: 10px; width: 100px" src="/web/20220520114840im_/http://www.augen-blicke-afrika.de/blog/festival-2018/programm/" alt=""></p>
</div>
</div>
<div style="margin-bottom: 20px" class="columns-1">
<div class="header short">
                        Ab Sonntag, 16.09.2018 &#8211; Afrika sehen, hören, riechen, fühlen, schmecken und besser verstehen. Präsentation der Wandbilder. Auf einer kleinen Bühne im Gängeviertel gibt es Filme und Musikdarbietungen lokaler afrikanischer Künstler, wie Toto Lightmanns Kinderchor, afrikanisches Essen sowie Infostände von afrikanischen Initiativen und Vereinen. Außerdem einen Asoto Tanzworkshop und Graffiti Workshop. Abends afrikanische Disco mit angesagten DJs.</div>
<div class="contents">
<p>                        <img decoding="async" style="float: left; margin-right: 10px; width: 100px" src="https://web.archive.org/web/20220520114840im_/http://www.augen-blicke-afrika.de/blog/wp-content/uploads/2018/10/Docta-1024x681-1-1024x681.jpg" alt=""></p>
<p>Im Gängeviertel werden während zweier Wochen zwei Wandbilder unter Anleitung des bekannten Künstlers Docta aus dem Senegal mit Hamburger Jugendlichen zum Thema „Flüchten oder Standhalten“ konzipiert und erstellt.</p>
</div>
</div>
<div style="margin-bottom: 20px" class="columns-1">
<div class="header short">
                        Montag, 01.11.2018 bis Donnerstag, 11.11.2018 &#8211; Filmfestival 1. bis 11. November im Sudio-Kino</div>
<div class="contents">
<p>                        <img decoding="async" style="float: left; margin-right: 10px; width: 100px" src="/web/20220520114840im_/http://www.augen-blicke-afrika.de/blog/festival-2018/programm/" alt=""></p>
<p>Filmfestival 1. bis 11. November im Sudio-Kino</p>

<p>Programm ⮞ Programm (PDF) Dienstag, 23.10.2018, 19:30 &#8211; Kampnagelfabrik (Jarrestraße 20): Dokumentarfilm: The Revolution Won‘t Be Televised Der Film von Rama Thiaw liefert eine über mehrere Jahre entstandene „Innensicht“ der senegalesischen Protestbewegung „Y’en a marre“ an der Schnittstelle zwischen Hip-Hop-Kultur &hellip; <a href="http://www.augen-blicke-afrika.de/blog/festival-2018/programm/">Weiterlesen <span class="meta-nav">&rarr;</span></a></p>
