{"id":3963,"date":"2018-10-05T16:40:39","date_gmt":"2018-10-05T14:40:39","guid":{"rendered":"http:\/\/www.augen-blicke-afrika.de\/blog\/?page_id=3963"},"modified":"2025-10-31T18:57:10","modified_gmt":"2025-10-31T17:57:10","slug":"swagger","status":"publish","type":"page","link":"http:\/\/www.augen-blicke-afrika.de\/blog\/filme-2018\/swagger\/","title":{"rendered":"SWAGGER"},"content":{"rendered":"<table style=\"height: 356px;\" width=\"100%\">\n<thead>\n<tr>\n<td>\n<p class=\"hide-if-no-js\"><a href=\"http:\/\/www.augen-blicke-afrika.de\/blog\/wp-content\/uploads\/2018\/10\/Swagger-2a.jpg\"><img loading=\"lazy\" decoding=\"async\" class=\"alignnone wp-image-3965 size-large\" src=\"http:\/\/www.augen-blicke-afrika.de\/blog\/wp-content\/uploads\/2018\/10\/Swagger-2a-1024x576.jpg\" width=\"584\" height=\"329\" srcset=\"http:\/\/www.augen-blicke-afrika.de\/blog\/wp-content\/uploads\/2018\/10\/Swagger-2a-1024x576.jpg 1024w, http:\/\/www.augen-blicke-afrika.de\/blog\/wp-content\/uploads\/2018\/10\/Swagger-2a-300x169.jpg 300w, http:\/\/www.augen-blicke-afrika.de\/blog\/wp-content\/uploads\/2018\/10\/Swagger-2a-768x432.jpg 768w, http:\/\/www.augen-blicke-afrika.de\/blog\/wp-content\/uploads\/2018\/10\/Swagger-2a-500x281.jpg 500w\" sizes=\"auto, (max-width: 584px) 100vw, 584px\" \/><\/a><\/p>\n<h1>SWAGGER<\/h1>\n<h3>Dokumentarfilm, Frankreich 2016, R.: Olivier Babinet, 84 Min., frz. OF, dt. UT<\/h3>\n<\/td>\n<\/tr>\n<\/thead>\n<tbody>\n<tr>\n<td>Swag\u201c ist heute ein vielfach verwendeter Begriff in der Sprache von Jugendlichen. Um dieses in der Hiphop-Szene benutze Wort mit Inhalt zu f\u00fcllen, \u00adbegibt sich Olivier Babinet in einen der \u00e4rmsten, sozial benachteiligten Vororte von Paris. Die elf afrikanischen Migrantenkinder im Teenageralter f\u00fchlen, dass Paris ganz weit weg ist, dort leben die Wei\u00dfen. Ihre Welt ist eine ganz andere. Ungeschminkt und aus \u00fcberraschenden Perspektiven erz\u00e4hlen sie von ihren Ambitionen, W\u00fcnschen und den Tr\u00e4umen von einem&nbsp; zuk\u00fcnftigen Leben. Sie setzen sich selbstbewusst in Szene und der Regisseur l\u00e4sst sich auf seine Protagonisten ein, indem er verschiedene filmische Stilmittel, inklusive \u00adMusical und Science Fiction, vermischt. &#8220;Swagger&#8221; zeichnet kein Bild von Opfern oder Au\u00dfenseitern, sondern zeigt eine moderne Jugendkultur, die durchaus hoffnungsvoll und enthusiastisch in die Zukunft blickt.<\/td>\n<\/tr>\n<tr>\n<td style=\"border-bottom: none;\"><strong><a href=\"http:\/\/www.augen-blicke-afrika.de\/blog\/wp-content\/uploads\/2018\/10\/swagger-1a.jpg\"><img loading=\"lazy\" decoding=\"async\" class=\"alignleft wp-image-3964 size-medium\" src=\"http:\/\/www.augen-blicke-afrika.de\/blog\/wp-content\/uploads\/2018\/10\/swagger-1a-e1538741209820-217x300.jpg\" width=\"217\" height=\"300\" srcset=\"http:\/\/www.augen-blicke-afrika.de\/blog\/wp-content\/uploads\/2018\/10\/swagger-1a-e1538741209820-217x300.jpg 217w, http:\/\/www.augen-blicke-afrika.de\/blog\/wp-content\/uploads\/2018\/10\/swagger-1a-e1538741209820-768x1063.jpg 768w, http:\/\/www.augen-blicke-afrika.de\/blog\/wp-content\/uploads\/2018\/10\/swagger-1a-e1538741209820-740x1024.jpg 740w, http:\/\/www.augen-blicke-afrika.de\/blog\/wp-content\/uploads\/2018\/10\/swagger-1a-e1538741209820.jpg 867w\" sizes=\"auto, (max-width: 217px) 100vw, 217px\" \/><\/a><\/strong><\/p>\n<p><strong>Olivier Babinet<\/strong>, franz\u00f6sischer Filmemacher und Drehbuchautor, realisierte diverse Filme und Musikvideos. Daneben arbeitete er vier Jahre in einer Schule in einem Armenviertel von Paris und produzierte mit den Jugendlichen diverse Fantasy- und Science Fiction- Filme. In dieser Zeit entstand auch die Idee, die intensiven \u00adErlebnisse mit den Teenagern zu dokumentieren.<\/p>\n<p>&nbsp;<\/td>\n<\/tr>\n<\/tbody>\n<\/table>\n<p><iframe loading=\"lazy\" src=\"https:\/\/www.youtube.com\/embed\/HNniWa-uM2E\" allowfullscreen=\"allowfullscreen\" width=\"560\" height=\"315\" frameborder=\"0\"><\/iframe><\/p>\n","protected":false},"excerpt":{"rendered":"<p>SWAGGER Dokumentarfilm, Frankreich 2016, R.: Olivier Babinet, 84 Min., frz. OF, dt. UT Swag\u201c ist heute ein vielfach verwendeter Begriff in der Sprache von Jugendlichen. Um dieses in der Hiphop-Szene benutze Wort mit Inhalt zu f\u00fcllen, \u00adbegibt sich Olivier Babinet &hellip; <a href=\"http:\/\/www.augen-blicke-afrika.de\/blog\/filme-2018\/swagger\/\">Weiterlesen <span class=\"meta-nav\">&rarr;<\/span><\/a><\/p>\n","protected":false},"author":3,"featured_media":5126,"parent":4190,"menu_order":0,"comment_status":"closed","ping_status":"closed","template":"afrika2018.php","meta":{"footnotes":""},"class_list":["post-3963","page","type-page","status-publish","has-post-thumbnail","hentry"],"_links":{"self":[{"href":"http:\/\/www.augen-blicke-afrika.de\/blog\/wp-json\/wp\/v2\/pages\/3963","targetHints":{"allow":["GET"]}}],"collection":[{"href":"http:\/\/www.augen-blicke-afrika.de\/blog\/wp-json\/wp\/v2\/pages"}],"about":[{"href":"http:\/\/www.augen-blicke-afrika.de\/blog\/wp-json\/wp\/v2\/types\/page"}],"author":[{"embeddable":true,"href":"http:\/\/www.augen-blicke-afrika.de\/blog\/wp-json\/wp\/v2\/users\/3"}],"replies":[{"embeddable":true,"href":"http:\/\/www.augen-blicke-afrika.de\/blog\/wp-json\/wp\/v2\/comments?post=3963"}],"version-history":[{"count":6,"href":"http:\/\/www.augen-blicke-afrika.de\/blog\/wp-json\/wp\/v2\/pages\/3963\/revisions"}],"predecessor-version":[{"id":9425,"href":"http:\/\/www.augen-blicke-afrika.de\/blog\/wp-json\/wp\/v2\/pages\/3963\/revisions\/9425"}],"up":[{"embeddable":true,"href":"http:\/\/www.augen-blicke-afrika.de\/blog\/wp-json\/wp\/v2\/pages\/4190"}],"wp:featuredmedia":[{"embeddable":true,"href":"http:\/\/www.augen-blicke-afrika.de\/blog\/wp-json\/wp\/v2\/media\/5126"}],"wp:attachment":[{"href":"http:\/\/www.augen-blicke-afrika.de\/blog\/wp-json\/wp\/v2\/media?parent=3963"}],"curies":[{"name":"wp","href":"https:\/\/api.w.org\/{rel}","templated":true}]}}