{"id":3959,"date":"2018-10-05T15:41:51","date_gmt":"2018-10-05T13:41:51","guid":{"rendered":"http:\/\/www.augen-blicke-afrika.de\/blog\/?page_id=3959"},"modified":"2025-10-31T18:56:44","modified_gmt":"2025-10-31T17:56:44","slug":"an-opera-of-the-world","status":"publish","type":"page","link":"http:\/\/www.augen-blicke-afrika.de\/blog\/filme-2018\/an-opera-of-the-world\/","title":{"rendered":"AN OPERA OF THE WORLD"},"content":{"rendered":"<table style=\"height: 356px;\" width=\"100%\">\n<thead>\n<tr>\n<td>\n<h1><a href=\"http:\/\/www.augen-blicke-afrika.de\/blog\/wp-content\/uploads\/2018\/10\/PastedGraphic-1.jpg\"><img loading=\"lazy\" decoding=\"async\" class=\"alignnone wp-image-3961 size-full\" src=\"http:\/\/www.augen-blicke-afrika.de\/blog\/wp-content\/uploads\/2018\/10\/PastedGraphic-1.jpg\" width=\"600\" height=\"335\" srcset=\"http:\/\/www.augen-blicke-afrika.de\/blog\/wp-content\/uploads\/2018\/10\/PastedGraphic-1.jpg 600w, http:\/\/www.augen-blicke-afrika.de\/blog\/wp-content\/uploads\/2018\/10\/PastedGraphic-1-300x168.jpg 300w, http:\/\/www.augen-blicke-afrika.de\/blog\/wp-content\/uploads\/2018\/10\/PastedGraphic-1-500x279.jpg 500w\" sizes=\"auto, (max-width: 600px) 100vw, 600px\" \/><\/a><\/h1>\n<h1>AN OPERA OF THE WORLD<\/h1>\n<h3>Musik-Dokumentarfilm, Mali \/ USA&nbsp; 2017, R.: Manthia Diawara, 70 Min., frz. \/ engl. OF, dt. UT<\/h3>\n<\/td>\n<\/tr>\n<\/thead>\n<tbody>\n<tr>\n<td>Der Regisseur Manthia Diawara filmte 2007 in seiner Heimatstadt Bamako die Urauff\u00fchrung der Oper \u201eBintou Were, a Sahel Opera\u201c, die auf einem \u00adLibretto des tschadischen Dichters und Dramatikers Koulsy Lamko \u00adberuht. Tanz- und Gesangsszenen dieser Oper, die ausschlie\u00dflich von afrika\u00adnischen K\u00fcnstlerinnen und K\u00fcnstlern vorgetragen werden, verwebt Diawara eindrucksvoll mit dem Thema Migration. Durch die Verwendung von \u00adaktuellem&nbsp; Filmmaterial \u00fcber die Fl\u00fcchtlingsbewegungen von Afrika nach Europa erweitert er den Kunstkosmos auf eine politische Dimension. Er greift auch auf historisches europ\u00e4isches Material zur\u00fcck und l\u00e4sst K\u00fcnstler und Intellektuelle, darunter Alexander Kluge, \u00fcber das zeitlose Thema \u00adMigration reflektieren.<br \/>\n\u00ad<\/td>\n<\/tr>\n<tr>\n<td style=\"border-bottom: none;\"><strong>Manthia Diawara<\/strong>, geb. 1953 in Mali, gilt als eine der wichtigsten intellektuellen Stimmen Afrikas. Er lebt und arbeitet in New York. Diawara ist Professor f\u00fcr Vergleichende Literatur- und Filmwissenschaft an der New York University und ist \u201eDirector of the Institute of Afro-American Affairs\u201c. Mit diesem \u00adDokumentarfilm war er 2017 Gast auf der \u201edocumenta 14\u201c in Athen.<\/td>\n<\/tr>\n<\/tbody>\n<\/table>\n<p><iframe loading=\"lazy\" src=\"https:\/\/www.youtube.com\/embed\/3LXk9OhA9N4\" allowfullscreen=\"allowfullscreen\" width=\"560\" height=\"315\" frameborder=\"0\"><\/iframe><\/p>\n","protected":false},"excerpt":{"rendered":"<p>AN OPERA OF THE WORLD Musik-Dokumentarfilm, Mali \/ USA&nbsp; 2017, R.: Manthia Diawara, 70 Min., frz. \/ engl. OF, dt. UT Der Regisseur Manthia Diawara filmte 2007 in seiner Heimatstadt Bamako die Urauff\u00fchrung der Oper \u201eBintou Were, a Sahel Opera\u201c, &hellip; <a href=\"http:\/\/www.augen-blicke-afrika.de\/blog\/filme-2018\/an-opera-of-the-world\/\">Weiterlesen <span class=\"meta-nav\">&rarr;<\/span><\/a><\/p>\n","protected":false},"author":3,"featured_media":5126,"parent":4190,"menu_order":0,"comment_status":"closed","ping_status":"closed","template":"afrika2018.php","meta":{"footnotes":""},"class_list":["post-3959","page","type-page","status-publish","has-post-thumbnail","hentry"],"_links":{"self":[{"href":"http:\/\/www.augen-blicke-afrika.de\/blog\/wp-json\/wp\/v2\/pages\/3959","targetHints":{"allow":["GET"]}}],"collection":[{"href":"http:\/\/www.augen-blicke-afrika.de\/blog\/wp-json\/wp\/v2\/pages"}],"about":[{"href":"http:\/\/www.augen-blicke-afrika.de\/blog\/wp-json\/wp\/v2\/types\/page"}],"author":[{"embeddable":true,"href":"http:\/\/www.augen-blicke-afrika.de\/blog\/wp-json\/wp\/v2\/users\/3"}],"replies":[{"embeddable":true,"href":"http:\/\/www.augen-blicke-afrika.de\/blog\/wp-json\/wp\/v2\/comments?post=3959"}],"version-history":[{"count":5,"href":"http:\/\/www.augen-blicke-afrika.de\/blog\/wp-json\/wp\/v2\/pages\/3959\/revisions"}],"predecessor-version":[{"id":6972,"href":"http:\/\/www.augen-blicke-afrika.de\/blog\/wp-json\/wp\/v2\/pages\/3959\/revisions\/6972"}],"up":[{"embeddable":true,"href":"http:\/\/www.augen-blicke-afrika.de\/blog\/wp-json\/wp\/v2\/pages\/4190"}],"wp:featuredmedia":[{"embeddable":true,"href":"http:\/\/www.augen-blicke-afrika.de\/blog\/wp-json\/wp\/v2\/media\/5126"}],"wp:attachment":[{"href":"http:\/\/www.augen-blicke-afrika.de\/blog\/wp-json\/wp\/v2\/media?parent=3959"}],"curies":[{"name":"wp","href":"https:\/\/api.w.org\/{rel}","templated":true}]}}