{"id":3951,"date":"2018-10-05T15:44:25","date_gmt":"2018-10-05T13:44:25","guid":{"rendered":"http:\/\/www.augen-blicke-afrika.de\/blog\/?page_id=3951"},"modified":"2023-09-06T14:12:32","modified_gmt":"2023-09-06T12:12:32","slug":"apatride","status":"publish","type":"page","link":"http:\/\/www.augen-blicke-afrika.de\/blog\/filme-2018\/apatride\/","title":{"rendered":"APATRIDE"},"content":{"rendered":"<table style=\"height: 356px;\" width=\"100%\">\n<thead>\n<tr>\n<td>\n<h1><a href=\"http:\/\/www.augen-blicke-afrika.de\/blog\/wp-content\/uploads\/2018\/10\/apatride-2a.jpg\"><img loading=\"lazy\" decoding=\"async\" class=\"alignnone wp-image-3953 size-large\" src=\"http:\/\/www.augen-blicke-afrika.de\/blog\/wp-content\/uploads\/2018\/10\/apatride-2a-1024x425.jpg\" width=\"584\" height=\"242\" srcset=\"http:\/\/www.augen-blicke-afrika.de\/blog\/wp-content\/uploads\/2018\/10\/apatride-2a-1024x425.jpg 1024w, http:\/\/www.augen-blicke-afrika.de\/blog\/wp-content\/uploads\/2018\/10\/apatride-2a-300x124.jpg 300w, http:\/\/www.augen-blicke-afrika.de\/blog\/wp-content\/uploads\/2018\/10\/apatride-2a-768x318.jpg 768w, http:\/\/www.augen-blicke-afrika.de\/blog\/wp-content\/uploads\/2018\/10\/apatride-2a-500x207.jpg 500w\" sizes=\"auto, (max-width: 584px) 100vw, 584px\" \/><\/a><\/h1>\n<h1>APATRIDE &#8211; Stateless<\/h1>\n<h3>Marokko \/ Frankreich 2018, R.: Narjiss Nejjar, 94 Min., arab. \/ frz. OF, dt. UT<\/h3>\n<\/td>\n<\/tr>\n<\/thead>\n<tbody>\n<tr>\n<td>Im W\u00fcstenwind markieren wehende Flaggen die Grenze zwischen Algerien und Marokko. Die junge H\u00e9nia schaut sehns\u00fcchtig in \u00adRichtung ihrer ehemaligen Heimat Algerien.1975 wurden sie und ihr Vater aus Algerien ausgewiesen, zusammen mit 45.000 anderen \u00admarokkanischen Familien. Nun lebt und arbeitet sie bei ihrer Tante in Marokko, hat aber keinen Aufenthaltsstatus, weil ihre Geburtsurkunde verloren ging. So bleibt ihr nur der Weg, den alten blinden Bruder der Tante zu heiraten. Dabei liebt sie dessen Sohn, aber der muss sich dem Vater unterwerfen. Hanias Sehnsucht nach ihrer Heimat w\u00e4chst von Tag zu Tag.<br \/>\nDie Regisseurin Narjiss Nejjar zeichnet in eindrucksvollen Bildern die&nbsp; Liebesgeschichte einer Frau, die nach Unabh\u00e4ngigkeit und Selbstbestimmung sucht und doch nur Spielball ist.<br \/>\n\u00ad<\/td>\n<\/tr>\n<tr>\n<td style=\"border-bottom: none;\"><a href=\"http:\/\/www.augen-blicke-afrika.de\/blog\/wp-content\/uploads\/2018\/10\/Apatride-1a.jpg\"><img loading=\"lazy\" decoding=\"async\" class=\"wp-image-3952 size-medium alignleft\" src=\"http:\/\/www.augen-blicke-afrika.de\/blog\/wp-content\/uploads\/2018\/10\/Apatride-1a-300x200.jpg\" width=\"300\" height=\"200\" srcset=\"http:\/\/www.augen-blicke-afrika.de\/blog\/wp-content\/uploads\/2018\/10\/Apatride-1a-300x200.jpg 300w, http:\/\/www.augen-blicke-afrika.de\/blog\/wp-content\/uploads\/2018\/10\/Apatride-1a-768x512.jpg 768w, http:\/\/www.augen-blicke-afrika.de\/blog\/wp-content\/uploads\/2018\/10\/Apatride-1a-1024x683.jpg 1024w, http:\/\/www.augen-blicke-afrika.de\/blog\/wp-content\/uploads\/2018\/10\/Apatride-1a-450x300.jpg 450w, http:\/\/www.augen-blicke-afrika.de\/blog\/wp-content\/uploads\/2018\/10\/Apatride-1a.jpg 1500w\" sizes=\"auto, (max-width: 300px) 100vw, 300px\" \/><\/a><\/p>\n<p><strong>Narjiss Nejjar<\/strong>, geb. 1971 in Marokko, lebt als Regisseurin, Drehbuchautorin und Schriftstellerin in Rabat.<\/td>\n<\/tr>\n<\/tbody>\n<\/table>\n<p><iframe loading=\"lazy\" src=\"https:\/\/www.youtube.com\/embed\/Iva6yU8rwLg\" allowfullscreen=\"allowfullscreen\" width=\"560\" height=\"315\" frameborder=\"0\"><\/iframe><\/p>\n","protected":false},"excerpt":{"rendered":"<p>APATRIDE &#8211; Stateless Marokko \/ Frankreich 2018, R.: Narjiss Nejjar, 94 Min., arab. \/ frz. OF, dt. UT Im W\u00fcstenwind markieren wehende Flaggen die Grenze zwischen Algerien und Marokko. Die junge H\u00e9nia schaut sehns\u00fcchtig in \u00adRichtung ihrer ehemaligen Heimat Algerien.1975 &hellip; <a href=\"http:\/\/www.augen-blicke-afrika.de\/blog\/filme-2018\/apatride\/\">Weiterlesen <span class=\"meta-nav\">&rarr;<\/span><\/a><\/p>\n","protected":false},"author":3,"featured_media":5126,"parent":4190,"menu_order":0,"comment_status":"closed","ping_status":"closed","template":"afrika2018_oh.php","meta":{"footnotes":""},"class_list":["post-3951","page","type-page","status-publish","has-post-thumbnail","hentry"],"_links":{"self":[{"href":"http:\/\/www.augen-blicke-afrika.de\/blog\/wp-json\/wp\/v2\/pages\/3951","targetHints":{"allow":["GET"]}}],"collection":[{"href":"http:\/\/www.augen-blicke-afrika.de\/blog\/wp-json\/wp\/v2\/pages"}],"about":[{"href":"http:\/\/www.augen-blicke-afrika.de\/blog\/wp-json\/wp\/v2\/types\/page"}],"author":[{"embeddable":true,"href":"http:\/\/www.augen-blicke-afrika.de\/blog\/wp-json\/wp\/v2\/users\/3"}],"replies":[{"embeddable":true,"href":"http:\/\/www.augen-blicke-afrika.de\/blog\/wp-json\/wp\/v2\/comments?post=3951"}],"version-history":[{"count":6,"href":"http:\/\/www.augen-blicke-afrika.de\/blog\/wp-json\/wp\/v2\/pages\/3951\/revisions"}],"predecessor-version":[{"id":7650,"href":"http:\/\/www.augen-blicke-afrika.de\/blog\/wp-json\/wp\/v2\/pages\/3951\/revisions\/7650"}],"up":[{"embeddable":true,"href":"http:\/\/www.augen-blicke-afrika.de\/blog\/wp-json\/wp\/v2\/pages\/4190"}],"wp:featuredmedia":[{"embeddable":true,"href":"http:\/\/www.augen-blicke-afrika.de\/blog\/wp-json\/wp\/v2\/media\/5126"}],"wp:attachment":[{"href":"http:\/\/www.augen-blicke-afrika.de\/blog\/wp-json\/wp\/v2\/media?parent=3951"}],"curies":[{"name":"wp","href":"https:\/\/api.w.org\/{rel}","templated":true}]}}