{"id":3888,"date":"2018-10-05T16:24:04","date_gmt":"2018-10-05T14:24:04","guid":{"rendered":"http:\/\/www.augen-blicke-afrika.de\/blog\/?page_id=3888"},"modified":"2025-10-31T18:48:50","modified_gmt":"2025-10-31T17:48:50","slug":"liyana","status":"publish","type":"page","link":"http:\/\/www.augen-blicke-afrika.de\/blog\/filme-2018\/liyana\/","title":{"rendered":"LIYANA"},"content":{"rendered":"<table style=\"height: 356px;\" width=\"100%\">\n<thead>\n<tr>\n<td>\n<h1><a href=\"http:\/\/www.augen-blicke-afrika.de\/blog\/wp-content\/uploads\/2018\/10\/liyana-2a.jpg\"><img loading=\"lazy\" decoding=\"async\" class=\"alignnone wp-image-3889 size-large\" src=\"http:\/\/www.augen-blicke-afrika.de\/blog\/wp-content\/uploads\/2018\/10\/liyana-2a-1024x576.jpg\" width=\"584\" height=\"329\" srcset=\"http:\/\/www.augen-blicke-afrika.de\/blog\/wp-content\/uploads\/2018\/10\/liyana-2a-1024x576.jpg 1024w, http:\/\/www.augen-blicke-afrika.de\/blog\/wp-content\/uploads\/2018\/10\/liyana-2a-300x169.jpg 300w, http:\/\/www.augen-blicke-afrika.de\/blog\/wp-content\/uploads\/2018\/10\/liyana-2a-768x432.jpg 768w, http:\/\/www.augen-blicke-afrika.de\/blog\/wp-content\/uploads\/2018\/10\/liyana-2a-500x281.jpg 500w, http:\/\/www.augen-blicke-afrika.de\/blog\/wp-content\/uploads\/2018\/10\/liyana-2a.jpg 1920w\" sizes=\"auto, (max-width: 584px) 100vw, 584px\" \/><\/a><\/h1>\n<h1>LIYANA<\/h1>\n<h3>Dokumentarfilm mit Animation, Swasiland \/ USA 2017, R.: Aaron Kopp \/ Amanda Kopp, 76 Min., engl. OF<\/h3>\n<\/td>\n<\/tr>\n<\/thead>\n<tbody>\n<tr>\n<td>Die Titelheldin \u201eLiyana\u201c ist ein Gesch\u00f6pf, das sich in den kreativen K\u00f6pfen von f\u00fcnf Waisenkindern entwickelt, die in einem Heim in Swasiland leben. Angeleitet durch die s\u00fcdafrikanische Schriftstellerin Gcina Mhlophe begeben sich die Sch\u00fclerinnen und Sch\u00fcler im Klassenzimmer auf eine fantastische Reise mit der Animationsfigur Liyana, die ihren Bruder sucht. Die Methode des kollektiven Geschichtenerz\u00e4hlens erm\u00f6glicht es den Kindern, ihre eigenen be\u00e4ngstigenden Erlebnisse und traumatischen Erfahrungen einzubringen, und gleichzeitig entwickeln sie Zuversicht und Perspektiven.<br \/>\nDas Filmteam hat eine beeindruckende Form der Darstellung gefunden, ganz nah an den Kindern, die ihre Geschichte mit gro\u00dfen Emotionen, mit Gestik und Mimik entwickeln und \u201eerleben\u201c. Teile der sehr bildreichen Sprache der Kinder sind in wundersch\u00f6ne Animationsszenen umgesetzt.<br \/>\nEin ganz besonderer Film!<\/td>\n<\/tr>\n<tr>\n<td style=\"border-bottom: none;\"><a href=\"http:\/\/www.augen-blicke-afrika.de\/blog\/wp-content\/uploads\/2018\/10\/Liyana-1-a.jpg\"><img loading=\"lazy\" decoding=\"async\" class=\"wp-image-3890 size-medium alignleft\" src=\"http:\/\/www.augen-blicke-afrika.de\/blog\/wp-content\/uploads\/2018\/10\/Liyana-1-a-200x300.jpg\" width=\"200\" height=\"300\" srcset=\"http:\/\/www.augen-blicke-afrika.de\/blog\/wp-content\/uploads\/2018\/10\/Liyana-1-a-200x300.jpg 200w, http:\/\/www.augen-blicke-afrika.de\/blog\/wp-content\/uploads\/2018\/10\/Liyana-1-a-768x1152.jpg 768w, http:\/\/www.augen-blicke-afrika.de\/blog\/wp-content\/uploads\/2018\/10\/Liyana-1-a-683x1024.jpg 683w, http:\/\/www.augen-blicke-afrika.de\/blog\/wp-content\/uploads\/2018\/10\/Liyana-1-a.jpg 800w\" sizes=\"auto, (max-width: 200px) 100vw, 200px\" \/><\/a><\/p>\n<p><strong>Aaron Kopp<\/strong>, Filmemacher, Produzent und Kameramann, ist im K\u00f6nigreich Swasiland aufgewachsen. Er hat auf der ganzen Welt Filme realisiert.<br \/>\n<strong>Amanda Kopp<\/strong> ist Filmemacherin, Fotografin und K\u00fcnstlerin.<br \/>\n<strong>Shofela Coker<\/strong> ist Illustrator und Regisseur, spezialisiert auf Comics und digitale Animation. Er ist in Nigeria auf\u00adgewachsen und lebt heute in den USA. Seine afrikanische Herkunft hat sehr stark sein k\u00fcnstlerisches Schaffen \u00adgepr\u00e4gt.<\/td>\n<\/tr>\n<\/tbody>\n<\/table>\n<p><iframe loading=\"lazy\" src=\"https:\/\/www.youtube.com\/embed\/CjT9RtV9gs4\" allowfullscreen=\"allowfullscreen\" width=\"560\" height=\"315\" frameborder=\"0\"><\/iframe><\/p>\n","protected":false},"excerpt":{"rendered":"<p>LIYANA Dokumentarfilm mit Animation, Swasiland \/ USA 2017, R.: Aaron Kopp \/ Amanda Kopp, 76 Min., engl. OF Die Titelheldin \u201eLiyana\u201c ist ein Gesch\u00f6pf, das sich in den kreativen K\u00f6pfen von f\u00fcnf Waisenkindern entwickelt, die in einem Heim in Swasiland &hellip; <a href=\"http:\/\/www.augen-blicke-afrika.de\/blog\/filme-2018\/liyana\/\">Weiterlesen <span class=\"meta-nav\">&rarr;<\/span><\/a><\/p>\n","protected":false},"author":3,"featured_media":5126,"parent":4190,"menu_order":0,"comment_status":"closed","ping_status":"closed","template":"afrika2018.php","meta":{"footnotes":""},"class_list":["post-3888","page","type-page","status-publish","has-post-thumbnail","hentry"],"_links":{"self":[{"href":"http:\/\/www.augen-blicke-afrika.de\/blog\/wp-json\/wp\/v2\/pages\/3888","targetHints":{"allow":["GET"]}}],"collection":[{"href":"http:\/\/www.augen-blicke-afrika.de\/blog\/wp-json\/wp\/v2\/pages"}],"about":[{"href":"http:\/\/www.augen-blicke-afrika.de\/blog\/wp-json\/wp\/v2\/types\/page"}],"author":[{"embeddable":true,"href":"http:\/\/www.augen-blicke-afrika.de\/blog\/wp-json\/wp\/v2\/users\/3"}],"replies":[{"embeddable":true,"href":"http:\/\/www.augen-blicke-afrika.de\/blog\/wp-json\/wp\/v2\/comments?post=3888"}],"version-history":[{"count":5,"href":"http:\/\/www.augen-blicke-afrika.de\/blog\/wp-json\/wp\/v2\/pages\/3888\/revisions"}],"predecessor-version":[{"id":9411,"href":"http:\/\/www.augen-blicke-afrika.de\/blog\/wp-json\/wp\/v2\/pages\/3888\/revisions\/9411"}],"up":[{"embeddable":true,"href":"http:\/\/www.augen-blicke-afrika.de\/blog\/wp-json\/wp\/v2\/pages\/4190"}],"wp:featuredmedia":[{"embeddable":true,"href":"http:\/\/www.augen-blicke-afrika.de\/blog\/wp-json\/wp\/v2\/media\/5126"}],"wp:attachment":[{"href":"http:\/\/www.augen-blicke-afrika.de\/blog\/wp-json\/wp\/v2\/media?parent=3888"}],"curies":[{"name":"wp","href":"https:\/\/api.w.org\/{rel}","templated":true}]}}