{"id":3863,"date":"2018-10-05T15:59:52","date_gmt":"2018-10-05T13:59:52","guid":{"rendered":"http:\/\/www.augen-blicke-afrika.de\/blog\/?page_id=3863"},"modified":"2025-10-31T18:46:21","modified_gmt":"2025-10-31T17:46:21","slug":"fatuma","status":"publish","type":"page","link":"http:\/\/www.augen-blicke-afrika.de\/blog\/filme-2018\/fatuma\/","title":{"rendered":"FATUMA"},"content":{"rendered":"<table style=\"height: 356px;\" width=\"100%\">\n<thead>\n<tr>\n<td>\n<p class=\"hide-if-no-js\"><a href=\"http:\/\/www.augen-blicke-afrika.de\/blog\/wp-content\/uploads\/2018\/10\/fatuma-2a.jpg\"><img loading=\"lazy\" decoding=\"async\" class=\"alignnone wp-image-3866 size-full\" src=\"http:\/\/www.augen-blicke-afrika.de\/blog\/wp-content\/uploads\/2018\/10\/fatuma-2a.jpg\" alt=\"fatuma 2a\" width=\"920\" height=\"388\" srcset=\"http:\/\/www.augen-blicke-afrika.de\/blog\/wp-content\/uploads\/2018\/10\/fatuma-2a.jpg 920w, http:\/\/www.augen-blicke-afrika.de\/blog\/wp-content\/uploads\/2018\/10\/fatuma-2a-300x127.jpg 300w, http:\/\/www.augen-blicke-afrika.de\/blog\/wp-content\/uploads\/2018\/10\/fatuma-2a-768x324.jpg 768w, http:\/\/www.augen-blicke-afrika.de\/blog\/wp-content\/uploads\/2018\/10\/fatuma-2a-500x211.jpg 500w\" sizes=\"auto, (max-width: 920px) 100vw, 920px\" \/><\/a><\/p>\n<h1>FATUMA<\/h1>\n<h3>Tansania 2018, R.: Jordan Riber, 78 Min., Swahili OF, engl. UT<\/h3>\n<\/td>\n<\/tr>\n<\/thead>\n<tbody>\n<tr>\n<td>Fatuma und ihre Tochter Neema arbeiten tagaus, tagein auf dem Feld, um das Leben der sechsk\u00f6pfigen Familie zu sichern. Neema ist wissbegierig und besucht gerne die Schule, aber die Feldarbeit geht vor. Ihre Leistungen lassen durch die Doppelbelastung zunehmend nach und dann will ihr Vater sie auch noch verheiraten mit einem viel \u00e4lteren Mann. Mit dem erzielten \u201eBrautpreis\u201c will er seine Geliebte begl\u00fccken.<br \/>\nZunehmend kommen in Fatuma Unsicherheit und Verzweiflung auf. Sie schlie\u00dft sich einer Frauengruppe an, die die Ernteertr\u00e4ge gewinnbringend \u00fcber das Internet vermarktet. Und dann entdeckt sie, dass ihr Mann die Ernte schon an einen ortsans\u00e4ssigen H\u00e4ndler verkauft hat. Fatuma beginnt f\u00fcr Neema und gegen ihren Mann zu k\u00e4mpfen.<br \/>\nDer Film spielt in der fruchtbaren und malerischen Landschaft rund um Arusha, im n\u00f6rdlichen Tansania.<\/td>\n<\/tr>\n<tr>\n<td style=\"border-bottom: none;\"><strong><a href=\"http:\/\/www.augen-blicke-afrika.de\/blog\/wp-content\/uploads\/2018\/10\/fatuma-1.jpg\"><img loading=\"lazy\" decoding=\"async\" class=\"size-medium wp-image-3867 alignleft\" src=\"http:\/\/www.augen-blicke-afrika.de\/blog\/wp-content\/uploads\/2018\/10\/fatuma-1-225x300.jpg\" alt=\"fatuma 1\" width=\"225\" height=\"300\" srcset=\"http:\/\/www.augen-blicke-afrika.de\/blog\/wp-content\/uploads\/2018\/10\/fatuma-1-225x300.jpg 225w, http:\/\/www.augen-blicke-afrika.de\/blog\/wp-content\/uploads\/2018\/10\/fatuma-1.jpg 600w\" sizes=\"auto, (max-width: 225px) 100vw, 225px\" \/><\/a><\/strong><\/p>\n<p>&nbsp;<\/p>\n<p><strong>Jordan Riber<\/strong> ist in Simbabwe aufgewachsen. Seit gut f\u00fcnfzehn Jahren lebt er in Tansania. Als Regisseur, Autor und Produzent arbeitet er eng zusammen mit \u201eMedia for Development International Tanzania\u201c, einer Initiative, die mit Fachleuten aus Tansania verschiedenste Medienprogramme f\u00fcr die einheimische Bev\u00f6lkerung und f\u00fcr andere L\u00e4nder Afrikas erstellt. \u201eFatuma\u201c wurde beim Sansibar Filmfestival (ZIFF) 2018 als bester Film ausgezeichnet.<\/p>\n<p>&nbsp;<\/td>\n<\/tr>\n<\/tbody>\n<\/table>\n<p><iframe loading=\"lazy\" src=\"https:\/\/www.youtube.com\/embed\/-KUTLX0p984\" title=\"YouTube video player\" allow=\"accelerometer; autoplay; clipboard-write; encrypted-media; gyroscope; picture-in-picture\" allowfullscreen=\"allowfullscreen\" width=\"560\" height=\"315\" frameborder=\"0\"><\/iframe><\/p>\n","protected":false},"excerpt":{"rendered":"<p>FATUMA Tansania 2018, R.: Jordan Riber, 78 Min., Swahili OF, engl. UT Fatuma und ihre Tochter Neema arbeiten tagaus, tagein auf dem Feld, um das Leben der sechsk\u00f6pfigen Familie zu sichern. Neema ist wissbegierig und besucht gerne die Schule, aber &hellip; <a href=\"http:\/\/www.augen-blicke-afrika.de\/blog\/filme-2018\/fatuma\/\">Weiterlesen <span class=\"meta-nav\">&rarr;<\/span><\/a><\/p>\n","protected":false},"author":3,"featured_media":3686,"parent":4190,"menu_order":0,"comment_status":"closed","ping_status":"closed","template":"afrika2018.php","meta":{"footnotes":""},"class_list":["post-3863","page","type-page","status-publish","has-post-thumbnail","hentry"],"_links":{"self":[{"href":"http:\/\/www.augen-blicke-afrika.de\/blog\/wp-json\/wp\/v2\/pages\/3863","targetHints":{"allow":["GET"]}}],"collection":[{"href":"http:\/\/www.augen-blicke-afrika.de\/blog\/wp-json\/wp\/v2\/pages"}],"about":[{"href":"http:\/\/www.augen-blicke-afrika.de\/blog\/wp-json\/wp\/v2\/types\/page"}],"author":[{"embeddable":true,"href":"http:\/\/www.augen-blicke-afrika.de\/blog\/wp-json\/wp\/v2\/users\/3"}],"replies":[{"embeddable":true,"href":"http:\/\/www.augen-blicke-afrika.de\/blog\/wp-json\/wp\/v2\/comments?post=3863"}],"version-history":[{"count":9,"href":"http:\/\/www.augen-blicke-afrika.de\/blog\/wp-json\/wp\/v2\/pages\/3863\/revisions"}],"predecessor-version":[{"id":9407,"href":"http:\/\/www.augen-blicke-afrika.de\/blog\/wp-json\/wp\/v2\/pages\/3863\/revisions\/9407"}],"up":[{"embeddable":true,"href":"http:\/\/www.augen-blicke-afrika.de\/blog\/wp-json\/wp\/v2\/pages\/4190"}],"wp:featuredmedia":[{"embeddable":true,"href":"http:\/\/www.augen-blicke-afrika.de\/blog\/wp-json\/wp\/v2\/media\/3686"}],"wp:attachment":[{"href":"http:\/\/www.augen-blicke-afrika.de\/blog\/wp-json\/wp\/v2\/media?parent=3863"}],"curies":[{"name":"wp","href":"https:\/\/api.w.org\/{rel}","templated":true}]}}