{"id":3570,"date":"2017-10-11T16:19:27","date_gmt":"2017-10-11T14:19:27","guid":{"rendered":"http:\/\/www.augen-blicke-afrika.de\/blog\/?page_id=3570"},"modified":"2022-09-19T21:36:35","modified_gmt":"2022-09-19T19:36:35","slug":"accra-power","status":"publish","type":"page","link":"http:\/\/www.augen-blicke-afrika.de\/blog\/archiv\/archiv-2017\/filme-2017\/accra-power\/","title":{"rendered":"ACCRA POWER"},"content":{"rendered":"<table style=\"height: 356px;\" width=\"756\">\n<thead>\n<tr>\n<td>\n<p class=\"hide-if-no-js\"><a id=\"set-post-thumbnail\" class=\"thickbox\" title=\"Beitragsbild festlegen\" href=\"http:\/\/www.augen-blicke-afrika.de\/blog\/wp-admin\/media-upload.php?post_id=1368&amp;type=image&amp;TB_iframe=1\"><img loading=\"lazy\" decoding=\"async\" class=\"attachment-post-thumbnail alignnone\" src=\"http:\/\/www.augen-blicke-afrika.de\/blog\/wp-content\/uploads\/2017\/10\/poetra-accrapower-1050x591.jpg\" alt=\"ACCRA POWER\" width=\"573\" height=\"340\"><\/a><\/p>\n<h1>ACCRA POWER<\/h1>\n<h3>Dokumentarfilm, \u00d6sterreich \/ Ghana 2016, R.: Sandra Krampelhuber \/ Andrea Verena Strasser, 49 Min., OF, dt. UT<\/h3>\n<\/td>\n<\/tr>\n<\/thead>\n<tbody>\n<tr>\n<td>Der Film beleuchtet kreative und kraftvolle Strategien einer Generation junger GhanaerInnen im Spannungsfeld zwischen technologischer \u00adEntwicklung und \u00f6konomischem Wachstum einerseits und infrastrukturellen Defiziten sowie der allgegenw\u00e4rtigen Energiekrise andererseits. Durch die ganz pers\u00f6nliche Sichtweise der Protagonisten auf den \u00adBegriff \u201ePower\u201c vermittelt der Film ein vielf\u00e4ltiges gesellschaftliches Bild. Die Kreativen verstehen sich als Br\u00fcckenbauer zwischen Tradition und Moderne, ihr kulturelles Wirken sehen sie immer auch als einen \u00adProzess, der die Gesellschaft ver\u00e4ndern soll.<\/td>\n<\/tr>\n<tr>\n<td style=\"border-bottom: none;\">\n<p class=\"hide-if-no-js\"><a id=\"set-post-thumbnail\" class=\"thickbox\" title=\"Beitragsbild festlegen\" href=\"http:\/\/www.augen-blicke-afrika.de\/blog\/wp-admin\/media-upload.php?post_id=1368&amp;type=image&amp;TB_iframe=1\"><img loading=\"lazy\" decoding=\"async\" class=\"attachment-post-thumbnail alignleft\" src=\"http:\/\/www.augen-blicke-afrika.de\/blog\/wp-content\/uploads\/2017\/10\/poster.jpg\" alt=\"ACCRA POWER\" width=\"191\" height=\"136\"><\/a><\/p>\n<p><strong>Sandra Krampelhuber<\/strong>, geb. in \u00d6sterreich, studierte Ethnologie, Sozial- und Kulturanthropologie. Sie arbeitet als Filmemacherin, Produktionsmanagerin und Kuratorin f\u00fcr afrikanische Musik- und Filmfestivals. Andrea Verena Strasser diplomierte in der Studienrichtung Experimentelle visuelle Gestaltung und arbeitet beim Crossing Europe Film-Festival und im K\u00fcnstlerinnenkollektiv Time&#8217;s Up.<\/td>\n<\/tr>\n<\/tbody>\n<\/table>\n<p><iframe loading=\"lazy\" src=\"https:\/\/player.vimeo.com\/video\/161636793\" allowfullscreen=\"allowfullscreen\" width=\"560\" height=\"315\" frameborder=\"0\"><\/iframe><\/p>\n","protected":false},"excerpt":{"rendered":"<p>ACCRA POWER Dokumentarfilm, \u00d6sterreich \/ Ghana 2016, R.: Sandra Krampelhuber \/ Andrea Verena Strasser, 49 Min., OF, dt. UT Der Film beleuchtet kreative und kraftvolle Strategien einer Generation junger GhanaerInnen im Spannungsfeld zwischen technologischer \u00adEntwicklung und \u00f6konomischem Wachstum einerseits und &hellip; <a href=\"http:\/\/www.augen-blicke-afrika.de\/blog\/archiv\/archiv-2017\/filme-2017\/accra-power\/\">Weiterlesen <span class=\"meta-nav\">&rarr;<\/span><\/a><\/p>\n","protected":false},"author":3,"featured_media":5126,"parent":4179,"menu_order":0,"comment_status":"closed","ping_status":"closed","template":"afrika2017_oh.php","meta":{"footnotes":""},"class_list":["post-3570","page","type-page","status-publish","has-post-thumbnail","hentry"],"_links":{"self":[{"href":"http:\/\/www.augen-blicke-afrika.de\/blog\/wp-json\/wp\/v2\/pages\/3570","targetHints":{"allow":["GET"]}}],"collection":[{"href":"http:\/\/www.augen-blicke-afrika.de\/blog\/wp-json\/wp\/v2\/pages"}],"about":[{"href":"http:\/\/www.augen-blicke-afrika.de\/blog\/wp-json\/wp\/v2\/types\/page"}],"author":[{"embeddable":true,"href":"http:\/\/www.augen-blicke-afrika.de\/blog\/wp-json\/wp\/v2\/users\/3"}],"replies":[{"embeddable":true,"href":"http:\/\/www.augen-blicke-afrika.de\/blog\/wp-json\/wp\/v2\/comments?post=3570"}],"version-history":[{"count":3,"href":"http:\/\/www.augen-blicke-afrika.de\/blog\/wp-json\/wp\/v2\/pages\/3570\/revisions"}],"predecessor-version":[{"id":7017,"href":"http:\/\/www.augen-blicke-afrika.de\/blog\/wp-json\/wp\/v2\/pages\/3570\/revisions\/7017"}],"up":[{"embeddable":true,"href":"http:\/\/www.augen-blicke-afrika.de\/blog\/wp-json\/wp\/v2\/pages\/4179"}],"wp:featuredmedia":[{"embeddable":true,"href":"http:\/\/www.augen-blicke-afrika.de\/blog\/wp-json\/wp\/v2\/media\/5126"}],"wp:attachment":[{"href":"http:\/\/www.augen-blicke-afrika.de\/blog\/wp-json\/wp\/v2\/media?parent=3570"}],"curies":[{"name":"wp","href":"https:\/\/api.w.org\/{rel}","templated":true}]}}