{"id":3557,"date":"2017-10-11T16:03:51","date_gmt":"2017-10-11T14:03:51","guid":{"rendered":"http:\/\/www.augen-blicke-afrika.de\/blog\/?page_id=3557"},"modified":"2022-09-19T21:43:10","modified_gmt":"2022-09-19T19:43:10","slug":"felicite","status":"publish","type":"page","link":"http:\/\/www.augen-blicke-afrika.de\/blog\/archiv\/archiv-2017\/filme-2017\/felicite\/","title":{"rendered":"F\u00c9LICIT\u00c9"},"content":{"rendered":"<table style=\"height: 356px;\" width=\"756\">\n<thead>\n<tr>\n<td>\n<p class=\"hide-if-no-js\"><a id=\"set-post-thumbnail\" class=\"thickbox\" title=\"Beitragsbild festlegen\" href=\"http:\/\/www.augen-blicke-afrika.de\/blog\/wp-admin\/media-upload.php?post_id=1368&amp;type=image&amp;TB_iframe=1\"><img loading=\"lazy\" decoding=\"async\" class=\"attachment-post-thumbnail alignnone\" src=\"http:\/\/www.augen-blicke-afrika.de\/blog\/wp-content\/uploads\/2017\/10\/felicite_a.jpg\" alt=\"F\u00c9LICIT\u00c9\" width=\"573\" height=\"340\"><\/a><\/p>\n<h1>F\u00c9LICIT\u00c9<\/h1>\n<h3>Frankreich \/ Senegal 2017, R.: Alain Gomis, 123 Min., Lingala OF, dt. UT<\/h3>\n<\/td>\n<\/tr>\n<\/thead>\n<tbody>\n<tr>\n<td>F\u00fcr die allein erziehende F\u00e9licit\u00e9 bedeutet ihr sechzehnj\u00e4hriger Sohn Samo alles. M\u00fchsam hat sie sich als S\u00e4ngerin und mit kleinen Jobs in schmutzigen Bars durchgeschlagen, um mit ihrem Kind zu \u00fcberleben. Als Samo nach einem Motorradunfall ein Bein zu verlieren droht, begibt sich F\u00e9licit\u00e9 auf eine verzweifelte Suche nach Geld durch die Stra\u00dfen von Kinshasa, der Haupstadt der D. R. Kongo. Die auf ihre Unabh\u00e4ngigkeit stolze S\u00e4ngerin ist pl\u00f6tzlich gezwungen, andere um Hilfe bitten zu m\u00fcssen. Sie sucht ihre Bandkollegen, ihre Nachbarn, die G\u00e4ste der Bar und sogar wildfremde wohlhabende Menschen auf. Dabei geht sie durch abgrundtiefe innere Gef\u00fchle. Nur widerwillig muss sie schlie\u00dflich erkennen, dass auch sie Zuwendung und Liebe braucht.<\/td>\n<\/tr>\n<tr>\n<td style=\"border-bottom: none;\">\n<p class=\"hide-if-no-js\"><a id=\"set-post-thumbnail\" class=\"thickbox\" title=\"Beitragsbild festlegen\" href=\"http:\/\/www.augen-blicke-afrika.de\/blog\/wp-admin\/media-upload.php?post_id=1368&amp;type=image&amp;TB_iframe=1\"><img loading=\"lazy\" decoding=\"async\" class=\"attachment-post-thumbnail alignleft\" src=\"http:\/\/www.augen-blicke-afrika.de\/blog\/wp-content\/uploads\/2017\/10\/index-2.jpg\" alt=\"F\u00c9LICIT\u00c9\" width=\"191\" height=\"136\"><\/a><\/p>\n<p><strong>Alain Gomis<\/strong>, geboren 1972 in Frankreich, ist franz\u00f6sisch-senegalesischer Filmemacher. Er studierte Kunstgeschichte und Film in Paris und realisierte \u00adzun\u00e4chst Video- und Kurzfilme. Sein dritter Spielfilm \u201eF\u00e9licit\u00e9\u201c wurde auf der Berlinale 2017 mit dem \u201eGoldenen B\u00e4ren\u201c ausgezeichnet.<\/td>\n<\/tr>\n<\/tbody>\n<\/table>\n<p><iframe loading=\"lazy\" src=\"https:\/\/www.youtube.com\/embed\/-6LC3ys9pqM\" allowfullscreen=\"allowfullscreen\" width=\"560\" height=\"315\" frameborder=\"0\"><\/iframe><\/p>\n","protected":false},"excerpt":{"rendered":"<p>F\u00c9LICIT\u00c9 Frankreich \/ Senegal 2017, R.: Alain Gomis, 123 Min., Lingala OF, dt. UT F\u00fcr die allein erziehende F\u00e9licit\u00e9 bedeutet ihr sechzehnj\u00e4hriger Sohn Samo alles. M\u00fchsam hat sie sich als S\u00e4ngerin und mit kleinen Jobs in schmutzigen Bars durchgeschlagen, um &hellip; <a href=\"http:\/\/www.augen-blicke-afrika.de\/blog\/archiv\/archiv-2017\/filme-2017\/felicite\/\">Weiterlesen <span class=\"meta-nav\">&rarr;<\/span><\/a><\/p>\n","protected":false},"author":3,"featured_media":5126,"parent":4179,"menu_order":0,"comment_status":"closed","ping_status":"closed","template":"afrika2017_oh.php","meta":{"footnotes":""},"class_list":["post-3557","page","type-page","status-publish","has-post-thumbnail","hentry"],"_links":{"self":[{"href":"http:\/\/www.augen-blicke-afrika.de\/blog\/wp-json\/wp\/v2\/pages\/3557","targetHints":{"allow":["GET"]}}],"collection":[{"href":"http:\/\/www.augen-blicke-afrika.de\/blog\/wp-json\/wp\/v2\/pages"}],"about":[{"href":"http:\/\/www.augen-blicke-afrika.de\/blog\/wp-json\/wp\/v2\/types\/page"}],"author":[{"embeddable":true,"href":"http:\/\/www.augen-blicke-afrika.de\/blog\/wp-json\/wp\/v2\/users\/3"}],"replies":[{"embeddable":true,"href":"http:\/\/www.augen-blicke-afrika.de\/blog\/wp-json\/wp\/v2\/comments?post=3557"}],"version-history":[{"count":4,"href":"http:\/\/www.augen-blicke-afrika.de\/blog\/wp-json\/wp\/v2\/pages\/3557\/revisions"}],"predecessor-version":[{"id":7024,"href":"http:\/\/www.augen-blicke-afrika.de\/blog\/wp-json\/wp\/v2\/pages\/3557\/revisions\/7024"}],"up":[{"embeddable":true,"href":"http:\/\/www.augen-blicke-afrika.de\/blog\/wp-json\/wp\/v2\/pages\/4179"}],"wp:featuredmedia":[{"embeddable":true,"href":"http:\/\/www.augen-blicke-afrika.de\/blog\/wp-json\/wp\/v2\/media\/5126"}],"wp:attachment":[{"href":"http:\/\/www.augen-blicke-afrika.de\/blog\/wp-json\/wp\/v2\/media?parent=3557"}],"curies":[{"name":"wp","href":"https:\/\/api.w.org\/{rel}","templated":true}]}}