{"id":3554,"date":"2017-10-11T15:56:56","date_gmt":"2017-10-11T13:56:56","guid":{"rendered":"http:\/\/www.augen-blicke-afrika.de\/blog\/?page_id=3554"},"modified":"2022-09-19T21:53:15","modified_gmt":"2022-09-19T19:53:15","slug":"tahqiq-fel-djenna-investigating-paradise","status":"publish","type":"page","link":"http:\/\/www.augen-blicke-afrika.de\/blog\/archiv\/archiv-2017\/filme-2017\/tahqiq-fel-djenna-investigating-paradise\/","title":{"rendered":"TAHQIQ FEL DJENNA &#8211;  Investigating Paradise"},"content":{"rendered":"<table style=\"height: 356px;\" width=\"756\">\n<thead>\n<tr>\n<td>\n<p class=\"hide-if-no-js\"><a id=\"set-post-thumbnail\" class=\"thickbox\" title=\"Beitragsbild festlegen\" href=\"http:\/\/www.augen-blicke-afrika.de\/blog\/wp-admin\/media-upload.php?post_id=1368&amp;type=image&amp;TB_iframe=1\"><img loading=\"lazy\" decoding=\"async\" class=\"attachment-post-thumbnail alignnone\" src=\"http:\/\/www.augen-blicke-afrika.de\/blog\/wp-content\/uploads\/2017\/10\/MV5BNTAyNTk4MjQtYzNiNS00NzQyLWEwM2MtOWQxNGZiYjJhNjRhXkEyXkFqcGdeQXVyNTEzNDY5MjM@._V1_.jpg\" alt=\"TAHQIQ FEL DJENNA - Investigating Paradise\" width=\"573\" height=\"340\"><\/a><\/p>\n<h1>TAHQIQ FEL DJENNA &#8211; Investigating Paradise<\/h1>\n<h3>Dokumentar- Spielfilm, Frankreich \/ Algerien 2017, R.: Merzak Allouache, 135 Min., arab. \/ frz. OF, engl. UT<\/h3>\n<\/td>\n<\/tr>\n<\/thead>\n<tbody>\n<tr>\n<td>Wie stellen Sie sich das Paradies vor? Mit dieser Frage konfrontiert die junge algerische Journalistin Nedjma ihre Landsleute. Als Land, in dem Milch und Honig flie\u00dfen, sagt der eine, da muss man nicht mehr arbeiten, der andere. Es gibt Fr\u00fcchte im \u00dcberfluss und Wein. Es gibt das Paradies, damit wir hier so gottesf\u00fcrchtig leben und dann im \u00dcberfluss genie\u00dfen k\u00f6nnen, was uns auf der Erde verboten ist, f\u00fcgt ein Dritter hinzu. Etwa die H\u00e4lfte der befragten M\u00e4nner sind \u00fcberzeugt, dass jeder Mann im Paradies die Z\u00e4rtlichkeiten von zweiundsiebzig ihm allein zugedachten Houris &#8211; Jungfrauen empf\u00e4ngt. Und was machen die Frauen im Paradies? Auch auf diese Frage sucht die Journalistin eine Antwort. Diese Vorstellungen vom Paradies werden besonders im Internet mit viel Geld beworben von salafistischen Predigern, um junge M\u00e4nner weltweit f\u00fcr den Dschihad zu begeistern. Intellektuelle, junge M\u00e4nner, religi\u00f6se Gelehrte und politische AktivistInnen \u00e4u\u00dfern sich zu diesem hoch aktuellen Thema. Regisseur Merzak Allouache verkn\u00fcpft auf unterhaltsame Weise \u00adinszenierte Szenen in Schwarz-Wei\u00df mit dokumentarischen Interviews.<\/td>\n<\/tr>\n<tr>\n<td style=\"border-bottom: none;\">\n<p class=\"hide-if-no-js\"><strong>Merzak Allouache<\/strong>, geb. 1944 in Algerien, studierte in Algier und Paris. Er arbeitet als Regisseur und Drehbuchautor. Seine Filme wurden auf zahlreichen internationalen Festivals pr\u00e4sentiert. \u201eTahqiq Fel Djenna &#8211; Investigating \u00adParadise\u201c gewann bei der Berlinale 2017 den Preis der \u00d6kumenischen Jury.<\/p>\n<\/td>\n<\/tr>\n<\/tbody>\n<\/table>\n<p><iframe loading=\"lazy\" src=\"https:\/\/www.youtube.com\/embed\/hbN1Z1wn9UY\" allowfullscreen=\"allowfullscreen\" width=\"560\" height=\"315\" frameborder=\"0\"><\/iframe><\/p>\n","protected":false},"excerpt":{"rendered":"<p>TAHQIQ FEL DJENNA &#8211; Investigating Paradise Dokumentar- Spielfilm, Frankreich \/ Algerien 2017, R.: Merzak Allouache, 135 Min., arab. \/ frz. OF, engl. UT Wie stellen Sie sich das Paradies vor? Mit dieser Frage konfrontiert die junge algerische Journalistin Nedjma ihre &hellip; <a href=\"http:\/\/www.augen-blicke-afrika.de\/blog\/archiv\/archiv-2017\/filme-2017\/tahqiq-fel-djenna-investigating-paradise\/\">Weiterlesen <span class=\"meta-nav\">&rarr;<\/span><\/a><\/p>\n","protected":false},"author":3,"featured_media":5126,"parent":4179,"menu_order":0,"comment_status":"closed","ping_status":"closed","template":"afrika2017_oh.php","meta":{"footnotes":""},"class_list":["post-3554","page","type-page","status-publish","has-post-thumbnail","hentry"],"_links":{"self":[{"href":"http:\/\/www.augen-blicke-afrika.de\/blog\/wp-json\/wp\/v2\/pages\/3554","targetHints":{"allow":["GET"]}}],"collection":[{"href":"http:\/\/www.augen-blicke-afrika.de\/blog\/wp-json\/wp\/v2\/pages"}],"about":[{"href":"http:\/\/www.augen-blicke-afrika.de\/blog\/wp-json\/wp\/v2\/types\/page"}],"author":[{"embeddable":true,"href":"http:\/\/www.augen-blicke-afrika.de\/blog\/wp-json\/wp\/v2\/users\/3"}],"replies":[{"embeddable":true,"href":"http:\/\/www.augen-blicke-afrika.de\/blog\/wp-json\/wp\/v2\/comments?post=3554"}],"version-history":[{"count":2,"href":"http:\/\/www.augen-blicke-afrika.de\/blog\/wp-json\/wp\/v2\/pages\/3554\/revisions"}],"predecessor-version":[{"id":7040,"href":"http:\/\/www.augen-blicke-afrika.de\/blog\/wp-json\/wp\/v2\/pages\/3554\/revisions\/7040"}],"up":[{"embeddable":true,"href":"http:\/\/www.augen-blicke-afrika.de\/blog\/wp-json\/wp\/v2\/pages\/4179"}],"wp:featuredmedia":[{"embeddable":true,"href":"http:\/\/www.augen-blicke-afrika.de\/blog\/wp-json\/wp\/v2\/media\/5126"}],"wp:attachment":[{"href":"http:\/\/www.augen-blicke-afrika.de\/blog\/wp-json\/wp\/v2\/media?parent=3554"}],"curies":[{"name":"wp","href":"https:\/\/api.w.org\/{rel}","templated":true}]}}