{"id":3535,"date":"2017-10-11T15:41:02","date_gmt":"2017-10-11T13:41:02","guid":{"rendered":"http:\/\/www.augen-blicke-afrika.de\/blog\/?page_id=3535"},"modified":"2022-09-19T21:55:32","modified_gmt":"2022-09-19T19:55:32","slug":"wulu","status":"publish","type":"page","link":"http:\/\/www.augen-blicke-afrika.de\/blog\/archiv\/archiv-2017\/filme-2017\/wulu\/","title":{"rendered":"W\u00d9LU"},"content":{"rendered":"<table style=\"height: 356px;\" width=\"756\">\n<thead>\n<tr>\n<td>\n<p class=\"hide-if-no-js\"><a id=\"set-post-thumbnail\" class=\"thickbox\" title=\"Beitragsbild festlegen\" href=\"http:\/\/www.augen-blicke-afrika.de\/blog\/wp-admin\/media-upload.php?post_id=1368&amp;type=image&amp;TB_iframe=1\"><img loading=\"lazy\" decoding=\"async\" class=\"attachment-post-thumbnail alignnone\" src=\"http:\/\/www.augen-blicke-afrika.de\/blog\/wp-content\/uploads\/2017\/10\/wulu-1.jpg\" alt=\"W\u00d9LU\" width=\"573\" height=\"340\"><\/a><\/p>\n<h1>W\u00d9LU<\/h1>\n<h3>Mali \/ Frankreich \/ Senegal 2015, R.: Daouda Coulibaly, 95 Min., frz. \/ Bambara OF, engl. UT<\/h3>\n<\/td>\n<\/tr>\n<\/thead>\n<tbody>\n<tr>\n<td>Der zwanzigj\u00e4hrige Ladji sucht Arbeit auf dem Busbahnhof der malischen Hauptstadt Bamako. Der t\u00e4gliche Kampf um Passagiere f\u00fcr die Sammelbusse ist m\u00fchsam und bringt kaum Geld. Um seine Schwester Aminata aus der Prostitution zu holen, muss er mehr Geld verdienen. So beschlie\u00dft er ins florierende Drogengesch\u00e4ft einzusteigen. Zusammen mit Freunden schmuggelt er im Auftrag von gro\u00dfen Bossen kiloweise Kokain von Guinea nach Mali. In kurzer Zeit steigt er zur Topgr\u00f6\u00dfe in der Szene auf. W\u00e4hrend Aminata mit seinem Geld ein neureiches Luxusleben f\u00fchrt, muss Ladji immer gr\u00f6\u00dfere Risiken eingehen. Er ist gefragt bei den Drogenbossen, aber er bleibt ein Befehlsempf\u00e4nger, das gro\u00dfe Gesch\u00e4ft auf der ganzen Welt machen andere.<\/td>\n<\/tr>\n<tr>\n<td style=\"border-bottom: none;\">\n<p class=\"hide-if-no-js\"><a id=\"set-post-thumbnail\" class=\"thickbox\" title=\"Beitragsbild festlegen\" href=\"http:\/\/www.augen-blicke-afrika.de\/blog\/wp-admin\/media-upload.php?post_id=1368&amp;type=image&amp;TB_iframe=1\"><img loading=\"lazy\" decoding=\"async\" class=\"attachment-post-thumbnail alignleft\" src=\"http:\/\/www.augen-blicke-afrika.de\/blog\/wp-content\/uploads\/2017\/10\/DDaSb9kXgAARjvc-e1507729063545.jpg\" alt=\"W\u00d9LU\" width=\"191\" height=\"136\"><\/a><\/p>\n<p><strong>Daouda Coulibaly<\/strong>, geb. in Mali, lebt und arbeitet als Regisseur und Autor in Frankreich. \u201eW\u00f9lu\u201c ist sein erster Langspielfilm.<\/td>\n<\/tr>\n<\/tbody>\n<\/table>\n<p><iframe loading=\"lazy\" style=\"width: 560px; height: 315px; border: none; overflow: hidden;\" src=\"http:\/\/www.kino-zeit.de\/player\/v2\/wulu?clip=0&amp;w=560&amp;h=315\" scrolling=\"no\" width=\"560\" height=\"315\" frameborder=\"0\"><\/iframe><\/p>\n","protected":false},"excerpt":{"rendered":"<p>W\u00d9LU Mali \/ Frankreich \/ Senegal 2015, R.: Daouda Coulibaly, 95 Min., frz. \/ Bambara OF, engl. UT Der zwanzigj\u00e4hrige Ladji sucht Arbeit auf dem Busbahnhof der malischen Hauptstadt Bamako. Der t\u00e4gliche Kampf um Passagiere f\u00fcr die Sammelbusse ist m\u00fchsam &hellip; <a href=\"http:\/\/www.augen-blicke-afrika.de\/blog\/archiv\/archiv-2017\/filme-2017\/wulu\/\">Weiterlesen <span class=\"meta-nav\">&rarr;<\/span><\/a><\/p>\n","protected":false},"author":3,"featured_media":5126,"parent":4179,"menu_order":0,"comment_status":"closed","ping_status":"closed","template":"afrika2017_oh.php","meta":{"footnotes":""},"class_list":["post-3535","page","type-page","status-publish","has-post-thumbnail","hentry"],"_links":{"self":[{"href":"http:\/\/www.augen-blicke-afrika.de\/blog\/wp-json\/wp\/v2\/pages\/3535","targetHints":{"allow":["GET"]}}],"collection":[{"href":"http:\/\/www.augen-blicke-afrika.de\/blog\/wp-json\/wp\/v2\/pages"}],"about":[{"href":"http:\/\/www.augen-blicke-afrika.de\/blog\/wp-json\/wp\/v2\/types\/page"}],"author":[{"embeddable":true,"href":"http:\/\/www.augen-blicke-afrika.de\/blog\/wp-json\/wp\/v2\/users\/3"}],"replies":[{"embeddable":true,"href":"http:\/\/www.augen-blicke-afrika.de\/blog\/wp-json\/wp\/v2\/comments?post=3535"}],"version-history":[{"count":4,"href":"http:\/\/www.augen-blicke-afrika.de\/blog\/wp-json\/wp\/v2\/pages\/3535\/revisions"}],"predecessor-version":[{"id":7044,"href":"http:\/\/www.augen-blicke-afrika.de\/blog\/wp-json\/wp\/v2\/pages\/3535\/revisions\/7044"}],"up":[{"embeddable":true,"href":"http:\/\/www.augen-blicke-afrika.de\/blog\/wp-json\/wp\/v2\/pages\/4179"}],"wp:featuredmedia":[{"embeddable":true,"href":"http:\/\/www.augen-blicke-afrika.de\/blog\/wp-json\/wp\/v2\/media\/5126"}],"wp:attachment":[{"href":"http:\/\/www.augen-blicke-afrika.de\/blog\/wp-json\/wp\/v2\/media?parent=3535"}],"curies":[{"name":"wp","href":"https:\/\/api.w.org\/{rel}","templated":true}]}}