{"id":3520,"date":"2017-10-11T15:22:00","date_gmt":"2017-10-11T13:22:00","guid":{"rendered":"http:\/\/www.augen-blicke-afrika.de\/blog\/?page_id=3520"},"modified":"2022-09-19T21:45:08","modified_gmt":"2022-09-19T19:45:08","slug":"hymenee-die-hochzeit","status":"publish","type":"page","link":"http:\/\/www.augen-blicke-afrika.de\/blog\/archiv\/archiv-2017\/filme-2017\/hymenee-die-hochzeit\/","title":{"rendered":"HYM\u00c9N\u00c9E &#8211; Die Hochzeit"},"content":{"rendered":"<table style=\"height: 356px;\" width=\"756\">\n<thead>\n<tr>\n<td>\n<p class=\"hide-if-no-js\"><a id=\"set-post-thumbnail\" class=\"thickbox\" title=\"Beitragsbild festlegen\" href=\"http:\/\/www.augen-blicke-afrika.de\/blog\/wp-admin\/media-upload.php?post_id=1368&amp;type=image&amp;TB_iframe=1\"><img loading=\"lazy\" decoding=\"async\" class=\"attachment-post-thumbnail alignnone\" src=\"http:\/\/www.augen-blicke-afrika.de\/blog\/wp-content\/uploads\/2017\/10\/Hymenee-Violene-Bellet.jpg\" alt=\"HYM\u00c9N\u00c9E - Die Hochzeit\" width=\"573\" height=\"340\"><\/a><\/p>\n<h1>HYM\u00c9N\u00c9E &#8211; Die Hochzeit<\/h1>\n<h3>Marokko \/ Frankreich 2016, R.: Violaine M. B. Bellet, 23 Min., arab. OF, engl. UT<\/h3>\n<\/td>\n<\/tr>\n<\/thead>\n<tbody>\n<tr>\n<td>Eine marokkanische Hoch\u00adzeits\u00adzere\u00admonie &#8211; die Braut, tief verschleiert, wird dem Br\u00e4utigam anvertraut. W\u00e4hrend die Musiker spielen und die Frauen traditionsgem\u00e4\u00df trillernde Laute aussto\u00dfen, zieht sich das Paar in die unbekannten Gefilde des gemeinsamen Schlafzimmers zur\u00fcck. Dort spielt sich dann ein skurriles Drama ab, w\u00e4hrend die Hochzeitsgesellschaft auf das blutige Leinentuch wartet. Violaine Bellet findet eindrucksvolle Bilder, um die Stresssituation f\u00fcr das Brautpaar darzustellen.<\/td>\n<\/tr>\n<tr>\n<td style=\"border-bottom: none;\"><strong>Violaine Bellet<\/strong>, geb. 1972, studierte Audiovisuelle Kommunikation und \u00adPsychologie. Sie arbeitet als Regisseurin und Drehbuchautorin.<\/td>\n<\/tr>\n<\/tbody>\n<\/table>\n<p><\/p>\n","protected":false},"excerpt":{"rendered":"<p>HYM\u00c9N\u00c9E &#8211; Die Hochzeit Marokko \/ Frankreich 2016, R.: Violaine M. B. Bellet, 23 Min., arab. OF, engl. UT Eine marokkanische Hoch\u00adzeits\u00adzere\u00admonie &#8211; die Braut, tief verschleiert, wird dem Br\u00e4utigam anvertraut. W\u00e4hrend die Musiker spielen und die Frauen traditionsgem\u00e4\u00df trillernde &hellip; <a href=\"http:\/\/www.augen-blicke-afrika.de\/blog\/archiv\/archiv-2017\/filme-2017\/hymenee-die-hochzeit\/\">Weiterlesen <span class=\"meta-nav\">&rarr;<\/span><\/a><\/p>\n","protected":false},"author":3,"featured_media":5126,"parent":4179,"menu_order":0,"comment_status":"closed","ping_status":"closed","template":"afrika2017_oh.php","meta":{"footnotes":""},"class_list":["post-3520","page","type-page","status-publish","has-post-thumbnail","hentry"],"_links":{"self":[{"href":"http:\/\/www.augen-blicke-afrika.de\/blog\/wp-json\/wp\/v2\/pages\/3520","targetHints":{"allow":["GET"]}}],"collection":[{"href":"http:\/\/www.augen-blicke-afrika.de\/blog\/wp-json\/wp\/v2\/pages"}],"about":[{"href":"http:\/\/www.augen-blicke-afrika.de\/blog\/wp-json\/wp\/v2\/types\/page"}],"author":[{"embeddable":true,"href":"http:\/\/www.augen-blicke-afrika.de\/blog\/wp-json\/wp\/v2\/users\/3"}],"replies":[{"embeddable":true,"href":"http:\/\/www.augen-blicke-afrika.de\/blog\/wp-json\/wp\/v2\/comments?post=3520"}],"version-history":[{"count":2,"href":"http:\/\/www.augen-blicke-afrika.de\/blog\/wp-json\/wp\/v2\/pages\/3520\/revisions"}],"predecessor-version":[{"id":7028,"href":"http:\/\/www.augen-blicke-afrika.de\/blog\/wp-json\/wp\/v2\/pages\/3520\/revisions\/7028"}],"up":[{"embeddable":true,"href":"http:\/\/www.augen-blicke-afrika.de\/blog\/wp-json\/wp\/v2\/pages\/4179"}],"wp:featuredmedia":[{"embeddable":true,"href":"http:\/\/www.augen-blicke-afrika.de\/blog\/wp-json\/wp\/v2\/media\/5126"}],"wp:attachment":[{"href":"http:\/\/www.augen-blicke-afrika.de\/blog\/wp-json\/wp\/v2\/media?parent=3520"}],"curies":[{"name":"wp","href":"https:\/\/api.w.org\/{rel}","templated":true}]}}