{"id":3450,"date":"2017-10-11T12:22:02","date_gmt":"2017-10-11T10:22:02","guid":{"rendered":"http:\/\/www.augen-blicke-afrika.de\/blog\/?page_id=3450"},"modified":"2022-09-19T21:54:20","modified_gmt":"2022-09-19T19:54:20","slug":"vaya","status":"publish","type":"page","link":"http:\/\/www.augen-blicke-afrika.de\/blog\/archiv\/archiv-2017\/filme-2017\/vaya\/","title":{"rendered":"VAYA"},"content":{"rendered":"<table style=\"height: 356px;\" width=\"756\">\n<thead>\n<tr>\n<td>\n<p class=\"hide-if-no-js\"><a id=\"set-post-thumbnail\" class=\"thickbox\" title=\"Beitragsbild festlegen\" href=\"http:\/\/www.augen-blicke-afrika.de\/blog\/wp-admin\/media-upload.php?post_id=1368&amp;type=image&amp;TB_iframe=1\"><img loading=\"lazy\" decoding=\"async\" class=\"attachment-post-thumbnail alignnone\" src=\"http:\/\/www.augen-blicke-afrika.de\/blog\/wp-content\/uploads\/2017\/10\/3-formatOriginal.jpg\" alt=\"VAYA\" width=\"573\" height=\"340\"><\/a><\/p>\n<h1>VAYA<\/h1>\n<h3>S\u00fcdafrika 2017, R.: Akin Omotoso, 110 Min., Zulu OF, engl. UT<\/h3>\n<\/td>\n<\/tr>\n<\/thead>\n<tbody>\n<tr>\n<td>Ein Zug aus der s\u00fcdafrikanischen Provinz KwaZulu-Natal bringt vier Menschen in die Gro\u00dfstadt Johannesburg. Sie alle haben etwas zu erledigen in der korrupten Megacity und ihre Wege kreuzen sich immer wieder. Das Gro\u00dfstadtleben ist f\u00fcr sie eine Herausforderung, ist voller \u00dcberraschungen und Gefahren. Keine Person, der sie begegnen, ist so, wie es zun\u00e4chst scheint. Gut und B\u00f6se sind nicht immer gleich voneinander zu unterscheiden. Dem Drehbuch zu Vaya liegen reale Lebensgeschichten zugrunde.<\/td>\n<\/tr>\n<tr>\n<td style=\"border-bottom: none;\">\n<p class=\"hide-if-no-js\"><a id=\"set-post-thumbnail\" class=\"thickbox\" title=\"Beitragsbild festlegen\" href=\"http:\/\/www.augen-blicke-afrika.de\/blog\/wp-admin\/media-upload.php?post_id=1368&amp;type=image&amp;TB_iframe=1\"><img loading=\"lazy\" decoding=\"async\" class=\"attachment-post-thumbnail alignleft\" src=\"http:\/\/www.augen-blicke-afrika.de\/blog\/wp-content\/uploads\/2017\/10\/media-title-bdb18.jpg\" alt=\"VAYA\" width=\"191\" height=\"136\"><\/a><\/p>\n<p><strong>Akin Omotoso<\/strong>, geb. 1974 in Nigeria, ist Schauspieler, Drehbuchautor und Regisseur. 1992 wanderte er mit seinen Eltern nach S\u00fcdafrika aus. Er besuchte zun\u00e4chst eine Schauspielschule und realisierte danach seine ersten Kurzfilme.<\/td>\n<\/tr>\n<\/tbody>\n<\/table>\n<p><iframe loading=\"lazy\" src=\"https:\/\/www.youtube.com\/embed\/yd7tuJDUgVQ\" allowfullscreen=\"allowfullscreen\" width=\"560\" height=\"315\" frameborder=\"0\"><\/iframe><\/p>\n","protected":false},"excerpt":{"rendered":"<p>VAYA S\u00fcdafrika 2017, R.: Akin Omotoso, 110 Min., Zulu OF, engl. UT Ein Zug aus der s\u00fcdafrikanischen Provinz KwaZulu-Natal bringt vier Menschen in die Gro\u00dfstadt Johannesburg. Sie alle haben etwas zu erledigen in der korrupten Megacity und ihre Wege kreuzen &hellip; <a href=\"http:\/\/www.augen-blicke-afrika.de\/blog\/archiv\/archiv-2017\/filme-2017\/vaya\/\">Weiterlesen <span class=\"meta-nav\">&rarr;<\/span><\/a><\/p>\n","protected":false},"author":3,"featured_media":5126,"parent":4179,"menu_order":0,"comment_status":"closed","ping_status":"closed","template":"afrika2017_oh.php","meta":{"footnotes":""},"class_list":["post-3450","page","type-page","status-publish","has-post-thumbnail","hentry"],"_links":{"self":[{"href":"http:\/\/www.augen-blicke-afrika.de\/blog\/wp-json\/wp\/v2\/pages\/3450","targetHints":{"allow":["GET"]}}],"collection":[{"href":"http:\/\/www.augen-blicke-afrika.de\/blog\/wp-json\/wp\/v2\/pages"}],"about":[{"href":"http:\/\/www.augen-blicke-afrika.de\/blog\/wp-json\/wp\/v2\/types\/page"}],"author":[{"embeddable":true,"href":"http:\/\/www.augen-blicke-afrika.de\/blog\/wp-json\/wp\/v2\/users\/3"}],"replies":[{"embeddable":true,"href":"http:\/\/www.augen-blicke-afrika.de\/blog\/wp-json\/wp\/v2\/comments?post=3450"}],"version-history":[{"count":3,"href":"http:\/\/www.augen-blicke-afrika.de\/blog\/wp-json\/wp\/v2\/pages\/3450\/revisions"}],"predecessor-version":[{"id":7042,"href":"http:\/\/www.augen-blicke-afrika.de\/blog\/wp-json\/wp\/v2\/pages\/3450\/revisions\/7042"}],"up":[{"embeddable":true,"href":"http:\/\/www.augen-blicke-afrika.de\/blog\/wp-json\/wp\/v2\/pages\/4179"}],"wp:featuredmedia":[{"embeddable":true,"href":"http:\/\/www.augen-blicke-afrika.de\/blog\/wp-json\/wp\/v2\/media\/5126"}],"wp:attachment":[{"href":"http:\/\/www.augen-blicke-afrika.de\/blog\/wp-json\/wp\/v2\/media?parent=3450"}],"curies":[{"name":"wp","href":"https:\/\/api.w.org\/{rel}","templated":true}]}}