{"id":3427,"date":"2017-10-09T16:08:39","date_gmt":"2017-10-09T14:08:39","guid":{"rendered":"http:\/\/www.augen-blicke-afrika.de\/blog\/?page_id=3427"},"modified":"2022-09-19T21:44:09","modified_gmt":"2022-09-19T19:44:09","slug":"fre","status":"publish","type":"page","link":"http:\/\/www.augen-blicke-afrika.de\/blog\/archiv\/archiv-2017\/filme-2017\/fre\/","title":{"rendered":"FRE"},"content":{"rendered":"<table style=\"height: 356px;\" width=\"756\">\n<thead>\n<tr>\n<td>\n<p class=\"hide-if-no-js\"><a id=\"set-post-thumbnail\" class=\"thickbox\" title=\"Beitragsbild festlegen\" href=\"http:\/\/www.augen-blicke-afrika.de\/blog\/wp-admin\/media-upload.php?post_id=1368&amp;type=image&amp;TB_iframe=1\"><img loading=\"lazy\" decoding=\"async\" class=\"attachment-post-thumbnail alignnone\" src=\"http:\/\/www.augen-blicke-afrika.de\/blog\/wp-content\/uploads\/2017\/10\/Screenshot_2017-01-29-15-32-33-1.png\" alt=\"FRE\" width=\"573\" height=\"340\"><\/a><\/p>\n<h1>FRE<\/h1>\n<h3>\u00c4Thiopien 2016, R.: Kinfe Banbu, 96 Min., Amharisch OF, engl. UT<\/h3>\n<\/td>\n<\/tr>\n<\/thead>\n<tbody>\n<tr>\n<td>Die dreizehnj\u00e4hrige Fre lebt wohlbeh\u00fctet mit ihrem allein erziehenden Vater in Addis &nbsp;Abeba. Die beiden haben viel Spa\u00df miteinander und der Vater ist stolz auf seine selbstbewusste Tochter. Selbst seine zarte Beziehung zu einer Frau, die ihn m\u00f6glichst schnell heiraten will, wirft Fre nicht aus der Bahn. Sie ist neugierig auf ihr eigenes Leben und die Welt da drau\u00dfen, ihre \u00e4ltere Freundin Sarah ist eine enge Verb\u00fcndete und Vorbild. Eines Abends bekommt Fre Besuch von drei jungen M\u00e4nnern, die sie durch ihre Freundin kennen gelernt hat. Dann passiert etwas Entsetzliches, was Fre und ihren Vater v\u00f6llig aus der Bahn rei\u00dft und ihre heile Welt auf immer zerst\u00f6rt.<\/td>\n<\/tr>\n<tr>\n<td style=\"border-bottom: none;\">\n<p class=\"hide-if-no-js\"><a id=\"set-post-thumbnail\" class=\"thickbox\" title=\"Beitragsbild festlegen\" href=\"http:\/\/www.augen-blicke-afrika.de\/blog\/wp-admin\/media-upload.php?post_id=1368&amp;type=image&amp;TB_iframe=1\"><img loading=\"lazy\" decoding=\"async\" class=\"attachment-post-thumbnail alignleft\" src=\"http:\/\/www.augen-blicke-afrika.de\/blog\/wp-content\/uploads\/2017\/10\/downloadfile-2.jpeg\" alt=\"FRE\" width=\"134\" height=\"185\"><\/a><\/p>\n<p><strong>Kinfe Banbu<\/strong> ist \u00e4thiopischer Drehbuchautor und \u00adRegisseur. Schon im Gymnasium begann er, Geschichten zu schreiben. \u201eFre\u201c ist sein dritter Spielfilm.<\/td>\n<\/tr>\n<\/tbody>\n<\/table>\n<p>&nbsp;<\/p>\n<p>&nbsp;<\/p>\n","protected":false},"excerpt":{"rendered":"<p>FRE \u00c4Thiopien 2016, R.: Kinfe Banbu, 96 Min., Amharisch OF, engl. UT Die dreizehnj\u00e4hrige Fre lebt wohlbeh\u00fctet mit ihrem allein erziehenden Vater in Addis &nbsp;Abeba. Die beiden haben viel Spa\u00df miteinander und der Vater ist stolz auf seine selbstbewusste Tochter. &hellip; <a href=\"http:\/\/www.augen-blicke-afrika.de\/blog\/archiv\/archiv-2017\/filme-2017\/fre\/\">Weiterlesen <span class=\"meta-nav\">&rarr;<\/span><\/a><\/p>\n","protected":false},"author":3,"featured_media":5126,"parent":4179,"menu_order":0,"comment_status":"closed","ping_status":"closed","template":"afrika2017_oh.php","meta":{"footnotes":""},"class_list":["post-3427","page","type-page","status-publish","has-post-thumbnail","hentry"],"_links":{"self":[{"href":"http:\/\/www.augen-blicke-afrika.de\/blog\/wp-json\/wp\/v2\/pages\/3427","targetHints":{"allow":["GET"]}}],"collection":[{"href":"http:\/\/www.augen-blicke-afrika.de\/blog\/wp-json\/wp\/v2\/pages"}],"about":[{"href":"http:\/\/www.augen-blicke-afrika.de\/blog\/wp-json\/wp\/v2\/types\/page"}],"author":[{"embeddable":true,"href":"http:\/\/www.augen-blicke-afrika.de\/blog\/wp-json\/wp\/v2\/users\/3"}],"replies":[{"embeddable":true,"href":"http:\/\/www.augen-blicke-afrika.de\/blog\/wp-json\/wp\/v2\/comments?post=3427"}],"version-history":[{"count":4,"href":"http:\/\/www.augen-blicke-afrika.de\/blog\/wp-json\/wp\/v2\/pages\/3427\/revisions"}],"predecessor-version":[{"id":7026,"href":"http:\/\/www.augen-blicke-afrika.de\/blog\/wp-json\/wp\/v2\/pages\/3427\/revisions\/7026"}],"up":[{"embeddable":true,"href":"http:\/\/www.augen-blicke-afrika.de\/blog\/wp-json\/wp\/v2\/pages\/4179"}],"wp:featuredmedia":[{"embeddable":true,"href":"http:\/\/www.augen-blicke-afrika.de\/blog\/wp-json\/wp\/v2\/media\/5126"}],"wp:attachment":[{"href":"http:\/\/www.augen-blicke-afrika.de\/blog\/wp-json\/wp\/v2\/media?parent=3427"}],"curies":[{"name":"wp","href":"https:\/\/api.w.org\/{rel}","templated":true}]}}