{"id":3353,"date":"2017-10-05T14:10:46","date_gmt":"2017-10-05T12:10:46","guid":{"rendered":"http:\/\/www.augen-blicke-afrika.de\/blog\/?page_id=3353"},"modified":"2022-09-19T20:50:30","modified_gmt":"2022-09-19T18:50:30","slug":"programm-2017","status":"publish","type":"page","link":"http:\/\/www.augen-blicke-afrika.de\/blog\/archiv\/archiv-2017\/programm-2017\/","title":{"rendered":"Programm 2017"},"content":{"rendered":"<table style=\"border-bottom: none;\" cellspacing=\"0\" cellpadding=\"0\" border=\"0\">\n<tbody>\n<tr>\n<th colspan=\"2\">\n<h1>Programm<\/h1>\n<h2><span style=\"color: #000000;\">Afrikanisches Film Festival &#8220;AUGEN BLICKE AFRIKA&#8221;, NOV 2017<\/span><\/h2>\n<\/th>\n<\/tr>\n<tr>\n<td style=\"border-bottom: none;\" colspan=\"2\">\n<h3>Alle Filme im <strong><span style=\"color: #000000;\"><a style=\"color: #000000;\" href=\"http:\/\/www.studio-kino.de\/\" target=\"_blank\" rel=\"noopener\">Studio-Kino<\/a><\/span><\/strong> Hamburg, Bernstorffstr. 93-95, 22767 Hamburg<\/h3>\n<h3>Eintrittspreis bei jeder Filmveranstaltung 8 EUR\/ erm\u00e4\u00dfigt 6,50 EUR.<br \/>\nDas Programmheft als PDF gibt es hier: <strong><span style=\"color: #000000;\"><a style=\"color: #000000;\" title=\"Das Programmheft von Augen Blicke Afrika 2015 als pdf\" href=\"http:\/\/www.augen-blicke-afrika.de\/blog\/wp-content\/uploads\/2017\/10\/programm_afrika-filmfestival-2017.pdf\" target=\"_blank\" rel=\"noopener\">Programmheft 2017<\/a><\/span><\/strong><\/h3>\n<\/td>\n<\/tr>\n<\/tbody>\n<\/table>\n<table style=\"border-bottom: none;\">\n<tbody>\n<tr style=\"height: 25px;\">\n<td style=\"height: 10px; width: 30px; vertical-align: top; border-top: none;\" scope=\"rowgroup\">\n<h1>Do.<\/h1>\n<\/td>\n<td style=\"height: 10px; vertical-align: top; border-top: none;\" scope=\"rowgroup\">\n<h1>02.11.<\/h1>\n<\/td>\n<\/tr>\n<tr>\n<td style=\"text-align: left; vertical-align: top;\" scope=\"rowgroup\">\n<h2>18:00<\/h2>\n<\/td>\n<td style=\"text-align: left; vertical-align: top;\" scope=\"rowgroup\">\n<h4><strong>Er\u00f6ffnung mit Schirmfrau Eva Hubert und drei G\u00e4sten<br \/>\n<\/strong><\/h4>\n<\/td>\n<\/tr>\n<tr>\n<td style=\"text-align: left; vertical-align: top;\" scope=\"rowgroup\">\n<h2>20:00<\/h2>\n<\/td>\n<td style=\"text-align: left; vertical-align: top;\">\n<h4><a href=\"http:\/\/www.augen-blicke-afrika.de\/blog\/zinnaariya-the-wedding-ring\/\"><strong>Zin\u2019naariy\u00e2! \u2013 The Wedding Ring<\/strong><\/a><\/h4>\n<h3>Niger 2016, Songhoy \/ Zarma \/ Hausa \/ Fulaani OF, engl. UT<\/h3>\n<h3><strong>In Anwesenheit von Rahmatou Ke\u00efta<\/strong><\/h3>\n<\/td>\n<\/tr>\n<tr>\n<td style=\"text-align: left; vertical-align: top;\" scope=\"rowgroup\">\n<h2>22:00<\/h2>\n<\/td>\n<td style=\"text-align: left; vertical-align: top;\" scope=\"rowgroup\">\n<h4><a href=\"http:\/\/www.augen-blicke-afrika.de\/blog\/o-ka-our-house\/\"><strong>O ka &#8211; Our House<\/strong><\/a><\/h4>\n<h3>Dokumentarfilm, Mali 2015, 96 Min., OF, engl. UT<\/h3>\n<\/td>\n<\/tr>\n<tr>\n<td style=\"text-align: left; vertical-align: top;\" scope=\"rowgroup\"><\/td>\n<td style=\"text-align: left; vertical-align: top;\" scope=\"rowgroup\"><\/td>\n<\/tr>\n<\/tbody>\n<\/table>\n<table style=\"border-bottom: none;\">\n<tbody>\n<tr style=\"height: 25px;\">\n<td style=\"height: 10px; width: 30px; vertical-align: top; border-top: none;\" scope=\"rowgroup\">\n<h1>Fr.<\/h1>\n<\/td>\n<td style=\"height: 10px; vertical-align: top; border-top: none;\" scope=\"rowgroup\">\n<h1>03.11.<\/h1>\n<\/td>\n<\/tr>\n<tr>\n<td style=\"text-align: left; vertical-align: top;\" scope=\"rowgroup\">\n<h2>16:00<\/h2>\n<\/td>\n<td style=\"text-align: left; vertical-align: top;\" scope=\"rowgroup\">\n<h4><a href=\"http:\/\/www.augen-blicke-afrika.de\/blog\/mama-colonel\/\"><strong>Mama Colonel<\/strong><\/a><\/h4>\n<h3>Dokumentarfilm, D. R. Kongo \/ Frankreich 2017, 72 Min., Swahili \/ frz. OF, engl. UT<\/h3>\n<\/td>\n<\/tr>\n<tr>\n<td style=\"text-align: left; vertical-align: top;\" scope=\"rowgroup\">\n<h2>18:00<\/h2>\n<\/td>\n<td style=\"text-align: left; vertical-align: top;\" scope=\"rowgroup\">\n<h4><a href=\"http:\/\/www.augen-blicke-afrika.de\/blog\/fre\/\"><strong>Fre<\/strong><\/a><\/h4>\n<h3>\u00c4thiopien 2016, 96 Min., Amharisch OF, engl. UT<\/h3>\n<\/td>\n<\/tr>\n<tr>\n<td style=\"text-align: left; vertical-align: top;\" scope=\"rowgroup\">\n<h2>20:00<\/h2>\n<\/td>\n<td style=\"text-align: left; vertical-align: top;\">\n<h4><a href=\"http:\/\/www.augen-blicke-afrika.de\/blog\/eshtebak-clash\/\"><strong>Eshtebak \u2013 Clash<\/strong><\/a><\/h4>\n<h3>\u00c4gypten \/ Frankreich \/ Deutschland 2016, 98 Min., arab. OF, dt. UT<\/h3>\n<\/td>\n<\/tr>\n<tr>\n<td style=\"text-align: left; vertical-align: top;\" scope=\"rowgroup\">\n<h2>22:00<\/h2>\n<\/td>\n<td style=\"text-align: left; vertical-align: top;\" scope=\"rowgroup\">\n<h4><a href=\"http:\/\/www.augen-blicke-afrika.de\/blog\/le-gang-des-antillais-the-west-indies-gang\/\"><strong>Le gang des Antillais \u2013 The West Indies Gang<\/strong><\/a><\/h4>\n<h3>Frankreich 2016, 90 Min., frz. OF, engl. UT<\/h3>\n<\/td>\n<\/tr>\n<tr>\n<td style=\"text-align: left; vertical-align: top;\" scope=\"rowgroup\"><\/td>\n<td style=\"text-align: left; vertical-align: top;\" scope=\"rowgroup\"><\/td>\n<\/tr>\n<\/tbody>\n<\/table>\n<table style=\"border-bottom: none;\">\n<tbody>\n<tr style=\"height: 25px;\">\n<td style=\"height: 10px; width: 30px; vertical-align: top; border-top: none;\" scope=\"rowgroup\">\n<h1>Sa.<\/h1>\n<\/td>\n<td style=\"height: 10px; vertical-align: top; border-top: none;\" scope=\"rowgroup\">\n<h1>04.11.<\/h1>\n<\/td>\n<\/tr>\n<tr>\n<td style=\"text-align: left; vertical-align: top;\" scope=\"rowgroup\">\n<h2>14:00<\/h2>\n<\/td>\n<td style=\"text-align: left; vertical-align: top;\" scope=\"rowgroup\">\n<h4><a href=\"http:\/\/www.augen-blicke-afrika.de\/blog\/vaya\/\"><strong>Vaya<\/strong><\/a><\/h4>\n<h3>S\u00fcdafrika 2017, 110 Min., Zulu OF, engl. UT<\/h3>\n<\/td>\n<\/tr>\n<tr>\n<td style=\"text-align: left; vertical-align: top;\" scope=\"rowgroup\">\n<h2>16:00<\/h2>\n<\/td>\n<td style=\"text-align: left; vertical-align: top;\" scope=\"rowgroup\">\n<h4><a href=\"http:\/\/www.augen-blicke-afrika.de\/blog\/life-saaraba-illegal\/\"><strong>Life Saaraba Illegal<\/strong><\/a><\/h4>\n<h3>Dokumentarfilm, Deutschland 2016, 90 Min., OF, dt. UT<\/h3>\n<h3><strong>In Anwesenheit von Saliou Waa Gouendoum Sarr<\/strong><\/h3>\n<\/td>\n<\/tr>\n<tr>\n<td style=\"text-align: left; vertical-align: top;\" scope=\"rowgroup\">\n<h2>18:00<\/h2>\n<\/td>\n<td style=\"text-align: left; vertical-align: top;\" scope=\"rowgroup\">\n<h4><a href=\"http:\/\/www.augen-blicke-afrika.de\/blog\/lorage-africain\/\"><strong>L&#8217;Orage Africain<\/strong><\/a><\/h4>\n<h3>Benin 2016, 90 Min., frz. OF, engl. UT<\/h3>\n<h3><strong>In Anwesenheit von Sylvestre Amoussou Kooperation mit der Rosa Luxemburg Stiftung Hamburg<\/strong><\/h3>\n<\/td>\n<\/tr>\n<tr>\n<td style=\"text-align: left; vertical-align: top;\" scope=\"rowgroup\">\n<h2>20:00<\/h2>\n<\/td>\n<td style=\"text-align: left; vertical-align: top;\">\n<h4><span style=\"color: #000000;\"><strong>Diskussion: Afrika im Umbruch<\/strong><\/span><\/h4>\n<h3><strong>MIT<br \/>\n&#8211; Rahmatou Ke\u00efta<\/strong>&nbsp;aus dem Niger thematisiert in ihrem Spielfilm \u201eZin\u2019naariy\u00e2! &#8211; The Wedding Ring\u201c den Konflikt zwischen Tradition und Moderne.<br \/>\n&#8211; <strong>Sylvestre Amoussou<\/strong>&nbsp;aus Benin ruft in seinem fiktionalen Film \u201eL\u00b4Orage\u201c die afrikanischen L\u00e4nder dazu auf, sich auf die eigenen St\u00e4rken zu besinnen, um wirklich unabh\u00e4ngig zu werden.<br \/>\n&#8211; <strong>Saliou Waa Gouendoum Sarr&nbsp;<\/strong>&nbsp;aus Senegal f\u00fchrt als \u00adErz\u00e4hler durch den \u00adDokumentarfilm \u201eLife Saaraba Illegal\u201c von Peter Heller. Die Cousins des Musikers \u00adberichten von den Wirren der Flucht, der harten Realit\u00e4t in Europa und dem Traum von einem besseren Leben auch in ihrer Heimat.<\/h3>\n<h3><strong>DISKUSSIONSLEITUNG:<\/strong><\/h3>\n<h3><strong>Abdou Rahime Diallo<\/strong>&nbsp;(Interkultureller Moderator und\u00ad Promotor f\u00fcr Migration &amp; Entwicklungspolitik)<\/h3>\n<h3>EINTRITT FREI<\/h3>\n<\/td>\n<\/tr>\n<tr>\n<td style=\"text-align: left; vertical-align: top;\" scope=\"rowgroup\">\n<h2>22:00<\/h2>\n<\/td>\n<td style=\"text-align: left; vertical-align: top;\" scope=\"rowgroup\">\n<h4><a href=\"http:\/\/www.augen-blicke-afrika.de\/blog\/fonko\/\"><strong>Fonko<\/strong><\/a><\/h4>\n<h3>Dokumentarfilm, Schweden 2014, 86 Min., OF, engl. UT<\/h3>\n<\/td>\n<\/tr>\n<tr>\n<td style=\"text-align: left; vertical-align: top;\" scope=\"rowgroup\"><\/td>\n<td style=\"text-align: left; vertical-align: top;\" scope=\"rowgroup\"><\/td>\n<\/tr>\n<\/tbody>\n<\/table>\n<table style=\"border-bottom: none;\">\n<tbody>\n<tr style=\"height: 25px;\">\n<td style=\"height: 10px; width: 30px; vertical-align: top; border-top: none;\" scope=\"rowgroup\">\n<h1>So.<\/h1>\n<\/td>\n<td style=\"height: 10px; vertical-align: top; border-top: none;\" scope=\"rowgroup\">\n<h1>05.11.<\/h1>\n<\/td>\n<\/tr>\n<tr>\n<td style=\"text-align: left; vertical-align: top;\" scope=\"rowgroup\">\n<h2>14:00<\/h2>\n<\/td>\n<td style=\"text-align: left; vertical-align: top;\" scope=\"rowgroup\">\n<h4><a href=\"http:\/\/www.augen-blicke-afrika.de\/blog\/wallay-2\/\"><strong>Wallay<\/strong><\/a><\/h4>\n<h3>Burkina Faso \/ Frankreich 2017, 82. Min., frz. \/ Dioula OF, dt. UT<\/h3>\n<\/td>\n<\/tr>\n<tr>\n<td style=\"text-align: left; vertical-align: top;\" scope=\"rowgroup\">\n<h2>15:30<\/h2>\n<\/td>\n<td style=\"text-align: left; vertical-align: top;\" scope=\"rowgroup\">\n<h4><a href=\"http:\/\/www.augen-blicke-afrika.de\/blog\/cahier-africain\/\"><strong>Cahier Africain<\/strong><\/a><\/h4>\n<h3>Dokumentarfilm, Deutschland \/ Schweiz 2016, 119 Min, OF, dt. UT<\/h3>\n<h3><strong>Diskussion mit Alexander Schwarz, AI In Zusammenarbeit mit Amnesty International Bezirk Hamburg<\/strong><\/h3>\n<\/td>\n<\/tr>\n<tr>\n<td style=\"text-align: left; vertical-align: top;\" scope=\"rowgroup\">\n<h2>18:30<\/h2>\n<\/td>\n<td style=\"text-align: left; vertical-align: top;\">\n<h4><a href=\"http:\/\/www.augen-blicke-afrika.de\/blog\/inxeba-the-wound\/\"><strong>Inxeba &#8211; The Wound<\/strong><\/a><\/h4>\n<h3>S\u00fcdafrika 2016, 89 Min., Xhosa OF, dt.<\/h3>\n<h3><strong>Diskussion mit Uta Schwenke Lesben- und Schwulenverband in Deutschland (LSVD) <\/strong><\/h3>\n<\/td>\n<\/tr>\n<tr>\n<td style=\"text-align: left; vertical-align: top;\" scope=\"rowgroup\">\n<h2>21:00<\/h2>\n<\/td>\n<td style=\"text-align: left; vertical-align: top;\" scope=\"rowgroup\">\n<h4><a href=\"http:\/\/www.augen-blicke-afrika.de\/blog\/a-story-of-sahel-sounds\/\"><strong>A story of Sahel Sounds<\/strong><\/a><\/h4>\n<h3>Dokumentarfilm, Deutschland 2016, 82 Min., engl. \/ frz. \/ Tamasheq OF, dt. UT<\/h3>\n<\/td>\n<\/tr>\n<tr>\n<td style=\"text-align: left; vertical-align: top;\" scope=\"rowgroup\"><\/td>\n<td style=\"text-align: left; vertical-align: top;\" scope=\"rowgroup\"><\/td>\n<\/tr>\n<\/tbody>\n<\/table>\n<table style=\"border-bottom: none;\">\n<tbody>\n<tr style=\"height: 25px;\">\n<td style=\"height: 10px; width: 30px; vertical-align: top; border-top: none;\" scope=\"rowgroup\">\n<h1>Do.<\/h1>\n<\/td>\n<td style=\"height: 10px; vertical-align: top; border-top: none;\" scope=\"rowgroup\">\n<h1>09.11.<\/h1>\n<\/td>\n<\/tr>\n<tr>\n<td style=\"text-align: left; vertical-align: top;\" scope=\"rowgroup\">\n<h2>16:00<\/h2>\n<\/td>\n<td style=\"text-align: left; vertical-align: top;\" scope=\"rowgroup\">\n<h4><a href=\"http:\/\/www.augen-blicke-afrika.de\/blog\/o-ka-our-house\/\"><strong>O ka &#8211; Our House<\/strong><\/a><\/h4>\n<h3>Dokumentarfilm, Mali 2015, 96 Min. OF, engl. UT<\/h3>\n<\/td>\n<\/tr>\n<tr>\n<td style=\"text-align: left; vertical-align: top;\" scope=\"rowgroup\">\n<h2>18:00<\/h2>\n<\/td>\n<td style=\"text-align: left; vertical-align: top;\" scope=\"rowgroup\">\n<h4><a href=\"http:\/\/www.augen-blicke-afrika.de\/blog\/medan-vi-lever-while-we-live\/\"><strong>Medan vi lever &#8211; While we Live<\/strong><\/a><\/h4>\n<h3>Schweden \/ Burkina Faso 2016, 89 Min., schwed. \/ engl. \/ Mandingo OF, engl. UT<\/h3>\n<\/td>\n<\/tr>\n<tr>\n<td style=\"text-align: left; vertical-align: top;\" scope=\"rowgroup\">\n<h2>20:00<\/h2>\n<\/td>\n<td style=\"text-align: left; vertical-align: top;\">\n<h4><a href=\"http:\/\/www.augen-blicke-afrika.de\/blog\/massafat-mile-bihidayi-a-mile-in-my-shoes\/\"><strong>Massafat mile bihidayi &#8211; A Mile in my Shoes<\/strong><\/a><\/h4>\n<h3>Marokko 2016, 115 Min., arab. OF, engl. UT<\/h3>\n<\/td>\n<\/tr>\n<tr>\n<td style=\"text-align: left; vertical-align: top;\" scope=\"rowgroup\">\n<h2>22:00<\/h2>\n<\/td>\n<td style=\"text-align: left; vertical-align: top;\" scope=\"rowgroup\">\n<h4><a href=\"http:\/\/www.augen-blicke-afrika.de\/blog\/songs-for-madagascar\/\"><strong>Songs for Madagascar<\/strong><\/a><\/h4>\n<h3>Dokumentarfilm, Madagaskar \/ Frankreich 2016, 88 Min., Malgasy \/ frz. OF, engl. UT<\/h3>\n<\/td>\n<\/tr>\n<tr>\n<td style=\"text-align: left; vertical-align: top;\" scope=\"rowgroup\"><\/td>\n<td style=\"text-align: left; vertical-align: top;\" scope=\"rowgroup\"><\/td>\n<\/tr>\n<\/tbody>\n<\/table>\n<table style=\"border-bottom: none;\">\n<tbody>\n<tr style=\"height: 25px;\">\n<td style=\"height: 10px; width: 30px; vertical-align: top; border-top: none;\" scope=\"rowgroup\">\n<h1>Fr.<\/h1>\n<\/td>\n<td style=\"height: 10px; vertical-align: top; border-top: none;\" scope=\"rowgroup\">\n<h1>10.11.<\/h1>\n<\/td>\n<\/tr>\n<tr>\n<td style=\"text-align: left; vertical-align: top;\" scope=\"rowgroup\">\n<h2>16:00<\/h2>\n<\/td>\n<td style=\"text-align: left; vertical-align: top;\" scope=\"rowgroup\">\n<h3><a href=\"http:\/\/www.augen-blicke-afrika.de\/blog\/kurzfilme-2\/\"><strong>KURZFILME<\/strong><\/a><\/h3>\n<h4><strong>Dry hot Summers<\/strong><\/h4>\n<h3>\u00c4gypten \/ Deutschland 2015, 30 Min., arab. OF<\/h3>\n<h4><strong>Silence<\/strong><\/h4>\n<h3>Kongo \/ Frankreich 2016, 14 Min., OF<\/h3>\n<h4><strong>A Place of Myself<\/strong><\/h4>\n<h3>Ruanda 2016, 22 Min., OF, engl. UT<\/h3>\n<h4><strong>Lodgers<\/strong><\/h4>\n<h3>England 2016, 23 Min., engl. OF<\/h3>\n<h4><strong>Gerreta<\/strong><\/h4>\n<h3>\u00c4thiopien 2015, 8 Min., Amharisch OF, dt. UT<\/h3>\n<\/td>\n<\/tr>\n<tr>\n<td style=\"text-align: left; vertical-align: top;\" scope=\"rowgroup\">\n<h2>18:00<\/h2>\n<\/td>\n<td style=\"text-align: left; vertical-align: top;\" scope=\"rowgroup\">\n<h4><a href=\"http:\/\/www.augen-blicke-afrika.de\/blog\/larbre-sans-fruit\/\"><strong>L\u2019arbre sans fruit<\/strong><\/a><\/h4>\n<h3>Dokumentarfilm, Niger 2016, 52 Min., Haussa \/ frz. OF, engl. UT<\/h3>\n<h4><a href=\"http:\/\/www.augen-blicke-afrika.de\/blog\/hymenee-die-hochzeit\/\"><strong>Hym\u00e9n\u00e9e &#8211; Die Hochzeit<\/strong><\/a><\/h4>\n<h3>Marokko \/ Frankreich 2016, 23 Min., arab. OF, engl. UT<\/h3>\n<\/td>\n<\/tr>\n<tr>\n<td style=\"text-align: left; vertical-align: top;\" scope=\"rowgroup\">\n<h2>20:00<\/h2>\n<\/td>\n<td style=\"text-align: left; vertical-align: top;\">\n<h4><a href=\"http:\/\/www.augen-blicke-afrika.de\/blog\/wulu\/\"><strong>W\u00f9lu<\/strong><\/a><\/h4>\n<h3>Mali \/ Frankreich \/ Senegal 2015, 95 Min., frz. \/ Bambara OF, engl. UT<\/h3>\n<\/td>\n<\/tr>\n<tr>\n<td style=\"text-align: left; vertical-align: top;\" scope=\"rowgroup\">\n<h2>22:00<\/h2>\n<\/td>\n<td style=\"text-align: left; vertical-align: top;\" scope=\"rowgroup\">\n<h4><a href=\"http:\/\/www.augen-blicke-afrika.de\/blog\/calypso-rose-the-lioness-of-the-jungle\/\"><strong>Calypso Rose &#8211; The Lioness of the Jungle<\/strong><\/a><\/h4>\n<h3>Dokumentarfilm, Kamerun \/ Frankreich 2011, 85 Min., engl. OF<\/h3>\n<\/td>\n<\/tr>\n<tr>\n<td style=\"text-align: left; vertical-align: top;\" scope=\"rowgroup\"><\/td>\n<td style=\"text-align: left; vertical-align: top;\" scope=\"rowgroup\"><\/td>\n<\/tr>\n<\/tbody>\n<\/table>\n<table style=\"border-bottom: none;\">\n<tbody>\n<tr style=\"height: 25px;\">\n<td style=\"height: 10px; width: 30px; vertical-align: top; border-top: none;\" scope=\"rowgroup\">\n<h1>Sa.<\/h1>\n<\/td>\n<td style=\"height: 10px; vertical-align: top; border-top: none;\" scope=\"rowgroup\">\n<h1>11.11.<\/h1>\n<\/td>\n<\/tr>\n<tr>\n<td style=\"text-align: left; vertical-align: top;\" scope=\"rowgroup\">\n<h2>15:00<\/h2>\n<\/td>\n<td style=\"text-align: left; vertical-align: top;\" scope=\"rowgroup\">\n<h4><a href=\"http:\/\/www.augen-blicke-afrika.de\/blog\/t-h-u-g-true-hustler-under-god\/\"><strong>T.H.U.G. &#8211; True Hustler Under God<\/strong><\/a><\/h4>\n<h3>Deutschland 2016, 65 Min., dt. OF<\/h3>\n<h3><strong>In Anwesenheit von Regisseur Bradley Iyamu und G\u00e4sten Bezug nehmend auf den Film moderiert Esther Ohenemaah von &#8220;Teens Talk&#8221; GHTV Abroad eine Gespr\u00e4chsrunde mit jungen G\u00e4sten zu dem Themenbereich: Afrodeutsch was ist das?<\/strong><\/h3>\n<\/td>\n<\/tr>\n<tr>\n<td style=\"text-align: left; vertical-align: top;\" scope=\"rowgroup\">\n<h2>17:30<\/h2>\n<\/td>\n<td style=\"text-align: left; vertical-align: top;\" scope=\"rowgroup\">\n<h4><a href=\"http:\/\/www.augen-blicke-afrika.de\/blog\/tahqiq-fel-djenna-investigating-paradise\/\"><strong>Tahqiq Fel Djenna &#8211; Investigating Paradise<\/strong><\/a><\/h4>\n<h3>Dokumentar- Spielfilm, Frankreich \/ Algerien 2017, 135 Min., arab. \/ frz. OF, engl. UT<\/h3>\n<\/td>\n<\/tr>\n<tr>\n<td style=\"text-align: left; vertical-align: top;\" scope=\"rowgroup\">\n<h2>20:00<\/h2>\n<\/td>\n<td style=\"text-align: left; vertical-align: top;\" scope=\"rowgroup\">\n<h4><a href=\"http:\/\/www.augen-blicke-afrika.de\/blog\/felicite\/\"><strong>F\u00e9licit\u00e9<\/strong><\/a><\/h4>\n<h3>Frankreich \/ Senegal 2017, 123 Min., Lingala OF, dt. UT<\/h3>\n<\/td>\n<\/tr>\n<tr>\n<td style=\"text-align: left; vertical-align: top;\" scope=\"rowgroup\">\n<h2>22:00<\/h2>\n<\/td>\n<td style=\"text-align: left; vertical-align: top;\">\n<h4><a href=\"http:\/\/www.augen-blicke-afrika.de\/blog\/a-story-of-sahel-sounds\/\"><strong>A story of Sahel Sounds<\/strong><\/a><\/h4>\n<h3>Dokumentarfilm, Deutschland 2016, 82 Min., engl. \/ frz. \/ Tamasheq OF<\/h3>\n<\/td>\n<\/tr>\n<tr>\n<td style=\"text-align: left; vertical-align: top;\" scope=\"rowgroup\">\n<h2>22:00<\/h2>\n<\/td>\n<td style=\"text-align: left; vertical-align: top;\" scope=\"rowgroup\">\n<h4><a href=\"http:\/\/www.tangomatrix.de\"><strong><span style=\"color: #000000;\">Abschluss-Party im TangoMatrix<\/span><\/strong><\/a><\/h4>\n<h3>Unsere traditionelle Tanznacht veranstalten wir in den sch\u00f6nen R\u00e4umen des <strong><a href=\"http:\/\/www.tangomatrix.de\">TangoMatrix<\/a><\/strong>. DJ&nbsp;Falo wird eine hei\u00dfe Musikmischung aus vielen L\u00e4ndern des afrikanischen Kontinents pr\u00e4sentieren &#8211; von westafrikanischen Rhythmen zu Soukous, Afrobeat, Reggae und HipHop. Eintritt 6 Euro<\/h3>\n<\/td>\n<\/tr>\n<tr>\n<td style=\"text-align: left; vertical-align: top;\" scope=\"rowgroup\"><\/td>\n<td style=\"text-align: left; vertical-align: top;\" scope=\"rowgroup\"><\/td>\n<\/tr>\n<\/tbody>\n<\/table>\n<table style=\"border-bottom: none;\">\n<tbody>\n<tr style=\"height: 25px;\">\n<td style=\"height: 10px; width: 30px; vertical-align: top; border-top: none;\" scope=\"rowgroup\">\n<h1>So.<\/h1>\n<\/td>\n<td style=\"height: 10px; vertical-align: top; border-top: none;\" scope=\"rowgroup\">\n<h1>12.11.<\/h1>\n<\/td>\n<\/tr>\n<tr>\n<td style=\"text-align: left; vertical-align: top;\" scope=\"rowgroup\">\n<h2>16:00<\/h2>\n<\/td>\n<td style=\"text-align: left; vertical-align: top;\" scope=\"rowgroup\">\n<h4><a href=\"http:\/\/www.augen-blicke-afrika.de\/blog\/frontieres\/\"><strong>Fronti\u00e8res<\/strong><\/a><\/h4>\n<h3>Burkina Faso 2017, 90 Min., OF, engl. UT<\/h3>\n<\/td>\n<\/tr>\n<tr>\n<td style=\"text-align: left; vertical-align: top;\" scope=\"rowgroup\">\n<h2>18:00<\/h2>\n<\/td>\n<td style=\"text-align: left; vertical-align: top;\" scope=\"rowgroup\">\n<h4><a href=\"http:\/\/www.augen-blicke-afrika.de\/blog\/accra-power\/\"><strong>Accra Power<\/strong><\/a><\/h4>\n<h3>Dokumentarfilm, \u00d6sterreich \/ Ghana 2016, 49 Min., OF, dt. UT<\/h3>\n<h4><strong>Afripedia &#8211; Angola<\/strong><\/h4>\n<h3>Dokumentarfilm, Schweden 2015, 27 Min., OF, dt. UT,<\/h3>\n<\/td>\n<\/tr>\n<tr>\n<td style=\"text-align: left; vertical-align: top;\" scope=\"rowgroup\">\n<h2>20:00<\/h2>\n<\/td>\n<td style=\"text-align: left; vertical-align: top;\" scope=\"rowgroup\">\n<h4><a href=\"http:\/\/www.augen-blicke-afrika.de\/blog\/comboio-de-sal-e-acucar-the-train-of-salt-and-sugar\/\"><strong>Comboio de sal e a\u00e7\u00facar \u2013 The Train of Salt and Sugar<\/strong><\/a><\/h4>\n<h3>Mosambik \/ Portugal \/ Frankreich 2016, 128 Min., port. OF, engl. UT<\/h3>\n<\/td>\n<\/tr>\n<\/tbody>\n<\/table>\n<p>&nbsp;<\/p>\n","protected":false},"excerpt":{"rendered":"<p>Programm Afrikanisches Film Festival &#8220;AUGEN BLICKE AFRIKA&#8221;, NOV 2017 Alle Filme im Studio-Kino Hamburg, Bernstorffstr. 93-95, 22767 Hamburg Eintrittspreis bei jeder Filmveranstaltung 8 EUR\/ erm\u00e4\u00dfigt 6,50 EUR. Das Programmheft als PDF gibt es hier: Programmheft 2017 Do. 02.11. 18:00 Er\u00f6ffnung &hellip; <a href=\"http:\/\/www.augen-blicke-afrika.de\/blog\/archiv\/archiv-2017\/programm-2017\/\">Weiterlesen <span class=\"meta-nav\">&rarr;<\/span><\/a><\/p>\n","protected":false},"author":3,"featured_media":5126,"parent":3800,"menu_order":0,"comment_status":"closed","ping_status":"closed","template":"afrika2017.php","meta":{"footnotes":""},"class_list":["post-3353","page","type-page","status-publish","has-post-thumbnail","hentry"],"_links":{"self":[{"href":"http:\/\/www.augen-blicke-afrika.de\/blog\/wp-json\/wp\/v2\/pages\/3353","targetHints":{"allow":["GET"]}}],"collection":[{"href":"http:\/\/www.augen-blicke-afrika.de\/blog\/wp-json\/wp\/v2\/pages"}],"about":[{"href":"http:\/\/www.augen-blicke-afrika.de\/blog\/wp-json\/wp\/v2\/types\/page"}],"author":[{"embeddable":true,"href":"http:\/\/www.augen-blicke-afrika.de\/blog\/wp-json\/wp\/v2\/users\/3"}],"replies":[{"embeddable":true,"href":"http:\/\/www.augen-blicke-afrika.de\/blog\/wp-json\/wp\/v2\/comments?post=3353"}],"version-history":[{"count":27,"href":"http:\/\/www.augen-blicke-afrika.de\/blog\/wp-json\/wp\/v2\/pages\/3353\/revisions"}],"predecessor-version":[{"id":7011,"href":"http:\/\/www.augen-blicke-afrika.de\/blog\/wp-json\/wp\/v2\/pages\/3353\/revisions\/7011"}],"up":[{"embeddable":true,"href":"http:\/\/www.augen-blicke-afrika.de\/blog\/wp-json\/wp\/v2\/pages\/3800"}],"wp:featuredmedia":[{"embeddable":true,"href":"http:\/\/www.augen-blicke-afrika.de\/blog\/wp-json\/wp\/v2\/media\/5126"}],"wp:attachment":[{"href":"http:\/\/www.augen-blicke-afrika.de\/blog\/wp-json\/wp\/v2\/media?parent=3353"}],"curies":[{"name":"wp","href":"https:\/\/api.w.org\/{rel}","templated":true}]}}