{"id":3072,"date":"2016-10-11T07:42:46","date_gmt":"2016-10-11T05:42:46","guid":{"rendered":"http:\/\/www.augen-blicke-afrika.de\/blog\/?page_id=3072"},"modified":"2025-11-05T09:02:56","modified_gmt":"2025-11-05T08:02:56","slug":"w-a-k-a","status":"publish","type":"page","link":"http:\/\/www.augen-blicke-afrika.de\/blog\/archiv\/archiv-2016\/filme-2016\/w-a-k-a\/","title":{"rendered":"W.A.K.A."},"content":{"rendered":"<p><span style=\"font-family: Arial,serif;\"><span style=\"font-size: large;\"><span lang=\"en-US\">\u00a0<a href=\"http:\/\/www.augen-blicke-afrika.de\/blog\/wp-content\/uploads\/2016\/10\/100.png\"><img loading=\"lazy\" decoding=\"async\" class=\"alignnone size-medium wp-image-3074\" src=\"http:\/\/www.augen-blicke-afrika.de\/blog\/wp-content\/uploads\/2016\/10\/100-300x146.png\" alt=\"100\" width=\"300\" height=\"146\" srcset=\"http:\/\/www.augen-blicke-afrika.de\/blog\/wp-content\/uploads\/2016\/10\/100-300x146.png 300w, http:\/\/www.augen-blicke-afrika.de\/blog\/wp-content\/uploads\/2016\/10\/100-1024x500.png 1024w, http:\/\/www.augen-blicke-afrika.de\/blog\/wp-content\/uploads\/2016\/10\/100-500x244.png 500w, http:\/\/www.augen-blicke-afrika.de\/blog\/wp-content\/uploads\/2016\/10\/100-900x439.png 900w, http:\/\/www.augen-blicke-afrika.de\/blog\/wp-content\/uploads\/2016\/10\/100.png 1280w\" sizes=\"auto, (max-width: 300px) 100vw, 300px\" \/><\/a><\/span><\/span><\/span><b><\/b><\/p>\n<h1><strong>W.A.K.A.<\/strong><\/h1>\n<p><span style=\"color: #000000;\"><span style=\"font-family: Arial,serif;\"><span style=\"font-size: large;\"><span lang=\"en-US\">Kamerun 2014, R.: Fran\u00e7oise Ellong, 98 Min., frz. OF, dt. UT<\/span><\/span><\/span><\/span><\/p>\n<p><span style=\"font-family: Arial,serif;\"><span style=\"font-size: large;\">Douala, Kamerun: Als ihr Chef erf\u00e4hrt, dass Mathilde schwanger ist, verliert sie ihren Job als Kellnerin. Verzweifelt will sie ihr Leben beenden, entschlie\u00dft sich dann aber doch weiterzuleben. Nach der Geburt findet sie keinerlei Unterst\u00fctzung, wei\u00df nicht, wie sie mit dem Kind \u00fcberleben soll. Sie ist bereit, alles zu tun, um ihrem Sohn Adam eine bessere Zukunft zu erm\u00f6glichen. Als er ei<\/span><\/span><span style=\"font-family: Arial,serif;\"><span style=\"font-size: large;\">n Jahr alt ist, trifft Mathilde eine folgenschwere Entscheidung &#8211; sie verwandelt sich nachts in \u201eMarilyn\u201c, die Prostituierte.<\/span><\/span><\/p>\n<h4><span style=\"text-decoration: underline;\">Biografie:<\/span><\/h4>\n<h4 style=\"text-align: justify;\"><span style=\"font-family: Arial,serif;\"><span style=\"font-size: large;\"><b>Fran\u00e7oise Ellong<\/b><\/span><\/span><span style=\"font-family: Arial,serif;\"><span style=\"font-size: large;\">, geb. 1988 in Kamerun, Studium in Paris und London, Drehbuchautorin, Regisseurin, Produzentin. Seit 2010 realisiert<\/span><\/span><span style=\"font-family: Arial,serif;\"><span style=\"font-size: large;\"><span lang=\"en-US\"><a href=\"http:\/\/www.augen-blicke-afrika.de\/blog\/wp-content\/uploads\/2016\/10\/99.jpg\"><img loading=\"lazy\" decoding=\"async\" class=\"size-medium wp-image-3073 alignright\" src=\"http:\/\/www.augen-blicke-afrika.de\/blog\/wp-content\/uploads\/2016\/10\/99-230x300.jpg\" alt=\"99\" width=\"230\" height=\"300\" srcset=\"http:\/\/www.augen-blicke-afrika.de\/blog\/wp-content\/uploads\/2016\/10\/99-230x300.jpg 230w, http:\/\/www.augen-blicke-afrika.de\/blog\/wp-content\/uploads\/2016\/10\/99-784x1024.jpg 784w, http:\/\/www.augen-blicke-afrika.de\/blog\/wp-content\/uploads\/2016\/10\/99-900x1176.jpg 900w, http:\/\/www.augen-blicke-afrika.de\/blog\/wp-content\/uploads\/2016\/10\/99.jpg 960w\" sizes=\"auto, (max-width: 230px) 100vw, 230px\" \/><\/a><\/span><\/span><\/span><span style=\"font-family: Arial,serif;\"><span style=\"font-size: large;\">e sie mehrere Kurzfilme. \u201eW.A.K.A.\u201c ist ihr erster Langspielfilm, f\u00fcr den sie Preise bei mehreren afrikanischen Filmfestivals und beim panafrikanischen Filmfestival in Cannes erhielt. <\/span><\/span><\/h4>\n<p><span style=\"font-family: Arial,serif;\"><span style=\"font-size: large;\">Do. 10.11., 22 Uhr (Schwerpunkt)\u00a0<\/span><\/span><\/p>\n","protected":false},"excerpt":{"rendered":"<p>\u00a0 W.A.K.A. Kamerun 2014, R.: Fran\u00e7oise Ellong, 98 Min., frz. OF, dt. UT Douala, Kamerun: Als ihr Chef erf\u00e4hrt, dass Mathilde schwanger ist, verliert sie ihren Job als Kellnerin. Verzweifelt will sie ihr Leben beenden, entschlie\u00dft sich dann aber doch &hellip; <a href=\"http:\/\/www.augen-blicke-afrika.de\/blog\/archiv\/archiv-2016\/filme-2016\/w-a-k-a\/\">Weiterlesen <span class=\"meta-nav\">&rarr;<\/span><\/a><\/p>\n","protected":false},"author":4,"featured_media":0,"parent":4192,"menu_order":0,"comment_status":"closed","ping_status":"closed","template":"afrika2016.php","meta":{"footnotes":""},"class_list":["post-3072","page","type-page","status-publish","hentry"],"_links":{"self":[{"href":"http:\/\/www.augen-blicke-afrika.de\/blog\/wp-json\/wp\/v2\/pages\/3072","targetHints":{"allow":["GET"]}}],"collection":[{"href":"http:\/\/www.augen-blicke-afrika.de\/blog\/wp-json\/wp\/v2\/pages"}],"about":[{"href":"http:\/\/www.augen-blicke-afrika.de\/blog\/wp-json\/wp\/v2\/types\/page"}],"author":[{"embeddable":true,"href":"http:\/\/www.augen-blicke-afrika.de\/blog\/wp-json\/wp\/v2\/users\/4"}],"replies":[{"embeddable":true,"href":"http:\/\/www.augen-blicke-afrika.de\/blog\/wp-json\/wp\/v2\/comments?post=3072"}],"version-history":[{"count":5,"href":"http:\/\/www.augen-blicke-afrika.de\/blog\/wp-json\/wp\/v2\/pages\/3072\/revisions"}],"predecessor-version":[{"id":12193,"href":"http:\/\/www.augen-blicke-afrika.de\/blog\/wp-json\/wp\/v2\/pages\/3072\/revisions\/12193"}],"up":[{"embeddable":true,"href":"http:\/\/www.augen-blicke-afrika.de\/blog\/wp-json\/wp\/v2\/pages\/4192"}],"wp:attachment":[{"href":"http:\/\/www.augen-blicke-afrika.de\/blog\/wp-json\/wp\/v2\/media?parent=3072"}],"curies":[{"name":"wp","href":"https:\/\/api.w.org\/{rel}","templated":true}]}}