{"id":3040,"date":"2016-10-10T22:08:28","date_gmt":"2016-10-10T20:08:28","guid":{"rendered":"http:\/\/www.augen-blicke-afrika.de\/blog\/?page_id=3040"},"modified":"2025-11-05T08:51:47","modified_gmt":"2025-11-05T07:51:47","slug":"mali-blues","status":"publish","type":"page","link":"http:\/\/www.augen-blicke-afrika.de\/blog\/archiv\/archiv-2016\/filme-2016\/mali-blues\/","title":{"rendered":"Mali Blues"},"content":{"rendered":"<h1><strong>Mali Blues<a href=\"http:\/\/www.augen-blicke-afrika.de\/blog\/wp-content\/uploads\/2016\/10\/777.jpg\"><img loading=\"lazy\" decoding=\"async\" class=\"size-medium wp-image-3145 alignright\" src=\"http:\/\/www.augen-blicke-afrika.de\/blog\/wp-content\/uploads\/2016\/10\/777-300x200.jpg\" alt=\"777\" width=\"300\" height=\"200\" srcset=\"http:\/\/www.augen-blicke-afrika.de\/blog\/wp-content\/uploads\/2016\/10\/777-300x200.jpg 300w, http:\/\/www.augen-blicke-afrika.de\/blog\/wp-content\/uploads\/2016\/10\/777-1024x682.jpg 1024w, http:\/\/www.augen-blicke-afrika.de\/blog\/wp-content\/uploads\/2016\/10\/777-450x300.jpg 450w, http:\/\/www.augen-blicke-afrika.de\/blog\/wp-content\/uploads\/2016\/10\/777-900x600.jpg 900w, http:\/\/www.augen-blicke-afrika.de\/blog\/wp-content\/uploads\/2016\/10\/777.jpg 1280w\" sizes=\"auto, (max-width: 300px) 100vw, 300px\" \/><\/a><\/strong><\/h1>\n<p style=\"text-align: justify;\"><span style=\"color: #000000;\"><span style=\"font-family: Arial,serif;\"><span style=\"font-size: large;\">Dokumentarfilm, Deutschland 2016, R.: Lutz Gregor, 93 Min., OF, dt. UT<\/span><\/span><\/span><\/p>\n<p style=\"text-align: justify;\"><span style=\"color: #000000;\"><span style=\"font-family: Arial,serif;\"><span style=\"font-size: large;\">Das ber\u00fchmte \u201eFestival in the Desert\u201c in der W\u00fcste bei Timbuktu konnte in den letzten Jahren wegen der islamistischen Okkupation nicht <\/span><\/span><\/span><span style=\"color: #000000;\"><span style=\"font-family: Arial,serif;\"><span style=\"font-size: large;\">stattfinden. 2015 wich man auf den Ort S\u00e9gou im sicheren S\u00fcden Malis aus. Der Film erz\u00e4hlt von vier Musikerinnen und Musikern aus dem westafrikanischen Land, die sich mit ihren sehr unterschiedlichen Musikstilen f\u00fcr einen toleranten Islam und ein Land in Frieden einsetzen.<\/span><\/span><\/span><\/p>\n<p style=\"text-align: justify;\"><span style=\"font-family: Arial,serif;\"><span style=\"font-size: large;\"><b>Fatoumata Diawara<\/b><\/span><\/span><span style=\"font-family: Arial,serif;\"><span style=\"font-size: large;\"> &#8211; Shooting Star des AfroPop \u2013 singt in ihren Balladen vom Leben als afrikanische Frau und von \u00fcberholten Traditionen; <\/span><\/span><span style=\"font-family: Arial,serif;\"><span style=\"font-size: large;\"><b>Bassekou<\/b><\/span><\/span> <span style=\"font-family: Arial,serif;\"><span style=\"font-size: large;\"><b>Kouyat\u00e9<\/b><\/span><\/span><span style=\"font-family: Arial,serif;\"><span style=\"font-size: large;\"> &#8211; der Griot und Weltmusiker &#8211; integriert traditionelle <\/span><\/span><span style=\"font-family: Arial,serif;\"><span style=\"font-size: large;\">afrikanische Instrumente in die moderne Rockmusik; <b>Ahmed Ag Kaedi<\/b><\/span><\/span><span style=\"font-family: Arial,serif;\"><span style=\"font-size: large;\"> &#8211; Leader der Tuareg-Band<\/span><\/span> <span style=\"font-family: Arial,serif;\"><span style=\"font-size: large;\">Amanar &#8211; erz\u00e4hlt mit seinen rauen, rockigen Tuareg-Gitarrenriffs von der Sehnsucht nach der W\u00fcste und <\/span><\/span><span style=\"font-family: Arial,serif;\"><span style=\"font-size: large;\"><b>Master Soumy<\/b><\/span><\/span><span style=\"font-family: Arial,serif;\"><span style=\"font-size: large;\"> \u2013 der Rapper und Vertreter der jungen Generation Malis &#8211; erhebt seine Stimme gegen korrupte Politiker und f\u00fcr Ver\u00e4nderung im Land.<a href=\"http:\/\/www.augen-blicke-afrika.de\/blog\/wp-content\/uploads\/2016\/10\/444.jpg\"><img loading=\"lazy\" decoding=\"async\" class=\"size-medium wp-image-3146 alignleft\" src=\"http:\/\/www.augen-blicke-afrika.de\/blog\/wp-content\/uploads\/2016\/10\/444-200x300.jpg\" alt=\"444\" width=\"200\" height=\"300\" srcset=\"http:\/\/www.augen-blicke-afrika.de\/blog\/wp-content\/uploads\/2016\/10\/444-200x300.jpg 200w, http:\/\/www.augen-blicke-afrika.de\/blog\/wp-content\/uploads\/2016\/10\/444-682x1024.jpg 682w, http:\/\/www.augen-blicke-afrika.de\/blog\/wp-content\/uploads\/2016\/10\/444.jpg 853w\" sizes=\"auto, (max-width: 200px) 100vw, 200px\" \/><\/a><\/span><\/span><\/p>\n<p>\u201e<span style=\"font-family: Arial,serif;\"><span style=\"font-size: large;\">Mali Blues\u201c ist ein Film voller Musik, in der sich Trauer, Wut, Hoffnung und Lebensfreude ausdr\u00fccken.<\/span><\/span><\/p>\n<h4><span style=\"text-decoration: underline;\">Biografie:<\/span><\/h4>\n<h4><span style=\"color: #000000;\"><span style=\"font-family: Arial,serif;\"><span style=\"font-size: large;\"><b>Lutz Gregor<\/b><\/span><\/span><\/span><span style=\"color: #000000;\"><span style=\"font-family: Arial,serif;\"><span style=\"font-size: large;\">, geb.<\/span><\/span><\/span><span style=\"font-family: Arial,serif;\"><span style=\"font-size: large;\">1952 in Berlin, studierte Germanistik und Politologie, seit 1983 arbeitet er als freier Filmemacher,<\/span><\/span><span style=\"color: #000000;\"><span style=\"font-family: Arial,serif;\"><span style=\"font-size: large;\"> Autor und Dozent.<\/span><\/span><\/span><\/h4>\n<p><span style=\"font-family: Arial,serif;\"><span style=\"font-size: large;\">Sa. 5.11., 20 Uhr<\/span><\/span><\/p>\n<p><a href=\"https:\/\/www.youtube.com\/watch?v=k1YlrDvSu5A\">Trailer<\/a><\/p>\n","protected":false},"excerpt":{"rendered":"<p>Mali Blues Dokumentarfilm, Deutschland 2016, R.: Lutz Gregor, 93 Min., OF, dt. UT Das ber\u00fchmte \u201eFestival in the Desert\u201c in der W\u00fcste bei Timbuktu konnte in den letzten Jahren wegen der islamistischen Okkupation nicht stattfinden. 2015 wich man auf den &hellip; <a href=\"http:\/\/www.augen-blicke-afrika.de\/blog\/archiv\/archiv-2016\/filme-2016\/mali-blues\/\">Weiterlesen <span class=\"meta-nav\">&rarr;<\/span><\/a><\/p>\n","protected":false},"author":4,"featured_media":0,"parent":4192,"menu_order":0,"comment_status":"closed","ping_status":"closed","template":"afrika2016.php","meta":{"footnotes":""},"class_list":["post-3040","page","type-page","status-publish","hentry"],"_links":{"self":[{"href":"http:\/\/www.augen-blicke-afrika.de\/blog\/wp-json\/wp\/v2\/pages\/3040","targetHints":{"allow":["GET"]}}],"collection":[{"href":"http:\/\/www.augen-blicke-afrika.de\/blog\/wp-json\/wp\/v2\/pages"}],"about":[{"href":"http:\/\/www.augen-blicke-afrika.de\/blog\/wp-json\/wp\/v2\/types\/page"}],"author":[{"embeddable":true,"href":"http:\/\/www.augen-blicke-afrika.de\/blog\/wp-json\/wp\/v2\/users\/4"}],"replies":[{"embeddable":true,"href":"http:\/\/www.augen-blicke-afrika.de\/blog\/wp-json\/wp\/v2\/comments?post=3040"}],"version-history":[{"count":7,"href":"http:\/\/www.augen-blicke-afrika.de\/blog\/wp-json\/wp\/v2\/pages\/3040\/revisions"}],"predecessor-version":[{"id":12181,"href":"http:\/\/www.augen-blicke-afrika.de\/blog\/wp-json\/wp\/v2\/pages\/3040\/revisions\/12181"}],"up":[{"embeddable":true,"href":"http:\/\/www.augen-blicke-afrika.de\/blog\/wp-json\/wp\/v2\/pages\/4192"}],"wp:attachment":[{"href":"http:\/\/www.augen-blicke-afrika.de\/blog\/wp-json\/wp\/v2\/media?parent=3040"}],"curies":[{"name":"wp","href":"https:\/\/api.w.org\/{rel}","templated":true}]}}