{"id":2503,"date":"2015-10-01T11:38:39","date_gmt":"2015-10-01T09:38:39","guid":{"rendered":"http:\/\/www.augen-blicke-afrika.de\/blog\/?page_id=2503"},"modified":"2022-09-18T17:58:23","modified_gmt":"2022-09-18T15:58:23","slug":"jugend-und-protestbewegungen","status":"publish","type":"page","link":"http:\/\/www.augen-blicke-afrika.de\/blog\/archiv\/archiv-2015\/jugend-und-protestbewegungen\/","title":{"rendered":"Jugend- und Protestbewegungen"},"content":{"rendered":"<h1>Jugend- und Protestbewegungen<br \/>\nin Senegal und Burkina Faso<\/h1>\n<h3>In Kooperation mit der Rosa Luxenburg Stiftung Hamburg<\/h3>\n<p>&nbsp;<\/p>\n<p><strong>2015\/16 stehen in mehreren afrikanischen L\u00e4ndern Wahlen an, bei denen Pr\u00e4sidenten versuchen, ihre Amtszeit per Verfassungsbruch zu verl\u00e4ngern. Die Protestbewegungen gegen diesen Machtmissbrauch werden nicht nur von oppositionellen Parteien, Gewerkschaften und NGOs getragen, sondern auch von MusikerInnen, Rappern, Theater- und Filmschaffenden.<\/strong><\/p>\n<p>Im Senegal trug die Jugendbewegung \u201eY&#8217;en a marre\u201c, auf deutsch \u201eJetzt reicht&#8217;s!\u201c, durch tagelange Massenproteste entscheidend zur Niederlage des damaligen Pr\u00e4sidenten Abdoulaye Wade bei, der verfassungswidrig eine dritte Kandidatur anstrebte.<\/p>\n<p>Im Oktober 2014 sind gro\u00dfe Teile der Bev\u00f6lkerung Burkina Fasos gegen ihren 27 Jahre amtierenden Diktator Blaise Compaor\u00e9 auf die Stra\u00dfe gegangen, als er gegen die geltende Verfassung eine weitere Amtszeit durchsetzen wollte. Die Folge war seine Vertreibung und Entmachtung. Die DemonstrantInnen nennen sich \u201eBalai Citoyen\u201c, der \u201eB\u00fcrgerbesen\u201c.<\/p>\n<p>Auch wenn Afrika im wirtschaftlichen Aufschwung begriffen sein mag, ist dennoch offensichtlich, dass die Mehrheit der Jugendlichen weiterhin mit schwierigen sozio\u00f6konomischen Bedingungen konfrontiert ist. Viele junge Afrikaner befinden sich in einem \u201eZustand des Wartens\u201c. Den meisten bleibt auf Grund von Arbeitsplatzmangel, schlechter Regierungsf\u00fchrung und ungerechten internationalen Handelsbeziehungen die M\u00f6glichkeit verwehrt, zu wirtschaftlich unabh\u00e4ngigen Erwachsenen zu werden.<\/p>\n<p>So machen sich viele Jugendliche &#8211; unterst\u00fctzt von ihren Familien &#8211; auf den gef\u00e4hrlichen Weg nach Europa. Aber immer mehr Jugendliche wollen trotz der schwierigen Bedingungen bleiben, nicht tatenlos warten, sondern sich zunehmend politisch engagieren. Dabei nehmen die Rapper und K\u00fcnstlerInnen eine f\u00fchrende Rolle ein.<\/p>\n<p>Sie fordern die Jugendlichen auf zu bleiben, f\u00fcr demokratische Rechte zu k\u00e4mpfen und die gew\u00e4hlte Regierung zu kontrollieren.<\/p>\n<p>Am 06.11. zeigen wir ab 20 Uhr zwei Filme, die die Situation in Senegal und Burkina Faso beleuchten. In den Diskussionen mit unseren G\u00e4sten greifen wir auch die aktuelle Entwicklung in Burkina Faso auf.<\/p>\n<h5><a href=\"http:\/\/www.augen-blicke-afrika.de\/blog\/boy-saloum\/\">BOY SALOUM<\/a><\/h5>\n<p><span class=\"UNTERZEILE\">Dokumentarfilm, Senegal \/ Frankreich 2013, R.: Audrey Gallet, OF frz. \/ Wolof, engl. UT, 74 Min.<br \/>\n<\/span><\/p>\n<h6>In Anwesenheit des Rappers und Politaktivisten Thiat<\/h6>\n<h5><a href=\"http:\/\/www.augen-blicke-afrika.de\/blog\/le-trajectoire-dun-peuple-le-burkina-faso-revolution-mit-blossen-haenden\/\">LE TRAJECTOIRE D&#8217;UN PEUPLE. LE BURKINA FASO \u2013<br \/>\nRevolution mit blo\u00dfen H\u00e4nden<\/a><\/h5>\n<p><span class=\"UNTERZEILE\">Dokumentarfilm, Burkina Faso \/ Schweiz \/ Deutschland 2015,<\/span><\/p>\n<p><span class=\"UNTERZEILE\">R.: Moussa Ouedraogo \/ Hans-Georg Eberl, OF, dt. UT, 90 Min.<\/span><\/p>\n<h6>In Anwesenheit der Regisseurr Moussa Quedraogo und Hans-Georg Eberl<\/h6>\n<h6><a href=\"http:\/\/www.augen-blicke-afrika.de\/blog\/wp-content\/uploads\/2012\/09\/afriques-europe-interact.png\"><img loading=\"lazy\" decoding=\"async\" class=\"wp-image-2646 alignnone\" style=\"border: none; padding: 0px;\" src=\"http:\/\/www.augen-blicke-afrika.de\/blog\/wp-content\/uploads\/2012\/09\/afriques-europe-interact.png\" alt=\"afriques europe interact\" width=\"76\" height=\"35\"><\/a><\/h6>\n<h6><\/h6>\n<h6>Kooperation mit dem Netzwerk &#8220;afrique-europe-interact&#8221;.<\/h6>\n<h6><\/h6>\n","protected":false},"excerpt":{"rendered":"<p>Jugend- und Protestbewegungen in Senegal und Burkina Faso In Kooperation mit der Rosa Luxenburg Stiftung Hamburg &nbsp; 2015\/16 stehen in mehreren afrikanischen L\u00e4ndern Wahlen an, bei denen Pr\u00e4sidenten versuchen, ihre Amtszeit per Verfassungsbruch zu verl\u00e4ngern. Die Protestbewegungen gegen diesen Machtmissbrauch &hellip; <a href=\"http:\/\/www.augen-blicke-afrika.de\/blog\/archiv\/archiv-2015\/jugend-und-protestbewegungen\/\">Weiterlesen <span class=\"meta-nav\">&rarr;<\/span><\/a><\/p>\n","protected":false},"author":3,"featured_media":2073,"parent":4181,"menu_order":0,"comment_status":"closed","ping_status":"closed","template":"afrika2015.php","meta":{"footnotes":""},"class_list":["post-2503","page","type-page","status-publish","has-post-thumbnail","hentry"],"_links":{"self":[{"href":"http:\/\/www.augen-blicke-afrika.de\/blog\/wp-json\/wp\/v2\/pages\/2503","targetHints":{"allow":["GET"]}}],"collection":[{"href":"http:\/\/www.augen-blicke-afrika.de\/blog\/wp-json\/wp\/v2\/pages"}],"about":[{"href":"http:\/\/www.augen-blicke-afrika.de\/blog\/wp-json\/wp\/v2\/types\/page"}],"author":[{"embeddable":true,"href":"http:\/\/www.augen-blicke-afrika.de\/blog\/wp-json\/wp\/v2\/users\/3"}],"replies":[{"embeddable":true,"href":"http:\/\/www.augen-blicke-afrika.de\/blog\/wp-json\/wp\/v2\/comments?post=2503"}],"version-history":[{"count":23,"href":"http:\/\/www.augen-blicke-afrika.de\/blog\/wp-json\/wp\/v2\/pages\/2503\/revisions"}],"predecessor-version":[{"id":6905,"href":"http:\/\/www.augen-blicke-afrika.de\/blog\/wp-json\/wp\/v2\/pages\/2503\/revisions\/6905"}],"up":[{"embeddable":true,"href":"http:\/\/www.augen-blicke-afrika.de\/blog\/wp-json\/wp\/v2\/pages\/4181"}],"wp:featuredmedia":[{"embeddable":true,"href":"http:\/\/www.augen-blicke-afrika.de\/blog\/wp-json\/wp\/v2\/media\/2073"}],"wp:attachment":[{"href":"http:\/\/www.augen-blicke-afrika.de\/blog\/wp-json\/wp\/v2\/media?parent=2503"}],"curies":[{"name":"wp","href":"https:\/\/api.w.org\/{rel}","templated":true}]}}

<h1>Jugend- und Protestbewegungen<br />
in Senegal und Burkina Faso</h1>
<h3>In Kooperation mit der Rosa Luxenburg Stiftung Hamburg</h3>
<p>&nbsp;</p>
<p><strong>2015/16 stehen in mehreren afrikanischen Ländern Wahlen an, bei denen Präsidenten versuchen, ihre Amtszeit per Verfassungsbruch zu verlängern. Die Protestbewegungen gegen diesen Machtmissbrauch werden nicht nur von oppositionellen Parteien, Gewerkschaften und NGOs getragen, sondern auch von MusikerInnen, Rappern, Theater- und Filmschaffenden.</strong></p>
<p>Im Senegal trug die Jugendbewegung „Y&#8217;en a marre“, auf deutsch „Jetzt reicht&#8217;s!“, durch tagelange Massenproteste entscheidend zur Niederlage des damaligen Präsidenten Abdoulaye Wade bei, der verfassungswidrig eine dritte Kandidatur anstrebte.</p>
<p>Im Oktober 2014 sind große Teile der Bevölkerung Burkina Fasos gegen ihren 27 Jahre amtierenden Diktator Blaise Compaoré auf die Straße gegangen, als er gegen die geltende Verfassung eine weitere Amtszeit durchsetzen wollte. Die Folge war seine Vertreibung und Entmachtung. Die DemonstrantInnen nennen sich „Balai Citoyen“, der „Bürgerbesen“.</p>
<p>Auch wenn Afrika im wirtschaftlichen Aufschwung begriffen sein mag, ist dennoch offensichtlich, dass die Mehrheit der Jugendlichen weiterhin mit schwierigen sozioökonomischen Bedingungen konfrontiert ist. Viele junge Afrikaner befinden sich in einem „Zustand des Wartens“. Den meisten bleibt auf Grund von Arbeitsplatzmangel, schlechter Regierungsführung und ungerechten internationalen Handelsbeziehungen die Möglichkeit verwehrt, zu wirtschaftlich unabhängigen Erwachsenen zu werden.</p>
<p>So machen sich viele Jugendliche &#8211; unterstützt von ihren Familien &#8211; auf den gefährlichen Weg nach Europa. Aber immer mehr Jugendliche wollen trotz der schwierigen Bedingungen bleiben, nicht tatenlos warten, sondern sich zunehmend politisch engagieren. Dabei nehmen die Rapper und KünstlerInnen eine führende Rolle ein.</p>
<p>Sie fordern die Jugendlichen auf zu bleiben, für demokratische Rechte zu kämpfen und die gewählte Regierung zu kontrollieren.</p>
<p>Am 06.11. zeigen wir ab 20 Uhr zwei Filme, die die Situation in Senegal und Burkina Faso beleuchten. In den Diskussionen mit unseren Gästen greifen wir auch die aktuelle Entwicklung in Burkina Faso auf.</p>
<h5><a href="http://www.augen-blicke-afrika.de/blog/boy-saloum/">BOY SALOUM</a></h5>
<p><span class="UNTERZEILE">Dokumentarfilm, Senegal / Frankreich 2013, R.: Audrey Gallet, OF frz. / Wolof, engl. UT, 74 Min.<br />
</span></p>
<h6>In Anwesenheit des Rappers und Politaktivisten Thiat</h6>
<h5><a href="http://www.augen-blicke-afrika.de/blog/le-trajectoire-dun-peuple-le-burkina-faso-revolution-mit-blossen-haenden/">LE TRAJECTOIRE D&#8217;UN PEUPLE. LE BURKINA FASO –<br />
Revolution mit bloßen Händen</a></h5>
<p><span class="UNTERZEILE">Dokumentarfilm, Burkina Faso / Schweiz / Deutschland 2015,</span></p>
<p><span class="UNTERZEILE">R.: Moussa Ouedraogo / Hans-Georg Eberl, OF, dt. UT, 90 Min.</span></p>
<h6>In Anwesenheit der Regisseurr Moussa Quedraogo und Hans-Georg Eberl</h6>
<h6><a href="http://www.augen-blicke-afrika.de/blog/wp-content/uploads/2012/09/afriques-europe-interact.png"><img loading="lazy" decoding="async" class="wp-image-2646 alignnone" style="border: none; padding: 0px;" src="http://www.augen-blicke-afrika.de/blog/wp-content/uploads/2012/09/afriques-europe-interact.png" alt="afriques europe interact" width="76" height="35"></a></h6>
<h6></h6>
<h6>Kooperation mit dem Netzwerk &#8220;afrique-europe-interact&#8221;.</h6>
<h6></h6>

<p>Jugend- und Protestbewegungen in Senegal und Burkina Faso In Kooperation mit der Rosa Luxenburg Stiftung Hamburg &nbsp; 2015/16 stehen in mehreren afrikanischen Ländern Wahlen an, bei denen Präsidenten versuchen, ihre Amtszeit per Verfassungsbruch zu verlängern. Die Protestbewegungen gegen diesen Machtmissbrauch &hellip; <a href="http://www.augen-blicke-afrika.de/blog/archiv/archiv-2015/jugend-und-protestbewegungen/">Weiterlesen <span class="meta-nav">&rarr;</span></a></p>
