{"id":2248,"date":"2015-09-23T17:39:17","date_gmt":"2015-09-23T15:39:17","guid":{"rendered":"http:\/\/www.augen-blicke-afrika.de\/blog\/?page_id=2248"},"modified":"2018-10-10T13:17:05","modified_gmt":"2018-10-10T11:17:05","slug":"ninass-dowry","status":"publish","type":"page","link":"http:\/\/www.augen-blicke-afrika.de\/blog\/archiv\/archiv-2015\/filme-2015\/ninass-dowry\/","title":{"rendered":"Ninah&#8217;s Dowry"},"content":{"rendered":"<table style=\"height: 356px;\" width=\"756\">\n<thead>\n<tr>\n<td>\n<p class=\"hide-if-no-js\"><a href=\"http:\/\/www.augen-blicke-afrika.de\/blog\/wp-content\/uploads\/2015\/09\/ninah.jpg\"><img loading=\"lazy\" decoding=\"async\" class=\"alignnone size-full wp-image-2181\" src=\"http:\/\/www.augen-blicke-afrika.de\/blog\/wp-content\/uploads\/2015\/09\/ninah.jpg\" alt=\"ninah\" width=\"500\" height=\"375\" srcset=\"http:\/\/www.augen-blicke-afrika.de\/blog\/wp-content\/uploads\/2015\/09\/ninah.jpg 500w, http:\/\/www.augen-blicke-afrika.de\/blog\/wp-content\/uploads\/2015\/09\/ninah-300x225.jpg 300w, http:\/\/www.augen-blicke-afrika.de\/blog\/wp-content\/uploads\/2015\/09\/ninah-400x300.jpg 400w\" sizes=\"auto, (max-width: 500px) 100vw, 500px\" \/><\/a><\/p>\n<h1>Ninah&#8217;s Dowry<\/h1>\n<h3>Kamerun 2012, R.: Victor Viyuoh, 95 Min., OF, engl. UT<\/h3>\n<\/td>\n<\/tr>\n<\/thead>\n<tbody>\n<tr>\n<td>Ninah lebt mit ihrem Mann und drei Kindern auf dem Land. Ihr Vater hat sie in sehr jungen Jahren nach alter Tradition verheiratet und vom Ehemann Geld als Mitgift erhalten. Jetzt geh\u00f6rt sie diesem Mann. Auch wenn er sie misshandelt, gibt es kein Entrinnen. Aber in Ninah regt sich Widerstand. Als sie vom nahenden Tod ihres Vaters h\u00f6rt, f\u00e4hrt sie zur Beerdigung und kehrt nicht mehr zur\u00fcck. Sie will Geld verdienen, um die Mitgift zur\u00fcckzuzahlen, um sich ein neues, freies Leben aufzubauen. Aber die Freiheit l\u00e4sst sich nicht einfach erreichen. Auch ihre neue Umgebung ist tief mit alten Traditionen verwurzelt und besonders die M\u00e4nnerwelt klammert sich daran fest. Ihr Mann besteht auf seinem \u201eBesitz\u201c, jagt sie wie ein wildes Tier, legt ihr Fesseln an &#8211; aber die Sehnsucht nach einem selbstbestimmten Leben macht sie stark und erfinderisch.<\/td>\n<\/tr>\n<tr>\n<td style=\"border-bottom: none;\">\n<p class=\"hide-if-no-js\"><a href=\"http:\/\/www.augen-blicke-afrika.de\/blog\/wp-content\/uploads\/2015\/09\/ninah_poster.jpg\"><img loading=\"lazy\" decoding=\"async\" class=\"size-full wp-image-2180 alignleft\" src=\"http:\/\/www.augen-blicke-afrika.de\/blog\/wp-content\/uploads\/2015\/09\/ninah_poster.jpg\" alt=\"ninah_poster\" width=\"117\" height=\"175\" \/><\/a><\/p>\n<p><strong>Victor Viyuoh<\/strong>, geboren und aufgewachsen in Kamerun, studierte in den USA zun\u00e4chst Mathematik, sp\u00e4ter folgte ein Studium f\u00fcr Regie und Spielfilm. Sein in Kamerun gedrehter Kurzfilm \u201eMboutoukou\u201c fand viel Anerkennung. Ninah&#8217;s Dowry ist sein erster Spielfilm und greift ein Thema auf, das seine Schwester in Kamerun am eigenen Leibe erfahren hat.<br \/>\nDer Film erhielt zahlreiche Preise, u.a. wurde er als bester Spielfilm beim Festival International du Film Panafricain de Cannes ausgezeichnet.<\/td>\n<\/tr>\n<\/tbody>\n<\/table>\n<p>&nbsp;<\/p>\n","protected":false},"excerpt":{"rendered":"<p>Ninah&#8217;s Dowry Kamerun 2012, R.: Victor Viyuoh, 95 Min., OF, engl. UT Ninah lebt mit ihrem Mann und drei Kindern auf dem Land. Ihr Vater hat sie in sehr jungen Jahren nach alter Tradition verheiratet und vom Ehemann Geld als &hellip; <a href=\"http:\/\/www.augen-blicke-afrika.de\/blog\/archiv\/archiv-2015\/filme-2015\/ninass-dowry\/\">Weiterlesen <span class=\"meta-nav\">&rarr;<\/span><\/a><\/p>\n","protected":false},"author":3,"featured_media":0,"parent":2076,"menu_order":0,"comment_status":"closed","ping_status":"closed","template":"afrika2015_oh.php","meta":{"footnotes":""},"class_list":["post-2248","page","type-page","status-publish","hentry"],"_links":{"self":[{"href":"http:\/\/www.augen-blicke-afrika.de\/blog\/wp-json\/wp\/v2\/pages\/2248","targetHints":{"allow":["GET"]}}],"collection":[{"href":"http:\/\/www.augen-blicke-afrika.de\/blog\/wp-json\/wp\/v2\/pages"}],"about":[{"href":"http:\/\/www.augen-blicke-afrika.de\/blog\/wp-json\/wp\/v2\/types\/page"}],"author":[{"embeddable":true,"href":"http:\/\/www.augen-blicke-afrika.de\/blog\/wp-json\/wp\/v2\/users\/3"}],"replies":[{"embeddable":true,"href":"http:\/\/www.augen-blicke-afrika.de\/blog\/wp-json\/wp\/v2\/comments?post=2248"}],"version-history":[{"count":6,"href":"http:\/\/www.augen-blicke-afrika.de\/blog\/wp-json\/wp\/v2\/pages\/2248\/revisions"}],"predecessor-version":[{"id":2779,"href":"http:\/\/www.augen-blicke-afrika.de\/blog\/wp-json\/wp\/v2\/pages\/2248\/revisions\/2779"}],"up":[{"embeddable":true,"href":"http:\/\/www.augen-blicke-afrika.de\/blog\/wp-json\/wp\/v2\/pages\/2076"}],"wp:attachment":[{"href":"http:\/\/www.augen-blicke-afrika.de\/blog\/wp-json\/wp\/v2\/media?parent=2248"}],"curies":[{"name":"wp","href":"https:\/\/api.w.org\/{rel}","templated":true}]}}