{"id":2223,"date":"2015-09-23T16:42:27","date_gmt":"2015-09-23T14:42:27","guid":{"rendered":"http:\/\/www.augen-blicke-afrika.de\/blog\/?page_id=2223"},"modified":"2018-10-10T13:20:36","modified_gmt":"2018-10-10T11:20:36","slug":"twaaga","status":"publish","type":"page","link":"http:\/\/www.augen-blicke-afrika.de\/blog\/archiv\/archiv-2015\/filme-2015\/twaaga\/","title":{"rendered":"Twaaga"},"content":{"rendered":"<table style=\"height: 356px;\" width=\"756\">\n<thead>\n<tr>\n<td>\n<h1>Twaaga<\/h1>\n<h3>Burkina Faso 2013, R.: C\u00c9dric Ido, 30 Min., OF, engl. UT<\/h3>\n<\/td>\n<\/tr>\n<\/thead>\n<tbody>\n<tr>\n<td>Manu ist ein aufgeweckter achtj\u00e4hriger Junge, immer neugierig und fasziniert von Comics wie Spider-Man. W\u00e4hrend das Radio die revolution\u00e4ren Reden von Thomas Sankara sendet \u2013 Pr\u00e4sident von Burkina Faso von 1983 bis zu seiner Ermordung 1987 -, verliert sich Manu in seiner Fantasy-Welt, f\u00fchlt sich selbst als Superheld und unheimlich stark. Aber die Realit\u00e4t ist eine andere.<\/td>\n<\/tr>\n<tr>\n<td style=\"border-bottom: none;\"><strong>C\u00e9dric Ido<\/strong>, geb. 1980 in Paris, ist ein Allround-K\u00fcnstler aus Burkina Faso. Er arbeitet als Drehbuchautor, Regisseur, Schauspieler, Musiker und Zeichner.<\/td>\n<\/tr>\n<\/tbody>\n<\/table>\n<p>&nbsp;<\/p>\n","protected":false},"excerpt":{"rendered":"<p>Twaaga Burkina Faso 2013, R.: C\u00c9dric Ido, 30 Min., OF, engl. UT Manu ist ein aufgeweckter achtj\u00e4hriger Junge, immer neugierig und fasziniert von Comics wie Spider-Man. W\u00e4hrend das Radio die revolution\u00e4ren Reden von Thomas Sankara sendet \u2013 Pr\u00e4sident von Burkina &hellip; <a href=\"http:\/\/www.augen-blicke-afrika.de\/blog\/archiv\/archiv-2015\/filme-2015\/twaaga\/\">Weiterlesen <span class=\"meta-nav\">&rarr;<\/span><\/a><\/p>\n","protected":false},"author":3,"featured_media":0,"parent":2076,"menu_order":0,"comment_status":"closed","ping_status":"closed","template":"afrika2015_oh.php","meta":{"footnotes":""},"class_list":["post-2223","page","type-page","status-publish","hentry"],"_links":{"self":[{"href":"http:\/\/www.augen-blicke-afrika.de\/blog\/wp-json\/wp\/v2\/pages\/2223","targetHints":{"allow":["GET"]}}],"collection":[{"href":"http:\/\/www.augen-blicke-afrika.de\/blog\/wp-json\/wp\/v2\/pages"}],"about":[{"href":"http:\/\/www.augen-blicke-afrika.de\/blog\/wp-json\/wp\/v2\/types\/page"}],"author":[{"embeddable":true,"href":"http:\/\/www.augen-blicke-afrika.de\/blog\/wp-json\/wp\/v2\/users\/3"}],"replies":[{"embeddable":true,"href":"http:\/\/www.augen-blicke-afrika.de\/blog\/wp-json\/wp\/v2\/comments?post=2223"}],"version-history":[{"count":4,"href":"http:\/\/www.augen-blicke-afrika.de\/blog\/wp-json\/wp\/v2\/pages\/2223\/revisions"}],"predecessor-version":[{"id":2763,"href":"http:\/\/www.augen-blicke-afrika.de\/blog\/wp-json\/wp\/v2\/pages\/2223\/revisions\/2763"}],"up":[{"embeddable":true,"href":"http:\/\/www.augen-blicke-afrika.de\/blog\/wp-json\/wp\/v2\/pages\/2076"}],"wp:attachment":[{"href":"http:\/\/www.augen-blicke-afrika.de\/blog\/wp-json\/wp\/v2\/media?parent=2223"}],"curies":[{"name":"wp","href":"https:\/\/api.w.org\/{rel}","templated":true}]}}

<table style="height: 356px;" width="756">
<thead>
<tr>
<td>
<h1>Twaaga</h1>
<h3>Burkina Faso 2013, R.: CÉdric Ido, 30 Min., OF, engl. UT</h3>
</td>
</tr>
</thead>
<tbody>
<tr>
<td>Manu ist ein aufgeweckter achtjähriger Junge, immer neugierig und fasziniert von Comics wie Spider-Man. Während das Radio die revolutionären Reden von Thomas Sankara sendet – Präsident von Burkina Faso von 1983 bis zu seiner Ermordung 1987 -, verliert sich Manu in seiner Fantasy-Welt, fühlt sich selbst als Superheld und unheimlich stark. Aber die Realität ist eine andere.</td>
</tr>
<tr>
<td style="border-bottom: none;"><strong>Cédric Ido</strong>, geb. 1980 in Paris, ist ein Allround-Künstler aus Burkina Faso. Er arbeitet als Drehbuchautor, Regisseur, Schauspieler, Musiker und Zeichner.</td>
</tr>
</tbody>
</table>
<p>&nbsp;</p>

<p>Twaaga Burkina Faso 2013, R.: CÉdric Ido, 30 Min., OF, engl. UT Manu ist ein aufgeweckter achtjähriger Junge, immer neugierig und fasziniert von Comics wie Spider-Man. Während das Radio die revolutionären Reden von Thomas Sankara sendet – Präsident von Burkina &hellip; <a href="http://www.augen-blicke-afrika.de/blog/archiv/archiv-2015/filme-2015/twaaga/">Weiterlesen <span class="meta-nav">&rarr;</span></a></p>
