{"id":2216,"date":"2015-09-23T16:35:44","date_gmt":"2015-09-23T14:35:44","guid":{"rendered":"http:\/\/www.augen-blicke-afrika.de\/blog\/?page_id=2216"},"modified":"2018-10-10T13:12:17","modified_gmt":"2018-10-10T11:12:17","slug":"boy-saloum","status":"publish","type":"page","link":"http:\/\/www.augen-blicke-afrika.de\/blog\/archiv\/archiv-2015\/filme-2015\/boy-saloum\/","title":{"rendered":"Boy Saloum"},"content":{"rendered":"<table style=\"height: 356px;\" width=\"756\">\n<thead>\n<tr>\n<td>\n<p class=\"hide-if-no-js\"><a href=\"http:\/\/www.augen-blicke-afrika.de\/blog\/wp-content\/uploads\/2015\/09\/boy-saloum.jpg\"><img loading=\"lazy\" decoding=\"async\" class=\"alignnone size-full wp-image-2197\" src=\"http:\/\/www.augen-blicke-afrika.de\/blog\/wp-content\/uploads\/2015\/09\/boy-saloum.jpg\" alt=\"boy-saloum\" width=\"500\" height=\"278\" srcset=\"http:\/\/www.augen-blicke-afrika.de\/blog\/wp-content\/uploads\/2015\/09\/boy-saloum.jpg 500w, http:\/\/www.augen-blicke-afrika.de\/blog\/wp-content\/uploads\/2015\/09\/boy-saloum-300x167.jpg 300w\" sizes=\"auto, (max-width: 500px) 100vw, 500px\" \/><\/a><\/p>\n<h1>Boy Saloum<\/h1>\n<h3>Dokumentarfilm, Senegal \/ Frankreich 2013, R.: Audrey Gallet,<br \/>\nOF frz. \/ Wolof, engl. UT, 74 Min.<\/h3>\n<\/td>\n<\/tr>\n<\/thead>\n<tbody>\n<tr>\n<td>Sie sind jung und sie haben die \u201eSchnauze voll\u201c von korrupten Regierungen, von Massenarbeitslosigkeit und prek\u00e4ren Jobs. Entt\u00e4uscht dar\u00fcber, dass die Regierenden im Senegal ihre Versprechen auf Verbesserung der Lebensumst\u00e4nde speziell f\u00fcr Jugendliche nicht einhalten, beschlie\u00dfen Thiat und Kilifeu, ihrer Wut mittels Musik Ausdruck zu verleihen. 1996, zum Zeitpunkt studentischer Revolten im Senegal, gr\u00fcnden sie die Hip Hop Gruppe \u201eKeurgui\u201c und fangen an, den politischen Widerstand und zivilen Ungehorsam der Jugend zu organisieren. 2011 sind die Rapper Mitbegr\u00fcnder der sozialen Bewegung \u201eY&#8217;en a marre\u201d &#8211; \u201eJetzt reicht&#8217;s!\u201d. Einige Monate sp\u00e4ter hat sich eine breite zivilgesellschaftliche und popul\u00e4re Front gebildet, die zur Abwahl von Pr\u00e4sident Wade f\u00fchrt. Die Rapper Thiat und Kilifeu sind ein Symbol f\u00fcr eine neue afrikanische Jugend, die sich einmischt, die kulturelle und politische Ver\u00e4nderungen einfordert.<\/td>\n<\/tr>\n<tr>\n<td style=\"border-bottom: none;\">\n<p class=\"hide-if-no-js\"><a href=\"http:\/\/www.augen-blicke-afrika.de\/blog\/wp-content\/uploads\/2015\/09\/boy-saloum_poster.jpg\"><img loading=\"lazy\" decoding=\"async\" class=\"size-full wp-image-2196 alignleft\" src=\"http:\/\/www.augen-blicke-afrika.de\/blog\/wp-content\/uploads\/2015\/09\/boy-saloum_poster.jpg\" alt=\"boy-saloum_poster\" width=\"117\" height=\"175\" \/><\/a><\/p>\n<p>Audrey Gallet ist eine preisgekr\u00f6nte franz\u00f6sische Regisseurin und Produzentin. Gallet arbeitete zun\u00e4chst mehrere Jahre f\u00fcr France T\u00e9l\u00e9visions als Cutterin und Kamerafrau, dann an der Seite des franz\u00f6sischen Regisseurs Jean-Robert Viallet. F\u00fcr ihren Dokumentarfilm \u201eZambia, Good Copper, Bad Copper\u201d erhielt sie 2012 den Albert Londres Preis. Heute leitet sie gemeinsam mit Denise Safiatou Sow die Produktionsfirma Selebeyone SARL in Dakar.<\/td>\n<\/tr>\n<\/tbody>\n<\/table>\n<p>Schwerpunkt: Jugend- und Protestbewegungen in Senegal und Burkina Faso<\/p>\n<h6><a href=\"http:\/\/www.augen-blicke-afrika.de\/blog\/wp-content\/uploads\/2014\/10\/LogoRLSHamburg.jpg\"><img loading=\"lazy\" decoding=\"async\" class=\"wp-image-1502 alignnone\" style=\"border: none; padding: 0px;\" src=\"http:\/\/www.augen-blicke-afrika.de\/blog\/wp-content\/uploads\/2014\/10\/LogoRLSHamburg.jpg\" alt=\"LogoRLSHamburg\" width=\"45\" height=\"45\" \/><br \/>\n<\/a><br \/>\nIn Kooperation mit der Rosa Luxemburg Stiftung Hamburg<\/h6>\n<p>&nbsp;<\/p>\n<p>&nbsp;<\/p>\n","protected":false},"excerpt":{"rendered":"<p>Boy Saloum Dokumentarfilm, Senegal \/ Frankreich 2013, R.: Audrey Gallet, OF frz. \/ Wolof, engl. UT, 74 Min. Sie sind jung und sie haben die \u201eSchnauze voll\u201c von korrupten Regierungen, von Massenarbeitslosigkeit und prek\u00e4ren Jobs. Entt\u00e4uscht dar\u00fcber, dass die Regierenden &hellip; <a href=\"http:\/\/www.augen-blicke-afrika.de\/blog\/archiv\/archiv-2015\/filme-2015\/boy-saloum\/\">Weiterlesen <span class=\"meta-nav\">&rarr;<\/span><\/a><\/p>\n","protected":false},"author":3,"featured_media":0,"parent":2076,"menu_order":0,"comment_status":"closed","ping_status":"closed","template":"afrika2015_oh.php","meta":{"footnotes":""},"class_list":["post-2216","page","type-page","status-publish","hentry"],"_links":{"self":[{"href":"http:\/\/www.augen-blicke-afrika.de\/blog\/wp-json\/wp\/v2\/pages\/2216","targetHints":{"allow":["GET"]}}],"collection":[{"href":"http:\/\/www.augen-blicke-afrika.de\/blog\/wp-json\/wp\/v2\/pages"}],"about":[{"href":"http:\/\/www.augen-blicke-afrika.de\/blog\/wp-json\/wp\/v2\/types\/page"}],"author":[{"embeddable":true,"href":"http:\/\/www.augen-blicke-afrika.de\/blog\/wp-json\/wp\/v2\/users\/3"}],"replies":[{"embeddable":true,"href":"http:\/\/www.augen-blicke-afrika.de\/blog\/wp-json\/wp\/v2\/comments?post=2216"}],"version-history":[{"count":10,"href":"http:\/\/www.augen-blicke-afrika.de\/blog\/wp-json\/wp\/v2\/pages\/2216\/revisions"}],"predecessor-version":[{"id":2812,"href":"http:\/\/www.augen-blicke-afrika.de\/blog\/wp-json\/wp\/v2\/pages\/2216\/revisions\/2812"}],"up":[{"embeddable":true,"href":"http:\/\/www.augen-blicke-afrika.de\/blog\/wp-json\/wp\/v2\/pages\/2076"}],"wp:attachment":[{"href":"http:\/\/www.augen-blicke-afrika.de\/blog\/wp-json\/wp\/v2\/media?parent=2216"}],"curies":[{"name":"wp","href":"https:\/\/api.w.org\/{rel}","templated":true}]}}

<table style="height: 356px;" width="756">
<thead>
<tr>
<td>
<p class="hide-if-no-js"><a href="http://www.augen-blicke-afrika.de/blog/wp-content/uploads/2015/09/boy-saloum.jpg"><img loading="lazy" decoding="async" class="alignnone size-full wp-image-2197" src="http://www.augen-blicke-afrika.de/blog/wp-content/uploads/2015/09/boy-saloum.jpg" alt="boy-saloum" width="500" height="278" srcset="http://www.augen-blicke-afrika.de/blog/wp-content/uploads/2015/09/boy-saloum.jpg 500w, http://www.augen-blicke-afrika.de/blog/wp-content/uploads/2015/09/boy-saloum-300x167.jpg 300w" sizes="auto, (max-width: 500px) 100vw, 500px" /></a></p>
<h1>Boy Saloum</h1>
<h3>Dokumentarfilm, Senegal / Frankreich 2013, R.: Audrey Gallet,<br />
OF frz. / Wolof, engl. UT, 74 Min.</h3>
</td>
</tr>
</thead>
<tbody>
<tr>
<td>Sie sind jung und sie haben die „Schnauze voll“ von korrupten Regierungen, von Massenarbeitslosigkeit und prekären Jobs. Enttäuscht darüber, dass die Regierenden im Senegal ihre Versprechen auf Verbesserung der Lebensumstände speziell für Jugendliche nicht einhalten, beschließen Thiat und Kilifeu, ihrer Wut mittels Musik Ausdruck zu verleihen. 1996, zum Zeitpunkt studentischer Revolten im Senegal, gründen sie die Hip Hop Gruppe „Keurgui“ und fangen an, den politischen Widerstand und zivilen Ungehorsam der Jugend zu organisieren. 2011 sind die Rapper Mitbegründer der sozialen Bewegung „Y&#8217;en a marre” &#8211; „Jetzt reicht&#8217;s!”. Einige Monate später hat sich eine breite zivilgesellschaftliche und populäre Front gebildet, die zur Abwahl von Präsident Wade führt. Die Rapper Thiat und Kilifeu sind ein Symbol für eine neue afrikanische Jugend, die sich einmischt, die kulturelle und politische Veränderungen einfordert.</td>
</tr>
<tr>
<td style="border-bottom: none;">
<p class="hide-if-no-js"><a href="http://www.augen-blicke-afrika.de/blog/wp-content/uploads/2015/09/boy-saloum_poster.jpg"><img loading="lazy" decoding="async" class="size-full wp-image-2196 alignleft" src="http://www.augen-blicke-afrika.de/blog/wp-content/uploads/2015/09/boy-saloum_poster.jpg" alt="boy-saloum_poster" width="117" height="175" /></a></p>
<p>Audrey Gallet ist eine preisgekrönte französische Regisseurin und Produzentin. Gallet arbeitete zunächst mehrere Jahre für France Télévisions als Cutterin und Kamerafrau, dann an der Seite des französischen Regisseurs Jean-Robert Viallet. Für ihren Dokumentarfilm „Zambia, Good Copper, Bad Copper” erhielt sie 2012 den Albert Londres Preis. Heute leitet sie gemeinsam mit Denise Safiatou Sow die Produktionsfirma Selebeyone SARL in Dakar.</td>
</tr>
</tbody>
</table>
<p>Schwerpunkt: Jugend- und Protestbewegungen in Senegal und Burkina Faso</p>
<h6><a href="http://www.augen-blicke-afrika.de/blog/wp-content/uploads/2014/10/LogoRLSHamburg.jpg"><img loading="lazy" decoding="async" class="wp-image-1502 alignnone" style="border: none; padding: 0px;" src="http://www.augen-blicke-afrika.de/blog/wp-content/uploads/2014/10/LogoRLSHamburg.jpg" alt="LogoRLSHamburg" width="45" height="45" /><br />
</a><br />
In Kooperation mit der Rosa Luxemburg Stiftung Hamburg</h6>
<p>&nbsp;</p>
<p>&nbsp;</p>

<p>Boy Saloum Dokumentarfilm, Senegal / Frankreich 2013, R.: Audrey Gallet, OF frz. / Wolof, engl. UT, 74 Min. Sie sind jung und sie haben die „Schnauze voll“ von korrupten Regierungen, von Massenarbeitslosigkeit und prekären Jobs. Enttäuscht darüber, dass die Regierenden &hellip; <a href="http://www.augen-blicke-afrika.de/blog/archiv/archiv-2015/filme-2015/boy-saloum/">Weiterlesen <span class="meta-nav">&rarr;</span></a></p>
