{"id":2056,"date":"2015-07-10T18:01:42","date_gmt":"2015-07-10T16:01:42","guid":{"rendered":"http:\/\/www.augen-blicke-afrika.de\/blog\/?page_id=2056"},"modified":"2018-10-10T14:18:35","modified_gmt":"2018-10-10T12:18:35","slug":"2015-2","status":"publish","type":"page","link":"http:\/\/www.augen-blicke-afrika.de\/blog\/archiv\/archiv-2016\/2015-2\/","title":{"rendered":"Augen Blicke Afrika 2016"},"content":{"rendered":"<div id=\"attachment_2983\" style=\"width: 310px\" class=\"wp-caption alignright\"><a href=\"http:\/\/www.augen-blicke-afrika.de\/blog\/wp-content\/uploads\/2015\/07\/afrika-bild1.jpg\"><img loading=\"lazy\" decoding=\"async\" aria-describedby=\"caption-attachment-2983\" class=\"size-medium wp-image-2983\" src=\"http:\/\/www.augen-blicke-afrika.de\/blog\/wp-content\/uploads\/2015\/07\/afrika-bild1-300x162.jpg\" alt=\"A peine j'ouvre les Yeux - Kaum \u00f6ffne ich die Augen\" width=\"300\" height=\"162\" srcset=\"http:\/\/www.augen-blicke-afrika.de\/blog\/wp-content\/uploads\/2015\/07\/afrika-bild1-300x162.jpg 300w, http:\/\/www.augen-blicke-afrika.de\/blog\/wp-content\/uploads\/2015\/07\/afrika-bild1-1024x554.jpg 1024w, http:\/\/www.augen-blicke-afrika.de\/blog\/wp-content\/uploads\/2015\/07\/afrika-bild1-500x270.jpg 500w, http:\/\/www.augen-blicke-afrika.de\/blog\/wp-content\/uploads\/2015\/07\/afrika-bild1-900x487.jpg 900w, http:\/\/www.augen-blicke-afrika.de\/blog\/wp-content\/uploads\/2015\/07\/afrika-bild1.jpg 1280w\" sizes=\"auto, (max-width: 300px) 100vw, 300px\" \/><\/a><p id=\"caption-attachment-2983\" class=\"wp-caption-text\"><em>A peine j&#8217;ouvre les Yeux &#8211; Kaum \u00f6ffne ich die Augen<\/em><\/p><\/div>\n<p><span style=\"font-size: small;\">Liebe Freunde und Freundinnen des afrikanischen Films, <\/span><\/p>\n<p><span style=\"font-size: small;\">dies ist nun schon das f\u00fcnfte afrikanische Filmfestival, das wir im Studio-Kino Hamburg veranstalten. Das Interesse war von Anfang an sehr gro\u00df und die Zuschauerzahl ist j\u00e4hrlich gestiegen. Wir haben neue Filmproduktionen aus vielen afrikanischen L\u00e4ndern von Nord nach S\u00fcd und von West nach Ost gezeigt. Unser inhaltliches Spektrum reichte von Filmen \u00fcber aktuelle politische Auseinandersetzungen, neue soziale Bewegungen und gesellschaftlichen Wandel.<\/span><\/p>\n<p><span style=\"font-size: small;\">In diesem Jahr liegt der Schwerpunkt <\/span><span style=\"color: #000000;\"><span style=\"font-size: small;\">bei \u201eFrauen im afrikanischen Kino\u201c<\/span><\/span><span style=\"font-size: small;\">. Mit einer vielseitigen Auswahl aktueller Spiel-, Dokumentar- und Kurzfilme wollen wir den k\u00fcnstlerischen Aufbruch und Ausdruck von Regisseurinnen vorstellen. <\/span><\/p>\n<p><span style=\"font-size: small;\">Bei der Vorbereitung wurden wir tatkr\u00e4ftig vom Verein <a href=\"http:\/\/www.filme-aus-afrika.de\/DE\/home\/\">FilmInitiativ K\u00f6ln e.V<\/a>. unterst\u00fctzt. Im Rahmen des von der Kulturstiftung des Bundes gef\u00f6rderten Projekts &#8220;SISTERS IN AFRICAN CINEMA&#8221; wurde dort eine Auswahl von Filmen durch afrikanische Regisseurinnen kuratiert. Diese konnten mit Hilfe der F\u00f6rderung deutsch untertitelt werden.<br \/>\n<\/span><\/p>\n<p><span style=\"font-size: small;\">Im Zentrum der Filme stehen das Aufbegehren gegen traditionelle Rollenzuschreibungen und \u00fcberkommene Gesetzgebungen wie beispielsweise die \u00dcberlebensstrategien von Frauen, die Versuche, das Leben nach den eigenen \u00dcberzeugungen zu gestalten oder auch der Kampf gegen Vergewaltigung und Missbrauch.<\/span><\/p>\n<p><span style=\"font-size: small;\">Im afrikanischen Kino stehen immer mehr Frauen nicht nur vor, sondern auch hinter der Kamera. Welche Themen greifen sie auf und wie werden sie filmisch umgesetzt? Diese spannenden Fragestellungen bestimmen unsere Filmauswahl. Dazu haben wir Filmemacherinnen aus verschiedenen L\u00e4ndern Afrikas zur Begegnung, zum Dialog und zur Diskussion eingeladen.<\/span><\/p>\n<p><span style=\"font-size: small;\">Au\u00dferdem zeigen wir Filme zur Geschichte und Situation im Kongo, zum Thema Hexerei und zum sozialen Wandel in der Stadt und auf dem Land. Filme \u00fcber Musik und K\u00fcnstler\/innen Afrikas sowie weitere aktuelle Filmproduktionen d\u00fcrfen nat\u00fcrlich nicht fehlen.<\/span><\/p>\n<p><span style=\"font-size: small;\">Mit afrikanischen Snacks und Musik werden wir das Festival wieder im Foyer des Studio-Kinos er\u00f6ffnen und am letzten Samstag bei ausgew\u00e4hlter afrikanischer Musik und Tanz den Ausklang<\/span><span style=\"color: #000000;\"><span style=\"font-size: small;\"> des Festivals feiern.<\/span><\/span><\/p>\n<p><i>Die Filme wurden von <a href=\"http:\/\/www.filme-aus-afrika.de\/DE\/home\/\">FilmInitiativ K\u00f6ln e.V.<\/a> f\u00fcr den Fokus \u201eSisters in African Cinema\u201c des 14. K\u00f6lner Afrika Film Festival ausgew\u00e4hlt und mit F\u00f6rdergeldern der Kulturstiftung des Bundes deutsch untertitelt. <\/i><\/p>\n<div id=\"attachment_3231\" style=\"width: 310px\" class=\"wp-caption alignnone\"><a href=\"http:\/\/www.augen-blicke-afrika.de\/blog\/wp-content\/uploads\/2015\/07\/AFRIKA.jpg\"><img loading=\"lazy\" decoding=\"async\" aria-describedby=\"caption-attachment-3231\" class=\"size-medium wp-image-3231\" src=\"http:\/\/www.augen-blicke-afrika.de\/blog\/wp-content\/uploads\/2015\/07\/AFRIKA-300x225.jpg\" alt=\"Die Vorbereitungsgruppe \u201eAugen Blicke Afrika\u201c Ingrid \u00adWernich, Hans-J\u00f6rg Heinrich, Burkhard Leber, Erik Schween. Nicht im Bild: Markus Hilla\" width=\"300\" height=\"225\" srcset=\"http:\/\/www.augen-blicke-afrika.de\/blog\/wp-content\/uploads\/2015\/07\/AFRIKA-300x225.jpg 300w, http:\/\/www.augen-blicke-afrika.de\/blog\/wp-content\/uploads\/2015\/07\/AFRIKA.jpg 320w\" sizes=\"auto, (max-width: 300px) 100vw, 300px\" \/><\/a><p id=\"caption-attachment-3231\" class=\"wp-caption-text\">Die Vorbereitungsgruppe<br \/>\u201eAugen Blicke Afrika\u201c<br \/>Ingrid \u00adWernich, Hans-J\u00f6rg Heinrich, Burkhard Leber, Erik Schween.<br \/>Nicht im Bild: Markus Hilla<\/p><\/div>\n<h1>PROLOGUE<\/h1>\n<p>Dear friends of African film,<\/p>\n<p>This is already the fifth African film festival that we are organizing at the Studio theater in Hamburg. There was great interest from the beginning and the number of spectators has increased each year. We have shown new productions from many African countries. Topics have included current political conflicts, new social movements, and social change. This year our focus is on \u201cWomen in African Cinema.\u201d Through a wide variety of current feature films, documentaries, and shorts we want to present the artistic awakening and expression of female directors.<\/p>\n<p>Our preparations were actively supported by FilmInitiativ Cologne e.V. As part of the project \u201cSISTERS IN AFRICAN CINEMA,\u201d funded by the Federal Cultural Foundation, an assortment of films was curated by African women directors. Thanks to the financial support these films could be subtitled in German.<\/p>\n<p>The films focus on the revolt against the attribution of traditional roles and legislation, for example the survival strategies of women, their attempts to shape their lives according to their own convictions or the struggle against rape and abuse.<\/p>\n<p>In African film, more and more women do not only act in front of the camera but also stand behind it. Which topics do they pick up and how are they turned into films? These fascinating questions have guided our selection of films. We have invited women directors from different African countries for encounters, dialogues, and discussions.<\/p>\n<p>In addition we are screening films on the history and current situation of Congo, on witchcraft and on social change in the city and the countryside. Films on African music and artists as well as current productions complete our program.<\/p>\n<p>Again we are opening the festival with African snacks and music in the foyer of the Studio theater, and on the last Saturday of the festival we are celebrating its conclusion with a selection of African music.<\/p>\n<p>The organizing team<\/p>\n<p>\u201e<em>Augen Blicke Afrika<\/em>\u201c<\/p>\n<p>The focus \u201cSisters in African Cinema\u201d of the 14<sup>th<\/sup> Africa Film Festival (September, 15-25) in Cologne as well as sequels in sixteen German cities were funded by the Federal Cultural Foundation.<\/p>\n<p>&nbsp;<\/p>\n","protected":false},"excerpt":{"rendered":"<p>Liebe Freunde und Freundinnen des afrikanischen Films, dies ist nun schon das f\u00fcnfte afrikanische Filmfestival, das wir im Studio-Kino Hamburg veranstalten. Das Interesse war von Anfang an sehr gro\u00df und die Zuschauerzahl ist j\u00e4hrlich gestiegen. Wir haben neue Filmproduktionen aus &hellip; <a href=\"http:\/\/www.augen-blicke-afrika.de\/blog\/archiv\/archiv-2016\/2015-2\/\">Weiterlesen <span class=\"meta-nav\">&rarr;<\/span><\/a><\/p>\n","protected":false},"author":3,"featured_media":0,"parent":3336,"menu_order":0,"comment_status":"closed","ping_status":"closed","template":"afrika2016.php","meta":{"footnotes":""},"class_list":["post-2056","page","type-page","status-publish","hentry"],"_links":{"self":[{"href":"http:\/\/www.augen-blicke-afrika.de\/blog\/wp-json\/wp\/v2\/pages\/2056","targetHints":{"allow":["GET"]}}],"collection":[{"href":"http:\/\/www.augen-blicke-afrika.de\/blog\/wp-json\/wp\/v2\/pages"}],"about":[{"href":"http:\/\/www.augen-blicke-afrika.de\/blog\/wp-json\/wp\/v2\/types\/page"}],"author":[{"embeddable":true,"href":"http:\/\/www.augen-blicke-afrika.de\/blog\/wp-json\/wp\/v2\/users\/3"}],"replies":[{"embeddable":true,"href":"http:\/\/www.augen-blicke-afrika.de\/blog\/wp-json\/wp\/v2\/comments?post=2056"}],"version-history":[{"count":27,"href":"http:\/\/www.augen-blicke-afrika.de\/blog\/wp-json\/wp\/v2\/pages\/2056\/revisions"}],"predecessor-version":[{"id":3281,"href":"http:\/\/www.augen-blicke-afrika.de\/blog\/wp-json\/wp\/v2\/pages\/2056\/revisions\/3281"}],"up":[{"embeddable":true,"href":"http:\/\/www.augen-blicke-afrika.de\/blog\/wp-json\/wp\/v2\/pages\/3336"}],"wp:attachment":[{"href":"http:\/\/www.augen-blicke-afrika.de\/blog\/wp-json\/wp\/v2\/media?parent=2056"}],"curies":[{"name":"wp","href":"https:\/\/api.w.org\/{rel}","templated":true}]}}

<div id="attachment_2983" style="width: 310px" class="wp-caption alignright"><a href="http://www.augen-blicke-afrika.de/blog/wp-content/uploads/2015/07/afrika-bild1.jpg"><img loading="lazy" decoding="async" aria-describedby="caption-attachment-2983" class="size-medium wp-image-2983" src="http://www.augen-blicke-afrika.de/blog/wp-content/uploads/2015/07/afrika-bild1-300x162.jpg" alt="A peine j'ouvre les Yeux - Kaum öffne ich die Augen" width="300" height="162" srcset="http://www.augen-blicke-afrika.de/blog/wp-content/uploads/2015/07/afrika-bild1-300x162.jpg 300w, http://www.augen-blicke-afrika.de/blog/wp-content/uploads/2015/07/afrika-bild1-1024x554.jpg 1024w, http://www.augen-blicke-afrika.de/blog/wp-content/uploads/2015/07/afrika-bild1-500x270.jpg 500w, http://www.augen-blicke-afrika.de/blog/wp-content/uploads/2015/07/afrika-bild1-900x487.jpg 900w, http://www.augen-blicke-afrika.de/blog/wp-content/uploads/2015/07/afrika-bild1.jpg 1280w" sizes="auto, (max-width: 300px) 100vw, 300px" /></a><p id="caption-attachment-2983" class="wp-caption-text"><em>A peine j&#8217;ouvre les Yeux &#8211; Kaum öffne ich die Augen</em></p></div>
<p><span style="font-size: small;">Liebe Freunde und Freundinnen des afrikanischen Films, </span></p>
<p><span style="font-size: small;">dies ist nun schon das fünfte afrikanische Filmfestival, das wir im Studio-Kino Hamburg veranstalten. Das Interesse war von Anfang an sehr groß und die Zuschauerzahl ist jährlich gestiegen. Wir haben neue Filmproduktionen aus vielen afrikanischen Ländern von Nord nach Süd und von West nach Ost gezeigt. Unser inhaltliches Spektrum reichte von Filmen über aktuelle politische Auseinandersetzungen, neue soziale Bewegungen und gesellschaftlichen Wandel.</span></p>
<p><span style="font-size: small;">In diesem Jahr liegt der Schwerpunkt </span><span style="color: #000000;"><span style="font-size: small;">bei „Frauen im afrikanischen Kino“</span></span><span style="font-size: small;">. Mit einer vielseitigen Auswahl aktueller Spiel-, Dokumentar- und Kurzfilme wollen wir den künstlerischen Aufbruch und Ausdruck von Regisseurinnen vorstellen. </span></p>
<p><span style="font-size: small;">Bei der Vorbereitung wurden wir tatkräftig vom Verein <a href="http://www.filme-aus-afrika.de/DE/home/">FilmInitiativ Köln e.V</a>. unterstützt. Im Rahmen des von der Kulturstiftung des Bundes geförderten Projekts &#8220;SISTERS IN AFRICAN CINEMA&#8221; wurde dort eine Auswahl von Filmen durch afrikanische Regisseurinnen kuratiert. Diese konnten mit Hilfe der Förderung deutsch untertitelt werden.<br />
</span></p>
<p><span style="font-size: small;">Im Zentrum der Filme stehen das Aufbegehren gegen traditionelle Rollenzuschreibungen und überkommene Gesetzgebungen wie beispielsweise die Überlebensstrategien von Frauen, die Versuche, das Leben nach den eigenen Überzeugungen zu gestalten oder auch der Kampf gegen Vergewaltigung und Missbrauch.</span></p>
<p><span style="font-size: small;">Im afrikanischen Kino stehen immer mehr Frauen nicht nur vor, sondern auch hinter der Kamera. Welche Themen greifen sie auf und wie werden sie filmisch umgesetzt? Diese spannenden Fragestellungen bestimmen unsere Filmauswahl. Dazu haben wir Filmemacherinnen aus verschiedenen Ländern Afrikas zur Begegnung, zum Dialog und zur Diskussion eingeladen.</span></p>
<p><span style="font-size: small;">Außerdem zeigen wir Filme zur Geschichte und Situation im Kongo, zum Thema Hexerei und zum sozialen Wandel in der Stadt und auf dem Land. Filme über Musik und Künstler/innen Afrikas sowie weitere aktuelle Filmproduktionen dürfen natürlich nicht fehlen.</span></p>
<p><span style="font-size: small;">Mit afrikanischen Snacks und Musik werden wir das Festival wieder im Foyer des Studio-Kinos eröffnen und am letzten Samstag bei ausgewählter afrikanischer Musik und Tanz den Ausklang</span><span style="color: #000000;"><span style="font-size: small;"> des Festivals feiern.</span></span></p>
<p><i>Die Filme wurden von <a href="http://www.filme-aus-afrika.de/DE/home/">FilmInitiativ Köln e.V.</a> für den Fokus „Sisters in African Cinema“ des 14. Kölner Afrika Film Festival ausgewählt und mit Fördergeldern der Kulturstiftung des Bundes deutsch untertitelt. </i></p>
<div id="attachment_3231" style="width: 310px" class="wp-caption alignnone"><a href="http://www.augen-blicke-afrika.de/blog/wp-content/uploads/2015/07/AFRIKA.jpg"><img loading="lazy" decoding="async" aria-describedby="caption-attachment-3231" class="size-medium wp-image-3231" src="http://www.augen-blicke-afrika.de/blog/wp-content/uploads/2015/07/AFRIKA-300x225.jpg" alt="Die Vorbereitungsgruppe „Augen Blicke Afrika“ Ingrid ­Wernich, Hans-Jörg Heinrich, Burkhard Leber, Erik Schween. Nicht im Bild: Markus Hilla" width="300" height="225" srcset="http://www.augen-blicke-afrika.de/blog/wp-content/uploads/2015/07/AFRIKA-300x225.jpg 300w, http://www.augen-blicke-afrika.de/blog/wp-content/uploads/2015/07/AFRIKA.jpg 320w" sizes="auto, (max-width: 300px) 100vw, 300px" /></a><p id="caption-attachment-3231" class="wp-caption-text">Die Vorbereitungsgruppe<br />„Augen Blicke Afrika“<br />Ingrid ­Wernich, Hans-Jörg Heinrich, Burkhard Leber, Erik Schween.<br />Nicht im Bild: Markus Hilla</p></div>
<h1>PROLOGUE</h1>
<p>Dear friends of African film,</p>
<p>This is already the fifth African film festival that we are organizing at the Studio theater in Hamburg. There was great interest from the beginning and the number of spectators has increased each year. We have shown new productions from many African countries. Topics have included current political conflicts, new social movements, and social change. This year our focus is on “Women in African Cinema.” Through a wide variety of current feature films, documentaries, and shorts we want to present the artistic awakening and expression of female directors.</p>
<p>Our preparations were actively supported by FilmInitiativ Cologne e.V. As part of the project “SISTERS IN AFRICAN CINEMA,” funded by the Federal Cultural Foundation, an assortment of films was curated by African women directors. Thanks to the financial support these films could be subtitled in German.</p>
<p>The films focus on the revolt against the attribution of traditional roles and legislation, for example the survival strategies of women, their attempts to shape their lives according to their own convictions or the struggle against rape and abuse.</p>
<p>In African film, more and more women do not only act in front of the camera but also stand behind it. Which topics do they pick up and how are they turned into films? These fascinating questions have guided our selection of films. We have invited women directors from different African countries for encounters, dialogues, and discussions.</p>
<p>In addition we are screening films on the history and current situation of Congo, on witchcraft and on social change in the city and the countryside. Films on African music and artists as well as current productions complete our program.</p>
<p>Again we are opening the festival with African snacks and music in the foyer of the Studio theater, and on the last Saturday of the festival we are celebrating its conclusion with a selection of African music.</p>
<p>The organizing team</p>
<p>„<em>Augen Blicke Afrika</em>“</p>
<p>The focus “Sisters in African Cinema” of the 14<sup>th</sup> Africa Film Festival (September, 15-25) in Cologne as well as sequels in sixteen German cities were funded by the Federal Cultural Foundation.</p>
<p>&nbsp;</p>

<p>Liebe Freunde und Freundinnen des afrikanischen Films, dies ist nun schon das fünfte afrikanische Filmfestival, das wir im Studio-Kino Hamburg veranstalten. Das Interesse war von Anfang an sehr groß und die Zuschauerzahl ist jährlich gestiegen. Wir haben neue Filmproduktionen aus &hellip; <a href="http://www.augen-blicke-afrika.de/blog/archiv/archiv-2016/2015-2/">Weiterlesen <span class="meta-nav">&rarr;</span></a></p>
