{"id":198,"date":"2012-09-13T14:07:27","date_gmt":"2012-09-13T12:07:27","guid":{"rendered":"http:\/\/www.augen-blicke-afrika.de\/blog\/?page_id=198"},"modified":"2022-09-18T15:44:18","modified_gmt":"2022-09-18T13:44:18","slug":"benda","status":"publish","type":"page","link":"http:\/\/www.augen-blicke-afrika.de\/blog\/archiv\/archiv-2012\/filme\/benda\/","title":{"rendered":"Benda Bilili!"},"content":{"rendered":"<h2><a href=\"#francais\"><img loading=\"lazy\" decoding=\"async\" class=\"alignright  wp-image-576\" style=\"border: 0px none; margin: 0px;\" title=\"version francaise\" src=\"http:\/\/www.augen-blicke-afrika.de\/blog\/wp-content\/uploads\/2012\/09\/france-schrift.gif\" alt=\"franz\u00f6sische Fahne\" width=\"60\" height=\"34\"><\/a><\/h2>\n<h2>Benda Bilili!<\/h2>\n<p><em>(Dokumentarfilm, Dem. Rep. Kongo \/ Frankreich 2010, R: Renaud Barret, Florent de La Tullaye, 84 Min. <em><em>Original mit deutschen Untertiteln<\/em><\/em>)<\/em><\/p>\n<p><strong>Bei der Vorstellung am 21.10. ist Stefanie K\u00f6nnecke vom Verein Leben mit Behinderung f\u00fcr Fragen und Diskussion anwesend.<\/strong><\/p>\n<p><a href=\"http:\/\/www.augen-blicke-afrika.de\/blog\/wp-content\/uploads\/2012\/09\/benda-filmplakat1.jpg\"><img loading=\"lazy\" decoding=\"async\" class=\"alignleft size-full wp-image-202\" title=\"Benda Bilili!\" src=\"http:\/\/www.augen-blicke-afrika.de\/blog\/wp-content\/uploads\/2012\/09\/benda-filmplakat1.jpg\" alt=\"Benda Bilili!\" width=\"200\" height=\"140\"><\/a>Auf den Stra\u00dfen von Kinshasa leben die Musiker der Band \u201eStaff Benda Bilili\u201c. Vier von ihnen sitzen in seltsamen Dreir\u00e4dern. Eines Tages st\u00f6\u00dft ein Junge zu ihnen. Der spielt auf einer Blechdosengitarre mit nur einer Saite. Aber wie! Doch das Haus, in dem einige von ihnen wohnen, brennt ab. Trotz schwerer Schicksalsschl\u00e4ge und zeitweiser Obdachlosigkeit ist der Wille der Band, aus dem Schattendasein herauszukommen, ungebrochen. Und auf einmal nimmt die Welt Notiz. \u201eStaff Benda Bilili\u201c gibt umjubelte Konzerte in ganz Europa.<\/p>\n<p>Der Film folgt der Band \u00fcber einen Zeitraum von f\u00fcnf Jahren. <em>\u201eBenda Bilili!\u201c <\/em>er\u00f6ffnete 2010 die Semaine in Cannes. Die Zeitung \u201eLib\u00e9ration\u201c urteilt: \u201eEin halluzinatorischer Film!\u201c<\/p>\n<p>Trailer des Films: <a title=\"Zum Trailer des Films &quot;Benda Bilili!&quot;\" href=\"http:\/\/tinyurl.com\/8hco8g4\" target=\"_blank\" rel=\"noopener\">http:\/\/tinyurl.com\/8hco8g4<\/a><\/p>\n<div id=\"attachment_204\" style=\"width: 510px\" class=\"wp-caption alignnone\"><a href=\"http:\/\/www.augen-blicke-afrika.de\/blog\/wp-content\/uploads\/2012\/09\/BendaBilili1.jpg\"><img loading=\"lazy\" decoding=\"async\" aria-describedby=\"caption-attachment-204\" class=\"size-full wp-image-204\" title=\"BendaBilili\" src=\"http:\/\/www.augen-blicke-afrika.de\/blog\/wp-content\/uploads\/2012\/09\/BendaBilili1.jpg\" alt=\"Benda Bilili!\" width=\"500\" height=\"375\" srcset=\"http:\/\/www.augen-blicke-afrika.de\/blog\/wp-content\/uploads\/2012\/09\/BendaBilili1.jpg 500w, http:\/\/www.augen-blicke-afrika.de\/blog\/wp-content\/uploads\/2012\/09\/BendaBilili1-300x225.jpg 300w, http:\/\/www.augen-blicke-afrika.de\/blog\/wp-content\/uploads\/2012\/09\/BendaBilili1-400x300.jpg 400w\" sizes=\"auto, (max-width: 500px) 100vw, 500px\" \/><\/a><p id=\"caption-attachment-204\" class=\"wp-caption-text\">Filmfotos &#8220;Benda Bilili!&#8221;<\/p><\/div>\n<p><a name=\"francais\"><\/a><\/p>\n<h2>BENDA BILILI!<\/h2>\n<p><em>(Documentaire, la R\u00e9publique du Congo \/ France, 2010 R:. Renaud Barret, Florent de La Tullaye, 84 min OmenglU) <\/em><\/p>\n<p>Les musiciens de la bande \u00abStaff Benda Bilili\u00bb vivent dans les rues de Kinshasa. Quatre d&#8217;entre eux si\u00e8gent dans des tricycles \u00e9tranges. Un jour, un gar\u00e7on vient \u00e0 eux. Il joue de la guitare sur une bo\u00eete de conserve avec une seule corde. Mais comment. &#8220;Staff Benda Bilili&#8221; veut r\u00e9ussir avec leur musique. Mais la maison ou certains d&#8217;entre eux habitent br\u00fble. Maintenant, le sort les obligent aussi \u00e0 dormir dans les cartons.<\/p>\n<p>Trois ans plus tard. La volont\u00e9 du groupe est intacte. Et soudain, le monde en prend note. &#8220;Staff Benda Bilili&#8221; est en concerts acclam\u00e9s \u00e0 travers l&#8217;Europe.<\/p>\n<p>Le film suit le groupe &#8220;Staff Benda Bilili&#8221; sur une p\u00e9riode de cinq ans. &#8220;Semaine Benda Bilili&#8221; 2010 a ouvert \u00e0 Cannes. &#8220;Lib\u00e9ration&#8221;. Un film hallucinant!<\/p>\n<div id=\"attachment_205\" style=\"width: 510px\" class=\"wp-caption alignnone\"><a href=\"http:\/\/www.augen-blicke-afrika.de\/blog\/wp-content\/uploads\/2012\/09\/benda-bilili-group.jpg\"><img loading=\"lazy\" decoding=\"async\" aria-describedby=\"caption-attachment-205\" class=\"size-full wp-image-205\" title=\"benda-bilili-group\" src=\"http:\/\/www.augen-blicke-afrika.de\/blog\/wp-content\/uploads\/2012\/09\/benda-bilili-group.jpg\" alt=\"benda-bilili-group\" width=\"500\" height=\"375\" srcset=\"http:\/\/www.augen-blicke-afrika.de\/blog\/wp-content\/uploads\/2012\/09\/benda-bilili-group.jpg 500w, http:\/\/www.augen-blicke-afrika.de\/blog\/wp-content\/uploads\/2012\/09\/benda-bilili-group-300x225.jpg 300w, http:\/\/www.augen-blicke-afrika.de\/blog\/wp-content\/uploads\/2012\/09\/benda-bilili-group-400x300.jpg 400w\" sizes=\"auto, (max-width: 500px) 100vw, 500px\" \/><\/a><p id=\"caption-attachment-205\" class=\"wp-caption-text\">Filmfotos &#8220;Benda Bilili!&#8221;<\/p><\/div>\n<p><a title=\"Programm\u00fcbersicht\" href=\"http:\/\/www.augen-blicke-afrika.de\/blog\/programm\/\">Zur\u00fcck zur Programm\u00fcbersicht<\/a><br \/>\n<a title=\"Programm\u00fcbersicht\" href=\"http:\/\/www.augen-blicke-afrika.de\/blog\/filme\/\">Zur\u00fcck zum Filmverzeichnis<\/a><\/p>\n","protected":false},"excerpt":{"rendered":"<p>Benda Bilili! (Dokumentarfilm, Dem. Rep. Kongo \/ Frankreich 2010, R: Renaud Barret, Florent de La Tullaye, 84 Min. Original mit deutschen Untertiteln) Bei der Vorstellung am 21.10. ist Stefanie K\u00f6nnecke vom Verein Leben mit Behinderung f\u00fcr Fragen und Diskussion anwesend. &hellip; <a href=\"http:\/\/www.augen-blicke-afrika.de\/blog\/archiv\/archiv-2012\/filme\/benda\/\">Weiterlesen <span class=\"meta-nav\">&rarr;<\/span><\/a><\/p>\n","protected":false},"author":1,"featured_media":357,"parent":89,"menu_order":0,"comment_status":"closed","ping_status":"closed","template":"afrika2012.php","meta":{"footnotes":""},"class_list":["post-198","page","type-page","status-publish","has-post-thumbnail","hentry"],"_links":{"self":[{"href":"http:\/\/www.augen-blicke-afrika.de\/blog\/wp-json\/wp\/v2\/pages\/198","targetHints":{"allow":["GET"]}}],"collection":[{"href":"http:\/\/www.augen-blicke-afrika.de\/blog\/wp-json\/wp\/v2\/pages"}],"about":[{"href":"http:\/\/www.augen-blicke-afrika.de\/blog\/wp-json\/wp\/v2\/types\/page"}],"author":[{"embeddable":true,"href":"http:\/\/www.augen-blicke-afrika.de\/blog\/wp-json\/wp\/v2\/users\/1"}],"replies":[{"embeddable":true,"href":"http:\/\/www.augen-blicke-afrika.de\/blog\/wp-json\/wp\/v2\/comments?post=198"}],"version-history":[{"count":21,"href":"http:\/\/www.augen-blicke-afrika.de\/blog\/wp-json\/wp\/v2\/pages\/198\/revisions"}],"predecessor-version":[{"id":6800,"href":"http:\/\/www.augen-blicke-afrika.de\/blog\/wp-json\/wp\/v2\/pages\/198\/revisions\/6800"}],"up":[{"embeddable":true,"href":"http:\/\/www.augen-blicke-afrika.de\/blog\/wp-json\/wp\/v2\/pages\/89"}],"wp:featuredmedia":[{"embeddable":true,"href":"http:\/\/www.augen-blicke-afrika.de\/blog\/wp-json\/wp\/v2\/media\/357"}],"wp:attachment":[{"href":"http:\/\/www.augen-blicke-afrika.de\/blog\/wp-json\/wp\/v2\/media?parent=198"}],"curies":[{"name":"wp","href":"https:\/\/api.w.org\/{rel}","templated":true}]}}