{"id":1368,"date":"2014-10-09T10:06:29","date_gmt":"2014-10-09T08:06:29","guid":{"rendered":"http:\/\/www.augen-blicke-afrika.de\/blog\/?page_id=1368"},"modified":"2022-09-18T16:38:19","modified_gmt":"2022-09-18T14:38:19","slug":"adwa-an-african-victory","status":"publish","type":"page","link":"http:\/\/www.augen-blicke-afrika.de\/blog\/archiv\/archiv-2014\/filme-2014\/adwa-an-african-victory\/","title":{"rendered":"Adwa &#8211; An African Victory"},"content":{"rendered":"<table style=\"height: 356px;\" width=\"756\">\n<thead>\n<tr>\n<td>\n<p class=\"hide-if-no-js\"><a id=\"set-post-thumbnail\" class=\"thickbox\" title=\"Beitragsbild festlegen\" href=\"http:\/\/www.augen-blicke-afrika.de\/blog\/wp-admin\/media-upload.php?post_id=1368&amp;type=image&amp;TB_iframe=1\"><img loading=\"lazy\" decoding=\"async\" class=\"attachment-post-thumbnail\" src=\"http:\/\/www.augen-blicke-afrika.de\/blog\/wp-content\/uploads\/2014\/10\/berlin_film_Adua_01-500x288.jpg\" alt=\"berlin_film_Adua_01\" width=\"573\" height=\"340\"><\/a><\/p>\n<p>&nbsp;<\/p>\n<h1>Adwa &#8211; An African Victory<\/h1>\n<h3>Dokumentarfilm, \u00c4thiopien 1999, R.: Haile Gerima, 97 Min., Amharisch\/engl. OF, engl. UT<\/h3>\n<\/td>\n<\/tr>\n<\/thead>\n<tbody>\n<tr>\n<td>Siegessicher marschiert die italienische Armee 1896 in \u00c4thiopien ein mit dem Ziel, das Land als Kolonie zu beherrschen. Die Soldaten sto\u00dfen jedoch auf eine enorme Widerstandskraft der \u00e4thiopischen Partisanen. Kaiser Menelik und Kaiserin Taitu stellen eine beeindruckende Armee von 150.000 Soldaten zusammen. \u00dcberwiegend mit Speeren und Messern bewaffnet, daf\u00fcr aber mit ausgezeichneten milit\u00e4rischen Strategen, gelingt es dieser Volksarmee, die Italiener zum R\u00fcckzug zu zwingen. Der Sieg der \u00c4thiopier in Adwa gegen eine europ\u00e4ische Armee hat ihr Nationalbewusstsein nachhaltig gepr\u00e4gt.<br \/>\nAus bewusst afrikanischer Perspektive arbeitet Gerima die beispielhafte Bedeutung dieser Schlacht als Symbol des Widerstandes und der Souver\u00e4nit\u00e4t heraus und schafft damit ein Gegengewicht zur vorherrschenden eurozentrierten Interpretation der Kolonialisierung.<\/td>\n<\/tr>\n<tr>\n<td style=\"border-bottom: none;\">\n<p class=\"hide-if-no-js\"><a id=\"set-post-thumbnail\" class=\"thickbox\" title=\"Beitragsbild festlegen\" href=\"http:\/\/www.augen-blicke-afrika.de\/blog\/wp-admin\/media-upload.php?post_id=1368&amp;type=image&amp;TB_iframe=1\"><img loading=\"lazy\" decoding=\"async\" class=\"attachment-post-thumbnail alignleft\" src=\"http:\/\/www.augen-blicke-afrika.de\/blog\/wp-content\/uploads\/2014\/10\/flyer_400.jpg\" alt=\"flyer_400\" width=\"117\" height=\"206\"><\/a><\/p>\n<p><strong>Haile Gerima<\/strong> ist ein wichtiger Vertreter des afrikanischen Kinos: Seine Filme liefen in Cannes, Locarno, auf der Berlinale und erhielten zahlreiche Preise.<br \/>\nGeboren 1946 in \u00c4thiopien, wurde er als Kind schon von seinem Vater, einem Schauspieler und Dramaturgen, inspiriert. 1968 wanderte er in die USA aus und studierte Schauspiel und Film. Nach zahlreichen Regiearbeiten gr\u00fcndete er mit seiner Frau 1984 eine eigene Produktions- und Distributionsfirma. F\u00fcr ihn ist das Medium Film eine politische Waffe und ein Katalysator, um den sozialen Wandel verst\u00e4ndlich zu machen. Gerima sieht sich selbst als unabh\u00e4ngigen Filmemacher der \u201eDritten Welt\u201c.<\/td>\n<\/tr>\n<\/tbody>\n<\/table>\n<p>&nbsp;<\/p>\n<p>&nbsp;<\/p>\n","protected":false},"excerpt":{"rendered":"<p>&nbsp; Adwa &#8211; An African Victory Dokumentarfilm, \u00c4thiopien 1999, R.: Haile Gerima, 97 Min., Amharisch\/engl. OF, engl. UT Siegessicher marschiert die italienische Armee 1896 in \u00c4thiopien ein mit dem Ziel, das Land als Kolonie zu beherrschen. Die Soldaten sto\u00dfen jedoch &hellip; <a href=\"http:\/\/www.augen-blicke-afrika.de\/blog\/archiv\/archiv-2014\/filme-2014\/adwa-an-african-victory\/\">Weiterlesen <span class=\"meta-nav\">&rarr;<\/span><\/a><\/p>\n","protected":false},"author":3,"featured_media":6824,"parent":4184,"menu_order":0,"comment_status":"closed","ping_status":"closed","template":"afrika2014_oh.php","meta":{"footnotes":""},"class_list":["post-1368","page","type-page","status-publish","has-post-thumbnail","hentry"],"_links":{"self":[{"href":"http:\/\/www.augen-blicke-afrika.de\/blog\/wp-json\/wp\/v2\/pages\/1368","targetHints":{"allow":["GET"]}}],"collection":[{"href":"http:\/\/www.augen-blicke-afrika.de\/blog\/wp-json\/wp\/v2\/pages"}],"about":[{"href":"http:\/\/www.augen-blicke-afrika.de\/blog\/wp-json\/wp\/v2\/types\/page"}],"author":[{"embeddable":true,"href":"http:\/\/www.augen-blicke-afrika.de\/blog\/wp-json\/wp\/v2\/users\/3"}],"replies":[{"embeddable":true,"href":"http:\/\/www.augen-blicke-afrika.de\/blog\/wp-json\/wp\/v2\/comments?post=1368"}],"version-history":[{"count":11,"href":"http:\/\/www.augen-blicke-afrika.de\/blog\/wp-json\/wp\/v2\/pages\/1368\/revisions"}],"predecessor-version":[{"id":6828,"href":"http:\/\/www.augen-blicke-afrika.de\/blog\/wp-json\/wp\/v2\/pages\/1368\/revisions\/6828"}],"up":[{"embeddable":true,"href":"http:\/\/www.augen-blicke-afrika.de\/blog\/wp-json\/wp\/v2\/pages\/4184"}],"wp:featuredmedia":[{"embeddable":true,"href":"http:\/\/www.augen-blicke-afrika.de\/blog\/wp-json\/wp\/v2\/media\/6824"}],"wp:attachment":[{"href":"http:\/\/www.augen-blicke-afrika.de\/blog\/wp-json\/wp\/v2\/media?parent=1368"}],"curies":[{"name":"wp","href":"https:\/\/api.w.org\/{rel}","templated":true}]}}